{"id":15,"date":"2017-04-28T12:33:47","date_gmt":"2017-04-28T10:33:47","guid":{"rendered":"http:\/\/re-preprod-entreprendre.fr\/93\/?page_id=15"},"modified":"2026-02-25T14:19:42","modified_gmt":"2026-02-25T13:19:42","slug":"accompagner","status":"publish","type":"page","link":"https:\/\/www.reseau-entreprendre.org\/93\/accompagner\/","title":{"rendered":"Accompagner"},"content":{"rendered":"\n<h2 class=\"wp-block-heading has-text-align-center has-re-blue-color has-text-color\"><strong>Chef d&#8217;entreprise, vous souhaitez rejoindre l&#8217;aventure?<\/strong><\/h2>\n\n\n\n<div style=\"height:25px\" aria-hidden=\"true\" class=\"wp-block-spacer\"><\/div>\n\n\n\n<p>Rejoignez une communaut\u00e9 de 15 000 dirigeants engag\u00e9s \u00e0 nos cot\u00e9s \u00e0 travers le monde.<\/p>\n\n\n\n<p>En vous impliquant dans votre association locale, vous pourrez accompagner des cr\u00e9ateurs d&#8217;entreprise, participer \u00e0 la r\u00e9ussite de leurs projets, transmettre votre exp\u00e9rience et votre savoir-faire.<\/p>\n\n\n\n<div style=\"height:40px\" aria-hidden=\"true\" class=\"wp-block-spacer\"><\/div>\n\n\n\n<h2 class=\"wp-block-heading has-text-align-center has-re-blue-color has-text-color\"><strong>Une implication \u00e0 la carte<\/strong><\/h2>\n\n\n\n<div style=\"height:25px\" aria-hidden=\"true\" class=\"wp-block-spacer\"><\/div>\n\n\n\n<p>En fonction de votre temps, vous pourrez vous engager \u00e0 travers d\u2019actions concr\u00e8tes :<\/p>\n\n\n\n<ul class=\"wp-block-list\">\n<li>RDV de validation avec les porteurs de projet.<\/li>\n\n\n\n<li>Participation aux comit\u00e9s d\u2019engagement pour s\u00e9lectionner les laur\u00e9ats.<\/li>\n\n\n\n<li>Animer des formations en clubs d\u2019entrepreneurs.<\/li>\n\n\n\n<li>Mentorer un laur\u00e9at pendant 2 ans.<\/li>\n<\/ul>\n\n\n\n<div style=\"height:40px\" aria-hidden=\"true\" class=\"wp-block-spacer\"><\/div>\n\n\n\n<h2 class=\"wp-block-heading has-text-align-center\"><a href=\"https:\/\/www.reseau-entreprendre.org\/93\/contact\"><strong>Cliquez ici pour nous rejoindre<\/strong><\/a><\/h2>\n\n\n\n<div style=\"height:40px\" aria-hidden=\"true\" class=\"wp-block-spacer\"><\/div>\n\n\n\n<figure class=\"wp-block-image\"><img loading=\"lazy\" decoding=\"async\" width=\"1920\" height=\"400\" src=\"https:\/\/www.reseau-entreprendre.org\/93\/wp-content\/uploads\/sites\/22\/2020\/04\/bandeau_accueil2-txt.png\" alt=\"\" class=\"wp-image-1522\" srcset=\"https:\/\/www.reseau-entreprendre.org\/93\/wp-content\/uploads\/sites\/22\/2020\/04\/bandeau_accueil2-txt.png 1920w, https:\/\/www.reseau-entreprendre.org\/93\/wp-content\/uploads\/sites\/22\/2020\/04\/bandeau_accueil2-txt-300x63.png 300w, https:\/\/www.reseau-entreprendre.org\/93\/wp-content\/uploads\/sites\/22\/2020\/04\/bandeau_accueil2-txt-1024x213.png 1024w, https:\/\/www.reseau-entreprendre.org\/93\/wp-content\/uploads\/sites\/22\/2020\/04\/bandeau_accueil2-txt-768x160.png 768w, https:\/\/www.reseau-entreprendre.org\/93\/wp-content\/uploads\/sites\/22\/2020\/04\/bandeau_accueil2-txt-1536x320.png 1536w, https:\/\/www.reseau-entreprendre.org\/93\/wp-content\/uploads\/sites\/22\/2020\/04\/bandeau_accueil2-txt-210x44.png 210w\" sizes=\"auto, (max-width: 1920px) 100vw, 1920px\" \/><\/figure>\n","protected":false},"excerpt":{"rendered":"<p>Chef d&#8217;entreprise, vous souhaitez rejoindre l&#8217;aventure? Rejoignez une communaut\u00e9 de<\/p>\n","protected":false},"author":22,"featured_media":0,"parent":0,"menu_order":0,"comment_status":"closed","ping_status":"closed","template":"","meta":{"_acf_changed":false,"_monsterinsights_skip_tracking":false,"_monsterinsights_sitenote_active":false,"_monsterinsights_sitenote_note":"","_monsterinsights_sitenote_category":0,"footnotes":""},"class_list":["post-15","page","type-page","status-publish","hentry"],"acf":[],"yoast_head":"<!-- This site is optimized with the Yoast SEO plugin v27.4 - https:\/\/yoast.com\/product\/yoast-seo-wordpress\/ -->\n<title>Accompagner| Reseau Entreprendre 93<\/title>\n<meta name=\"description\" content=\"Vous \u00eates chef d&#039;entreprise et souhaitez accompagner de nouveaux entrepreneurs ? Devenez membre b\u00e9n\u00e9vole de R\u00e9seau Entreprendre 93 !\" \/>\n<meta name=\"robots\" content=\"index, follow, max-snippet:-1, max-image-preview:large, max-video-preview:-1\" \/>\n<link rel=\"canonical\" href=\"https:\/\/www.reseau-entreprendre.org\/93\/accompagner\/\" \/>\n<meta property=\"og:locale\" content=\"fr_FR\" \/>\n<meta property=\"og:type\" content=\"article\" \/>\n<meta property=\"og:title\" content=\"Accompagner| Reseau Entreprendre 93\" \/>\n<meta property=\"og:description\" content=\"Vous \u00eates chef d&#039;entreprise et souhaitez accompagner de nouveaux entrepreneurs ? Devenez membre b\u00e9n\u00e9vole de R\u00e9seau Entreprendre 93 !\" \/>\n<meta property=\"og:url\" content=\"https:\/\/www.reseau-entreprendre.org\/93\/accompagner\/\" \/>\n<meta property=\"og:site_name\" content=\"R\u00e9seau Entreprendre 93\" \/>\n<meta property=\"article:modified_time\" content=\"2026-02-25T13:19:42+00:00\" \/>\n<meta property=\"og:image\" content=\"https:\/\/www.reseau-entreprendre.org\/93\/wp-content\/uploads\/sites\/22\/2020\/04\/bandeau_accueil2-txt.png\" \/>\n\t<meta property=\"og:image:width\" content=\"1920\" \/>\n\t<meta property=\"og:image:height\" content=\"400\" \/>\n\t<meta property=\"og:image:type\" content=\"image\/png\" \/>\n<meta name=\"twitter:card\" content=\"summary_large_image\" \/>\n<meta name=\"twitter:label1\" content=\"Dur\u00e9e de lecture estim\u00e9e\" \/>\n\t<meta name=\"twitter:data1\" content=\"1 minute\" \/>\n<script type=\"application\/ld+json\" class=\"yoast-schema-graph\">{\"@context\":\"https:\\\/\\\/schema.org\",\"@graph\":[{\"@type\":\"WebPage\",\"@id\":\"https:\\\/\\\/www.reseau-entreprendre.org\\\/93\\\/accompagner\\\/\",\"url\":\"https:\\\/\\\/www.reseau-entreprendre.org\\\/93\\\/accompagner\\\/\",\"name\":\"Accompagner| Reseau Entreprendre 93\",\"isPartOf\":{\"@id\":\"https:\\\/\\\/www.reseau-entreprendre.org\\\/93\\\/#website\"},\"primaryImageOfPage\":{\"@id\":\"https:\\\/\\\/www.reseau-entreprendre.org\\\/93\\\/accompagner\\\/#primaryimage\"},\"image\":{\"@id\":\"https:\\\/\\\/www.reseau-entreprendre.org\\\/93\\\/accompagner\\\/#primaryimage\"},\"thumbnailUrl\":\"https:\\\/\\\/www.reseau-entreprendre.org\\\/93\\\/wp-content\\\/uploads\\\/sites\\\/22\\\/2020\\\/04\\\/bandeau_accueil2-txt.png\",\"datePublished\":\"2017-04-28T10:33:47+00:00\",\"dateModified\":\"2026-02-25T13:19:42+00:00\",\"description\":\"Vous \u00eates chef d'entreprise et souhaitez accompagner de nouveaux entrepreneurs ? Devenez membre b\u00e9n\u00e9vole de R\u00e9seau Entreprendre 93 !\",\"breadcrumb\":{\"@id\":\"https:\\\/\\\/www.reseau-entreprendre.org\\\/93\\\/accompagner\\\/#breadcrumb\"},\"inLanguage\":\"fr-FR\",\"potentialAction\":[{\"@type\":\"ReadAction\",\"target\":[\"https:\\\/\\\/www.reseau-entreprendre.org\\\/93\\\/accompagner\\\/\"]}]},{\"@type\":\"ImageObject\",\"inLanguage\":\"fr-FR\",\"@id\":\"https:\\\/\\\/www.reseau-entreprendre.org\\\/93\\\/accompagner\\\/#primaryimage\",\"url\":\"https:\\\/\\\/www.reseau-entreprendre.org\\\/93\\\/wp-content\\\/uploads\\\/sites\\\/22\\\/2020\\\/04\\\/bandeau_accueil2-txt.png\",\"contentUrl\":\"https:\\\/\\\/www.reseau-entreprendre.org\\\/93\\\/wp-content\\\/uploads\\\/sites\\\/22\\\/2020\\\/04\\\/bandeau_accueil2-txt.png\",\"width\":1920,\"height\":400},{\"@type\":\"BreadcrumbList\",\"@id\":\"https:\\\/\\\/www.reseau-entreprendre.org\\\/93\\\/accompagner\\\/#breadcrumb\",\"itemListElement\":[{\"@type\":\"ListItem\",\"position\":1,\"name\":\"Accueil\",\"item\":\"https:\\\/\\\/www.reseau-entreprendre.org\\\/93\\\/\"},{\"@type\":\"ListItem\",\"position\":2,\"name\":\"Accompagner\"}]},{\"@type\":\"WebSite\",\"@id\":\"https:\\\/\\\/www.reseau-entreprendre.org\\\/93\\\/#website\",\"url\":\"https:\\\/\\\/www.reseau-entreprendre.org\\\/93\\\/\",\"name\":\"R\u00e9seau Entreprendre 93\",\"description\":\"Un site utilisant Les sites de R\u00e9seau Entreprendre\",\"potentialAction\":[{\"@type\":\"SearchAction\",\"target\":{\"@type\":\"EntryPoint\",\"urlTemplate\":\"https:\\\/\\\/www.reseau-entreprendre.org\\\/93\\\/?s={search_term_string}\"},\"query-input\":{\"@type\":\"PropertyValueSpecification\",\"valueRequired\":true,\"valueName\":\"search_term_string\"}}],\"inLanguage\":\"fr-FR\"}]}<\/script>\n<!-- \/ Yoast SEO plugin. -->","yoast_head_json":{"title":"Accompagner| Reseau Entreprendre 93","description":"Vous \u00eates chef d'entreprise et souhaitez accompagner de nouveaux entrepreneurs ? Devenez membre b\u00e9n\u00e9vole de R\u00e9seau Entreprendre 93 !","robots":{"index":"index","follow":"follow","max-snippet":"max-snippet:-1","max-image-preview":"max-image-preview:large","max-video-preview":"max-video-preview:-1"},"canonical":"https:\/\/www.reseau-entreprendre.org\/93\/accompagner\/","og_locale":"fr_FR","og_type":"article","og_title":"Accompagner| Reseau Entreprendre 93","og_description":"Vous \u00eates chef d'entreprise et souhaitez accompagner de nouveaux entrepreneurs ? Devenez membre b\u00e9n\u00e9vole de R\u00e9seau Entreprendre 93 !","og_url":"https:\/\/www.reseau-entreprendre.org\/93\/accompagner\/","og_site_name":"R\u00e9seau Entreprendre 93","article_modified_time":"2026-02-25T13:19:42+00:00","og_image":[{"width":1920,"height":400,"url":"https:\/\/www.reseau-entreprendre.org\/93\/wp-content\/uploads\/sites\/22\/2020\/04\/bandeau_accueil2-txt.png","type":"image\/png"}],"twitter_card":"summary_large_image","twitter_misc":{"Dur\u00e9e de lecture estim\u00e9e":"1 minute"},"schema":{"@context":"https:\/\/schema.org","@graph":[{"@type":"WebPage","@id":"https:\/\/www.reseau-entreprendre.org\/93\/accompagner\/","url":"https:\/\/www.reseau-entreprendre.org\/93\/accompagner\/","name":"Accompagner| Reseau Entreprendre 93","isPartOf":{"@id":"https:\/\/www.reseau-entreprendre.org\/93\/#website"},"primaryImageOfPage":{"@id":"https:\/\/www.reseau-entreprendre.org\/93\/accompagner\/#primaryimage"},"image":{"@id":"https:\/\/www.reseau-entreprendre.org\/93\/accompagner\/#primaryimage"},"thumbnailUrl":"https:\/\/www.reseau-entreprendre.org\/93\/wp-content\/uploads\/sites\/22\/2020\/04\/bandeau_accueil2-txt.png","datePublished":"2017-04-28T10:33:47+00:00","dateModified":"2026-02-25T13:19:42+00:00","description":"Vous \u00eates chef d'entreprise et souhaitez accompagner de nouveaux entrepreneurs ? Devenez membre b\u00e9n\u00e9vole de R\u00e9seau Entreprendre 93 !","breadcrumb":{"@id":"https:\/\/www.reseau-entreprendre.org\/93\/accompagner\/#breadcrumb"},"inLanguage":"fr-FR","potentialAction":[{"@type":"ReadAction","target":["https:\/\/www.reseau-entreprendre.org\/93\/accompagner\/"]}]},{"@type":"ImageObject","inLanguage":"fr-FR","@id":"https:\/\/www.reseau-entreprendre.org\/93\/accompagner\/#primaryimage","url":"https:\/\/www.reseau-entreprendre.org\/93\/wp-content\/uploads\/sites\/22\/2020\/04\/bandeau_accueil2-txt.png","contentUrl":"https:\/\/www.reseau-entreprendre.org\/93\/wp-content\/uploads\/sites\/22\/2020\/04\/bandeau_accueil2-txt.png","width":1920,"height":400},{"@type":"BreadcrumbList","@id":"https:\/\/www.reseau-entreprendre.org\/93\/accompagner\/#breadcrumb","itemListElement":[{"@type":"ListItem","position":1,"name":"Accueil","item":"https:\/\/www.reseau-entreprendre.org\/93\/"},{"@type":"ListItem","position":2,"name":"Accompagner"}]},{"@type":"WebSite","@id":"https:\/\/www.reseau-entreprendre.org\/93\/#website","url":"https:\/\/www.reseau-entreprendre.org\/93\/","name":"R\u00e9seau Entreprendre 93","description":"Un site utilisant Les sites de R\u00e9seau Entreprendre","potentialAction":[{"@type":"SearchAction","target":{"@type":"EntryPoint","urlTemplate":"https:\/\/www.reseau-entreprendre.org\/93\/?s={search_term_string}"},"query-input":{"@type":"PropertyValueSpecification","valueRequired":true,"valueName":"search_term_string"}}],"inLanguage":"fr-FR"}]}},"_links":{"self":[{"href":"https:\/\/www.reseau-entreprendre.org\/93\/wp-json\/wp\/v2\/pages\/15","targetHints":{"allow":["GET"]}}],"collection":[{"href":"https:\/\/www.reseau-entreprendre.org\/93\/wp-json\/wp\/v2\/pages"}],"about":[{"href":"https:\/\/www.reseau-entreprendre.org\/93\/wp-json\/wp\/v2\/types\/page"}],"author":[{"embeddable":true,"href":"https:\/\/www.reseau-entreprendre.org\/93\/wp-json\/wp\/v2\/users\/22"}],"replies":[{"embeddable":true,"href":"https:\/\/www.reseau-entreprendre.org\/93\/wp-json\/wp\/v2\/comments?post=15"}],"version-history":[{"count":0,"href":"https:\/\/www.reseau-entreprendre.org\/93\/wp-json\/wp\/v2\/pages\/15\/revisions"}],"wp:attachment":[{"href":"https:\/\/www.reseau-entreprendre.org\/93\/wp-json\/wp\/v2\/media?parent=15"}],"curies":[{"name":"wp","href":"https:\/\/api.w.org\/{rel}","templated":true}]}}

<h2 class="wp-block-heading has-text-align-center has-re-blue-color has-text-color"><strong>Chef d&#8217;entreprise, vous souhaitez rejoindre l&#8217;aventure?</strong></h2>



<div style="height:25px" aria-hidden="true" class="wp-block-spacer"></div>



<p>Rejoignez une communauté de 15 000 dirigeants engagés à nos cotés à travers le monde.</p>



<p>En vous impliquant dans votre association locale, vous pourrez accompagner des créateurs d&#8217;entreprise, participer à la réussite de leurs projets, transmettre votre expérience et votre savoir-faire.</p>



<div style="height:40px" aria-hidden="true" class="wp-block-spacer"></div>



<h2 class="wp-block-heading has-text-align-center has-re-blue-color has-text-color"><strong>Une implication à la carte</strong></h2>



<div style="height:25px" aria-hidden="true" class="wp-block-spacer"></div>



<p>En fonction de votre temps, vous pourrez vous engager à travers d’actions concrètes :</p>



<ul class="wp-block-list">
<li>RDV de validation avec les porteurs de projet.</li>



<li>Participation aux comités d’engagement pour sélectionner les lauréats.</li>



<li>Animer des formations en clubs d’entrepreneurs.</li>



<li>Mentorer un lauréat pendant 2 ans.</li>
</ul>



<div style="height:40px" aria-hidden="true" class="wp-block-spacer"></div>



<h2 class="wp-block-heading has-text-align-center"><a href="https://www.reseau-entreprendre.org/93/contact"><strong>Cliquez ici pour nous rejoindre</strong></a></h2>



<div style="height:40px" aria-hidden="true" class="wp-block-spacer"></div>



<figure class="wp-block-image"><img loading="lazy" decoding="async" width="1920" height="400" src="https://www.reseau-entreprendre.org/93/wp-content/uploads/sites/22/2020/04/bandeau_accueil2-txt.png" alt="" class="wp-image-1522" srcset="https://www.reseau-entreprendre.org/93/wp-content/uploads/sites/22/2020/04/bandeau_accueil2-txt.png 1920w, https://www.reseau-entreprendre.org/93/wp-content/uploads/sites/22/2020/04/bandeau_accueil2-txt-300x63.png 300w, https://www.reseau-entreprendre.org/93/wp-content/uploads/sites/22/2020/04/bandeau_accueil2-txt-1024x213.png 1024w, https://www.reseau-entreprendre.org/93/wp-content/uploads/sites/22/2020/04/bandeau_accueil2-txt-768x160.png 768w, https://www.reseau-entreprendre.org/93/wp-content/uploads/sites/22/2020/04/bandeau_accueil2-txt-1536x320.png 1536w, https://www.reseau-entreprendre.org/93/wp-content/uploads/sites/22/2020/04/bandeau_accueil2-txt-210x44.png 210w" sizes="auto, (max-width: 1920px) 100vw, 1920px" /></figure>

<p>Chef d&#8217;entreprise, vous souhaitez rejoindre l&#8217;aventure? Rejoignez une communauté de</p>

<!-- This site is optimized with the Yoast SEO plugin v27.4 - https://yoast.com/product/yoast-seo-wordpress/ -->
<title>Accompagner| Reseau Entreprendre 93</title>
<meta name="description" content="Vous êtes chef d&#039;entreprise et souhaitez accompagner de nouveaux entrepreneurs ? Devenez membre bénévole de Réseau Entreprendre 93 !" />
<meta name="robots" content="index, follow, max-snippet:-1, max-image-preview:large, max-video-preview:-1" />
<link rel="canonical" href="https://www.reseau-entreprendre.org/93/accompagner/" />
<meta property="og:locale" content="fr_FR" />
<meta property="og:type" content="article" />
<meta property="og:title" content="Accompagner| Reseau Entreprendre 93" />
<meta property="og:description" content="Vous êtes chef d&#039;entreprise et souhaitez accompagner de nouveaux entrepreneurs ? Devenez membre bénévole de Réseau Entreprendre 93 !" />
<meta property="og:url" content="https://www.reseau-entreprendre.org/93/accompagner/" />
<meta property="og:site_name" content="Réseau Entreprendre 93" />
<meta property="article:modified_time" content="2026-02-25T13:19:42+00:00" />
<meta property="og:image" content="https://www.reseau-entreprendre.org/93/wp-content/uploads/sites/22/2020/04/bandeau_accueil2-txt.png" />
	<meta property="og:image:width" content="1920" />
	<meta property="og:image:height" content="400" />
	<meta property="og:image:type" content="image/png" />
<meta name="twitter:card" content="summary_large_image" />
<meta name="twitter:label1" content="Durée de lecture estimée" />
	<meta name="twitter:data1" content="1 minute" />
<script type="application/ld+json" class="yoast-schema-graph">{"@context":"https:\/\/schema.org","@graph":[{"@type":"WebPage","@id":"https:\/\/www.reseau-entreprendre.org\/93\/accompagner\/","url":"https:\/\/www.reseau-entreprendre.org\/93\/accompagner\/","name":"Accompagner| Reseau Entreprendre 93","isPartOf":{"@id":"https:\/\/www.reseau-entreprendre.org\/93\/#website"},"primaryImageOfPage":{"@id":"https:\/\/www.reseau-entreprendre.org\/93\/accompagner\/#primaryimage"},"image":{"@id":"https:\/\/www.reseau-entreprendre.org\/93\/accompagner\/#primaryimage"},"thumbnailUrl":"https:\/\/www.reseau-entreprendre.org\/93\/wp-content\/uploads\/sites\/22\/2020\/04\/bandeau_accueil2-txt.png","datePublished":"2017-04-28T10:33:47+00:00","dateModified":"2026-02-25T13:19:42+00:00","description":"Vous êtes chef d'entreprise et souhaitez accompagner de nouveaux entrepreneurs ? Devenez membre bénévole de Réseau Entreprendre 93 !","breadcrumb":{"@id":"https:\/\/www.reseau-entreprendre.org\/93\/accompagner\/#breadcrumb"},"inLanguage":"fr-FR","potentialAction":[{"@type":"ReadAction","target":["https:\/\/www.reseau-entreprendre.org\/93\/accompagner\/"]}]},{"@type":"ImageObject","inLanguage":"fr-FR","@id":"https:\/\/www.reseau-entreprendre.org\/93\/accompagner\/#primaryimage","url":"https:\/\/www.reseau-entreprendre.org\/93\/wp-content\/uploads\/sites\/22\/2020\/04\/bandeau_accueil2-txt.png","contentUrl":"https:\/\/www.reseau-entreprendre.org\/93\/wp-content\/uploads\/sites\/22\/2020\/04\/bandeau_accueil2-txt.png","width":1920,"height":400},{"@type":"BreadcrumbList","@id":"https:\/\/www.reseau-entreprendre.org\/93\/accompagner\/#breadcrumb","itemListElement":[{"@type":"ListItem","position":1,"name":"Accueil","item":"https:\/\/www.reseau-entreprendre.org\/93\/"},{"@type":"ListItem","position":2,"name":"Accompagner"}]},{"@type":"WebSite","@id":"https:\/\/www.reseau-entreprendre.org\/93\/#website","url":"https:\/\/www.reseau-entreprendre.org\/93\/","name":"Réseau Entreprendre 93","description":"Un site utilisant Les sites de Réseau Entreprendre","potentialAction":[{"@type":"SearchAction","target":{"@type":"EntryPoint","urlTemplate":"https:\/\/www.reseau-entreprendre.org\/93\/?s={search_term_string}"},"query-input":{"@type":"PropertyValueSpecification","valueRequired":true,"valueName":"search_term_string"}}],"inLanguage":"fr-FR"}]}</script>
<!-- / Yoast SEO plugin. -->

Vous êtes chef d'entreprise et souhaitez accompagner de nouveaux entrepreneurs ? Devenez membre bénévole de Réseau Entreprendre 93 !

Réseau Entreprendre 93

Un site utilisant Les sites de Réseau Entreprendre
