{"id":92,"date":"2017-06-12T12:28:14","date_gmt":"2017-06-12T10:28:14","guid":{"rendered":"http:\/\/re-preprod-entreprendre.fr\/93\/?page_id=92"},"modified":"2026-02-25T14:03:47","modified_gmt":"2026-02-25T13:03:47","slug":"ils-temoignent","status":"publish","type":"page","link":"https:\/\/www.reseau-entreprendre.org\/93\/ils-temoignent\/","title":{"rendered":"Ils t\u00e9moignent"},"content":{"rendered":"\n<h2 class=\"wp-block-heading\" id=\"success-stories-et-temoignages\">Success stories et t\u00e9moignages<\/h2>\n\n\n\n<p>R\u00e9seau Entreprendre est une v\u00e9ritable fabrique \u00e0 success stories (Cabaia, WeCasa, Michel &amp; Augustin, Envie de Fraise, My Little Paris, Arkose, Casa Padel, Lemon Tri, Sushi Daily, Good Go\u00fbt, Mano Mano, Gallia Paris &#8230;). Derri\u00e8re ces belles histoires, des chefs d&#8217;entreprise b\u00e9n\u00e9voles, engag\u00e9s pour les accompagner \u00e0 r\u00e9ussir. D\u00e9couvrez les t\u00e9moignages de nos laur\u00e9ats et des chefs d&#8217;entreprise qui les accompagnent.<\/p>\n","protected":false},"excerpt":{"rendered":"<p>Success stories et t\u00e9moignages R\u00e9seau Entreprendre est une v\u00e9ritable fabrique<\/p>\n","protected":false},"author":22,"featured_media":0,"parent":0,"menu_order":0,"comment_status":"closed","ping_status":"closed","template":"views\/testimonials.blade.php","meta":{"_acf_changed":false,"_monsterinsights_skip_tracking":false,"_monsterinsights_sitenote_active":false,"_monsterinsights_sitenote_note":"","_monsterinsights_sitenote_category":0,"footnotes":""},"class_list":["post-92","page","type-page","status-publish","hentry"],"acf":[],"yoast_head":"<!-- This site is optimized with the Yoast SEO plugin v27.4 - https:\/\/yoast.com\/product\/yoast-seo-wordpress\/ -->\n<title>Notre communaut\u00e9 | Reseau Entreprendre 93<\/title>\n<meta name=\"description\" content=\"D\u00e9couvrez les chefs d&#039;entreprises, laur\u00e9ats, membres b\u00e9n\u00e9voles et partenaires qui composent la communaut\u00e9 R\u00e9seau Entreprendre 93\" \/>\n<meta name=\"robots\" content=\"index, follow, max-snippet:-1, max-image-preview:large, max-video-preview:-1\" \/>\n<link rel=\"canonical\" href=\"https:\/\/www.reseau-entreprendre.org\/93\/ils-temoignent\/\" \/>\n<meta property=\"og:locale\" content=\"fr_FR\" \/>\n<meta property=\"og:type\" content=\"article\" \/>\n<meta property=\"og:title\" content=\"Notre communaut\u00e9 | Reseau Entreprendre 93\" \/>\n<meta property=\"og:description\" content=\"D\u00e9couvrez les chefs d&#039;entreprises, laur\u00e9ats, membres b\u00e9n\u00e9voles et partenaires qui composent la communaut\u00e9 R\u00e9seau Entreprendre 93\" \/>\n<meta property=\"og:url\" content=\"https:\/\/www.reseau-entreprendre.org\/93\/ils-temoignent\/\" \/>\n<meta property=\"og:site_name\" content=\"R\u00e9seau Entreprendre 93\" \/>\n<meta property=\"article:modified_time\" content=\"2026-02-25T13:03:47+00:00\" \/>\n<meta name=\"twitter:card\" content=\"summary_large_image\" \/>\n<meta name=\"twitter:label1\" content=\"Dur\u00e9e de lecture estim\u00e9e\" \/>\n\t<meta name=\"twitter:data1\" content=\"1 minute\" \/>\n<script type=\"application\/ld+json\" class=\"yoast-schema-graph\">{\"@context\":\"https:\\\/\\\/schema.org\",\"@graph\":[{\"@type\":\"WebPage\",\"@id\":\"https:\\\/\\\/www.reseau-entreprendre.org\\\/93\\\/ils-temoignent\\\/\",\"url\":\"https:\\\/\\\/www.reseau-entreprendre.org\\\/93\\\/ils-temoignent\\\/\",\"name\":\"Notre communaut\u00e9 | Reseau Entreprendre 93\",\"isPartOf\":{\"@id\":\"https:\\\/\\\/www.reseau-entreprendre.org\\\/93\\\/#website\"},\"datePublished\":\"2017-06-12T10:28:14+00:00\",\"dateModified\":\"2026-02-25T13:03:47+00:00\",\"description\":\"D\u00e9couvrez les chefs d'entreprises, laur\u00e9ats, membres b\u00e9n\u00e9voles et partenaires qui composent la communaut\u00e9 R\u00e9seau Entreprendre 93\",\"breadcrumb\":{\"@id\":\"https:\\\/\\\/www.reseau-entreprendre.org\\\/93\\\/ils-temoignent\\\/#breadcrumb\"},\"inLanguage\":\"fr-FR\",\"potentialAction\":[{\"@type\":\"ReadAction\",\"target\":[\"https:\\\/\\\/www.reseau-entreprendre.org\\\/93\\\/ils-temoignent\\\/\"]}]},{\"@type\":\"BreadcrumbList\",\"@id\":\"https:\\\/\\\/www.reseau-entreprendre.org\\\/93\\\/ils-temoignent\\\/#breadcrumb\",\"itemListElement\":[{\"@type\":\"ListItem\",\"position\":1,\"name\":\"Accueil\",\"item\":\"https:\\\/\\\/www.reseau-entreprendre.org\\\/93\\\/\"},{\"@type\":\"ListItem\",\"position\":2,\"name\":\"Ils t\u00e9moignent\"}]},{\"@type\":\"WebSite\",\"@id\":\"https:\\\/\\\/www.reseau-entreprendre.org\\\/93\\\/#website\",\"url\":\"https:\\\/\\\/www.reseau-entreprendre.org\\\/93\\\/\",\"name\":\"R\u00e9seau Entreprendre 93\",\"description\":\"Un site utilisant Les sites de R\u00e9seau Entreprendre\",\"potentialAction\":[{\"@type\":\"SearchAction\",\"target\":{\"@type\":\"EntryPoint\",\"urlTemplate\":\"https:\\\/\\\/www.reseau-entreprendre.org\\\/93\\\/?s={search_term_string}\"},\"query-input\":{\"@type\":\"PropertyValueSpecification\",\"valueRequired\":true,\"valueName\":\"search_term_string\"}}],\"inLanguage\":\"fr-FR\"}]}<\/script>\n<!-- \/ Yoast SEO plugin. -->","yoast_head_json":{"title":"Notre communaut\u00e9 | Reseau Entreprendre 93","description":"D\u00e9couvrez les chefs d'entreprises, laur\u00e9ats, membres b\u00e9n\u00e9voles et partenaires qui composent la communaut\u00e9 R\u00e9seau Entreprendre 93","robots":{"index":"index","follow":"follow","max-snippet":"max-snippet:-1","max-image-preview":"max-image-preview:large","max-video-preview":"max-video-preview:-1"},"canonical":"https:\/\/www.reseau-entreprendre.org\/93\/ils-temoignent\/","og_locale":"fr_FR","og_type":"article","og_title":"Notre communaut\u00e9 | Reseau Entreprendre 93","og_description":"D\u00e9couvrez les chefs d'entreprises, laur\u00e9ats, membres b\u00e9n\u00e9voles et partenaires qui composent la communaut\u00e9 R\u00e9seau Entreprendre 93","og_url":"https:\/\/www.reseau-entreprendre.org\/93\/ils-temoignent\/","og_site_name":"R\u00e9seau Entreprendre 93","article_modified_time":"2026-02-25T13:03:47+00:00","twitter_card":"summary_large_image","twitter_misc":{"Dur\u00e9e de lecture estim\u00e9e":"1 minute"},"schema":{"@context":"https:\/\/schema.org","@graph":[{"@type":"WebPage","@id":"https:\/\/www.reseau-entreprendre.org\/93\/ils-temoignent\/","url":"https:\/\/www.reseau-entreprendre.org\/93\/ils-temoignent\/","name":"Notre communaut\u00e9 | Reseau Entreprendre 93","isPartOf":{"@id":"https:\/\/www.reseau-entreprendre.org\/93\/#website"},"datePublished":"2017-06-12T10:28:14+00:00","dateModified":"2026-02-25T13:03:47+00:00","description":"D\u00e9couvrez les chefs d'entreprises, laur\u00e9ats, membres b\u00e9n\u00e9voles et partenaires qui composent la communaut\u00e9 R\u00e9seau Entreprendre 93","breadcrumb":{"@id":"https:\/\/www.reseau-entreprendre.org\/93\/ils-temoignent\/#breadcrumb"},"inLanguage":"fr-FR","potentialAction":[{"@type":"ReadAction","target":["https:\/\/www.reseau-entreprendre.org\/93\/ils-temoignent\/"]}]},{"@type":"BreadcrumbList","@id":"https:\/\/www.reseau-entreprendre.org\/93\/ils-temoignent\/#breadcrumb","itemListElement":[{"@type":"ListItem","position":1,"name":"Accueil","item":"https:\/\/www.reseau-entreprendre.org\/93\/"},{"@type":"ListItem","position":2,"name":"Ils t\u00e9moignent"}]},{"@type":"WebSite","@id":"https:\/\/www.reseau-entreprendre.org\/93\/#website","url":"https:\/\/www.reseau-entreprendre.org\/93\/","name":"R\u00e9seau Entreprendre 93","description":"Un site utilisant Les sites de R\u00e9seau Entreprendre","potentialAction":[{"@type":"SearchAction","target":{"@type":"EntryPoint","urlTemplate":"https:\/\/www.reseau-entreprendre.org\/93\/?s={search_term_string}"},"query-input":{"@type":"PropertyValueSpecification","valueRequired":true,"valueName":"search_term_string"}}],"inLanguage":"fr-FR"}]}},"_links":{"self":[{"href":"https:\/\/www.reseau-entreprendre.org\/93\/wp-json\/wp\/v2\/pages\/92","targetHints":{"allow":["GET"]}}],"collection":[{"href":"https:\/\/www.reseau-entreprendre.org\/93\/wp-json\/wp\/v2\/pages"}],"about":[{"href":"https:\/\/www.reseau-entreprendre.org\/93\/wp-json\/wp\/v2\/types\/page"}],"author":[{"embeddable":true,"href":"https:\/\/www.reseau-entreprendre.org\/93\/wp-json\/wp\/v2\/users\/22"}],"replies":[{"embeddable":true,"href":"https:\/\/www.reseau-entreprendre.org\/93\/wp-json\/wp\/v2\/comments?post=92"}],"version-history":[{"count":0,"href":"https:\/\/www.reseau-entreprendre.org\/93\/wp-json\/wp\/v2\/pages\/92\/revisions"}],"wp:attachment":[{"href":"https:\/\/www.reseau-entreprendre.org\/93\/wp-json\/wp\/v2\/media?parent=92"}],"curies":[{"name":"wp","href":"https:\/\/api.w.org\/{rel}","templated":true}]}}

Ils témoignent

<h2 class="wp-block-heading" id="success-stories-et-temoignages">Success stories et témoignages</h2>



<p>Réseau Entreprendre est une véritable fabrique à success stories (Cabaia, WeCasa, Michel &amp; Augustin, Envie de Fraise, My Little Paris, Arkose, Casa Padel, Lemon Tri, Sushi Daily, Good Goût, Mano Mano, Gallia Paris &#8230;). Derrière ces belles histoires, des chefs d&#8217;entreprise bénévoles, engagés pour les accompagner à réussir. Découvrez les témoignages de nos lauréats et des chefs d&#8217;entreprise qui les accompagnent.</p>

<p>Success stories et témoignages Réseau Entreprendre est une véritable fabrique</p>

<!-- This site is optimized with the Yoast SEO plugin v27.4 - https://yoast.com/product/yoast-seo-wordpress/ -->
<title>Notre communauté | Reseau Entreprendre 93</title>
<meta name="description" content="Découvrez les chefs d&#039;entreprises, lauréats, membres bénévoles et partenaires qui composent la communauté Réseau Entreprendre 93" />
<meta name="robots" content="index, follow, max-snippet:-1, max-image-preview:large, max-video-preview:-1" />
<link rel="canonical" href="https://www.reseau-entreprendre.org/93/ils-temoignent/" />
<meta property="og:locale" content="fr_FR" />
<meta property="og:type" content="article" />
<meta property="og:title" content="Notre communauté | Reseau Entreprendre 93" />
<meta property="og:description" content="Découvrez les chefs d&#039;entreprises, lauréats, membres bénévoles et partenaires qui composent la communauté Réseau Entreprendre 93" />
<meta property="og:url" content="https://www.reseau-entreprendre.org/93/ils-temoignent/" />
<meta property="og:site_name" content="Réseau Entreprendre 93" />
<meta property="article:modified_time" content="2026-02-25T13:03:47+00:00" />
<meta name="twitter:card" content="summary_large_image" />
<meta name="twitter:label1" content="Durée de lecture estimée" />
	<meta name="twitter:data1" content="1 minute" />
<script type="application/ld+json" class="yoast-schema-graph">{"@context":"https:\/\/schema.org","@graph":[{"@type":"WebPage","@id":"https:\/\/www.reseau-entreprendre.org\/93\/ils-temoignent\/","url":"https:\/\/www.reseau-entreprendre.org\/93\/ils-temoignent\/","name":"Notre communauté | Reseau Entreprendre 93","isPartOf":{"@id":"https:\/\/www.reseau-entreprendre.org\/93\/#website"},"datePublished":"2017-06-12T10:28:14+00:00","dateModified":"2026-02-25T13:03:47+00:00","description":"Découvrez les chefs d'entreprises, lauréats, membres bénévoles et partenaires qui composent la communauté Réseau Entreprendre 93","breadcrumb":{"@id":"https:\/\/www.reseau-entreprendre.org\/93\/ils-temoignent\/#breadcrumb"},"inLanguage":"fr-FR","potentialAction":[{"@type":"ReadAction","target":["https:\/\/www.reseau-entreprendre.org\/93\/ils-temoignent\/"]}]},{"@type":"BreadcrumbList","@id":"https:\/\/www.reseau-entreprendre.org\/93\/ils-temoignent\/#breadcrumb","itemListElement":[{"@type":"ListItem","position":1,"name":"Accueil","item":"https:\/\/www.reseau-entreprendre.org\/93\/"},{"@type":"ListItem","position":2,"name":"Ils témoignent"}]},{"@type":"WebSite","@id":"https:\/\/www.reseau-entreprendre.org\/93\/#website","url":"https:\/\/www.reseau-entreprendre.org\/93\/","name":"Réseau Entreprendre 93","description":"Un site utilisant Les sites de Réseau Entreprendre","potentialAction":[{"@type":"SearchAction","target":{"@type":"EntryPoint","urlTemplate":"https:\/\/www.reseau-entreprendre.org\/93\/?s={search_term_string}"},"query-input":{"@type":"PropertyValueSpecification","valueRequired":true,"valueName":"search_term_string"}}],"inLanguage":"fr-FR"}]}</script>
<!-- / Yoast SEO plugin. -->

Notre communauté | Reseau Entreprendre 93

Découvrez les chefs d'entreprises, lauréats, membres bénévoles et partenaires qui composent la communauté Réseau Entreprendre 93

Réseau Entreprendre 93

Un site utilisant Les sites de Réseau Entreprendre
