{"id":17,"date":"2017-04-28T12:34:01","date_gmt":"2017-04-28T10:34:01","guid":{"rendered":"http:\/\/re-preprod-entreprendre.fr\/adour\/?page_id=17"},"modified":"2022-03-17T19:19:56","modified_gmt":"2022-03-17T18:19:56","slug":"soutenir","status":"publish","type":"page","link":"https:\/\/www.reseau-entreprendre.org\/adour\/soutenir\/","title":{"rendered":"SOUTENIR"},"content":{"rendered":"\n<p>Mobilis\u00e9s par les valeurs d\u2019engagement et de partage, les partenaires de R\u00e9seau Entreprendre\u00ae Adour soutiennent notre action par un <strong>appui financier<\/strong> \u00e0 notre fonctionnement, par un <strong>abondement au fonds de pr\u00eat<\/strong> de l\u2019association, par la <strong>mise \u00e0 disposition de comp\u00e9tences<\/strong> ou encore par un soutien au programme \u00ab <strong>Les Entrepreneuriales en Adour<\/strong> \u00bb.<\/p>\n\n\n\n<p>Il s\u2019agit de partenaires publics ou priv\u00e9s. Ceux-ci croient en la cause et sont convaincus que la solidarit\u00e9 entrepreneuriale mise en \u0153uvre par l\u2019association est gage de r\u00e9ussite pour les dirigeants de demain.<\/p>\n\n\n\n<p>L\u2019association leur permet de s\u2019inscrire dans cette dynamique vertueuse et leur offre une visibilit\u00e9 aupr\u00e8s des dirigeants d\u2019aujourd\u2019hui et de demain et aupr\u00e8s de l\u2019\u00e9cosyst\u00e8me entrepreneurial dans lequel s\u2019inscrit R\u00e9seau Entreprendre Adour depuis de nombreuses ann\u00e9es.<\/p>\n\n\n\n<div style=\"height:15px\" aria-hidden=\"true\" class=\"wp-block-spacer\"><\/div>\n\n\n\n<div class=\"wp-block-buttons is-content-justification-center is-layout-flex wp-container-core-buttons-is-layout-16018d1d wp-block-buttons-is-layout-flex\">\n<div class=\"wp-block-button is-style-fill\"><a class=\"wp-block-button__link has-re-blue-background-color has-background\" href=\"https:\/\/www.reseau-entreprendre.org\/fr\/soutenir\/formulaire-partenaire\/\">Soutenez R\u00e9seau Entreprendre Adour et contribuez \u00e0 la cr\u00e9ation d&#8217;emplois ! <\/a><\/div>\n<\/div>\n\n\n\n<div style=\"height:34px\" aria-hidden=\"true\" class=\"wp-block-spacer\"><\/div>\n\n\n\n<div class=\"wp-block-columns is-layout-flex wp-container-core-columns-is-layout-9d6595d7 wp-block-columns-is-layout-flex\">\n<div class=\"wp-block-column is-layout-flow wp-block-column-is-layout-flow\">\n<div class=\"wp-block-group\"><div class=\"wp-block-group__inner-container is-layout-flow wp-block-group-is-layout-flow\">\n<h2 class=\"wp-block-heading has-text-align-center\" id=\"ils-nous-soutiennent\">Ils nous soutiennent<\/h2>\n\n\n\n<div style=\"height:40px\" aria-hidden=\"true\" class=\"wp-block-spacer\"><\/div>\n\n\n\n<figure class=\"wp-block-image size-large is-resized\"><img loading=\"lazy\" decoding=\"async\" src=\"https:\/\/www.reseau-entreprendre.org\/adour\/wp-content\/uploads\/sites\/67\/2023\/04\/Capture-decran-2023-04-24-090532-1024x442.png\" alt=\"\" class=\"wp-image-2677\" width=\"520\" height=\"225\" srcset=\"https:\/\/www.reseau-entreprendre.org\/adour\/wp-content\/uploads\/sites\/67\/2023\/04\/Capture-decran-2023-04-24-090532-1024x442.png 1024w, https:\/\/www.reseau-entreprendre.org\/adour\/wp-content\/uploads\/sites\/67\/2023\/04\/Capture-decran-2023-04-24-090532-300x129.png 300w, https:\/\/www.reseau-entreprendre.org\/adour\/wp-content\/uploads\/sites\/67\/2023\/04\/Capture-decran-2023-04-24-090532-768x331.png 768w, https:\/\/www.reseau-entreprendre.org\/adour\/wp-content\/uploads\/sites\/67\/2023\/04\/Capture-decran-2023-04-24-090532-210x91.png 210w, https:\/\/www.reseau-entreprendre.org\/adour\/wp-content\/uploads\/sites\/67\/2023\/04\/Capture-decran-2023-04-24-090532.png 1206w\" sizes=\"auto, (max-width: 520px) 100vw, 520px\" \/><\/figure>\n\n\n\n<figure class=\"wp-block-image size-large is-resized\"><img loading=\"lazy\" decoding=\"async\" src=\"https:\/\/www.reseau-entreprendre.org\/adour\/wp-content\/uploads\/sites\/67\/2023\/05\/Capture-decran-2023-05-25-112240-1.png\" alt=\"\" width=\"413\" height=\"183\" \/><\/figure>\n<\/div><\/div>\n<\/div>\n<\/div>\n","protected":false},"excerpt":{"rendered":"<p>Mobilis\u00e9s par les valeurs d\u2019engagement et de partage, les partenaires<\/p>\n","protected":false},"author":1,"featured_media":0,"parent":0,"menu_order":0,"comment_status":"closed","ping_status":"closed","template":"","meta":{"_acf_changed":false,"_monsterinsights_skip_tracking":false,"_monsterinsights_sitenote_active":false,"_monsterinsights_sitenote_note":"","_monsterinsights_sitenote_category":0,"footnotes":""},"class_list":["post-17","page","type-page","status-publish","hentry"],"acf":[],"yoast_head":"<!-- This site is optimized with the Yoast SEO plugin v27.4 - https:\/\/yoast.com\/product\/yoast-seo-wordpress\/ -->\n<title>Soutenir | Reseau Entreprendre Adour<\/title>\n<meta name=\"description\" content=\"Partenaire, vous souhaitez soutenir un r\u00e9seau 100% chefs d&#039;entreprise ? Rejoignez R\u00e9seau Entreprendre Adour\" \/>\n<meta name=\"robots\" content=\"index, follow, max-snippet:-1, max-image-preview:large, max-video-preview:-1\" \/>\n<link rel=\"canonical\" href=\"https:\/\/www.reseau-entreprendre.org\/adour\/soutenir\/\" \/>\n<meta property=\"og:locale\" content=\"fr_FR\" \/>\n<meta property=\"og:type\" content=\"article\" \/>\n<meta property=\"og:title\" content=\"Soutenir | Reseau Entreprendre Adour\" \/>\n<meta property=\"og:description\" content=\"Partenaire, vous souhaitez soutenir un r\u00e9seau 100% chefs d&#039;entreprise ? Rejoignez R\u00e9seau Entreprendre Adour\" \/>\n<meta property=\"og:url\" content=\"https:\/\/www.reseau-entreprendre.org\/adour\/soutenir\/\" \/>\n<meta property=\"og:site_name\" content=\"R\u00e9seau Entreprendre\u00ae Adour\" \/>\n<meta property=\"article:modified_time\" content=\"2022-03-17T18:19:56+00:00\" \/>\n<meta name=\"twitter:card\" content=\"summary_large_image\" \/>\n<meta name=\"twitter:label1\" content=\"Dur\u00e9e de lecture estim\u00e9e\" \/>\n\t<meta name=\"twitter:data1\" content=\"1 minute\" \/>\n<script type=\"application\/ld+json\" class=\"yoast-schema-graph\">{\"@context\":\"https:\\\/\\\/schema.org\",\"@graph\":[{\"@type\":\"WebPage\",\"@id\":\"https:\\\/\\\/www.reseau-entreprendre.org\\\/adour\\\/soutenir\\\/\",\"url\":\"https:\\\/\\\/www.reseau-entreprendre.org\\\/adour\\\/soutenir\\\/\",\"name\":\"Soutenir | Reseau Entreprendre Adour\",\"isPartOf\":{\"@id\":\"https:\\\/\\\/www.reseau-entreprendre.org\\\/adour\\\/#website\"},\"datePublished\":\"2017-04-28T10:34:01+00:00\",\"dateModified\":\"2022-03-17T18:19:56+00:00\",\"description\":\"Partenaire, vous souhaitez soutenir un r\u00e9seau 100% chefs d'entreprise ? Rejoignez R\u00e9seau Entreprendre Adour\",\"breadcrumb\":{\"@id\":\"https:\\\/\\\/www.reseau-entreprendre.org\\\/adour\\\/soutenir\\\/#breadcrumb\"},\"inLanguage\":\"fr-FR\",\"potentialAction\":[{\"@type\":\"ReadAction\",\"target\":[\"https:\\\/\\\/www.reseau-entreprendre.org\\\/adour\\\/soutenir\\\/\"]}]},{\"@type\":\"BreadcrumbList\",\"@id\":\"https:\\\/\\\/www.reseau-entreprendre.org\\\/adour\\\/soutenir\\\/#breadcrumb\",\"itemListElement\":[{\"@type\":\"ListItem\",\"position\":1,\"name\":\"Accueil\",\"item\":\"https:\\\/\\\/www.reseau-entreprendre.org\\\/adour\\\/\"},{\"@type\":\"ListItem\",\"position\":2,\"name\":\"SOUTENIR\"}]},{\"@type\":\"WebSite\",\"@id\":\"https:\\\/\\\/www.reseau-entreprendre.org\\\/adour\\\/#website\",\"url\":\"https:\\\/\\\/www.reseau-entreprendre.org\\\/adour\\\/\",\"name\":\"R\u00e9seau Entreprendre\u00ae Adour\",\"description\":\"Un site utilisant Les sites de R\u00e9seau Entreprendre\u00ae\",\"potentialAction\":[{\"@type\":\"SearchAction\",\"target\":{\"@type\":\"EntryPoint\",\"urlTemplate\":\"https:\\\/\\\/www.reseau-entreprendre.org\\\/adour\\\/?s={search_term_string}\"},\"query-input\":{\"@type\":\"PropertyValueSpecification\",\"valueRequired\":true,\"valueName\":\"search_term_string\"}}],\"inLanguage\":\"fr-FR\"}]}<\/script>\n<!-- \/ Yoast SEO plugin. -->","yoast_head_json":{"title":"Soutenir | Reseau Entreprendre Adour","description":"Partenaire, vous souhaitez soutenir un r\u00e9seau 100% chefs d'entreprise ? Rejoignez R\u00e9seau Entreprendre Adour","robots":{"index":"index","follow":"follow","max-snippet":"max-snippet:-1","max-image-preview":"max-image-preview:large","max-video-preview":"max-video-preview:-1"},"canonical":"https:\/\/www.reseau-entreprendre.org\/adour\/soutenir\/","og_locale":"fr_FR","og_type":"article","og_title":"Soutenir | Reseau Entreprendre Adour","og_description":"Partenaire, vous souhaitez soutenir un r\u00e9seau 100% chefs d'entreprise ? Rejoignez R\u00e9seau Entreprendre Adour","og_url":"https:\/\/www.reseau-entreprendre.org\/adour\/soutenir\/","og_site_name":"R\u00e9seau Entreprendre\u00ae Adour","article_modified_time":"2022-03-17T18:19:56+00:00","twitter_card":"summary_large_image","twitter_misc":{"Dur\u00e9e de lecture estim\u00e9e":"1 minute"},"schema":{"@context":"https:\/\/schema.org","@graph":[{"@type":"WebPage","@id":"https:\/\/www.reseau-entreprendre.org\/adour\/soutenir\/","url":"https:\/\/www.reseau-entreprendre.org\/adour\/soutenir\/","name":"Soutenir | Reseau Entreprendre Adour","isPartOf":{"@id":"https:\/\/www.reseau-entreprendre.org\/adour\/#website"},"datePublished":"2017-04-28T10:34:01+00:00","dateModified":"2022-03-17T18:19:56+00:00","description":"Partenaire, vous souhaitez soutenir un r\u00e9seau 100% chefs d'entreprise ? Rejoignez R\u00e9seau Entreprendre Adour","breadcrumb":{"@id":"https:\/\/www.reseau-entreprendre.org\/adour\/soutenir\/#breadcrumb"},"inLanguage":"fr-FR","potentialAction":[{"@type":"ReadAction","target":["https:\/\/www.reseau-entreprendre.org\/adour\/soutenir\/"]}]},{"@type":"BreadcrumbList","@id":"https:\/\/www.reseau-entreprendre.org\/adour\/soutenir\/#breadcrumb","itemListElement":[{"@type":"ListItem","position":1,"name":"Accueil","item":"https:\/\/www.reseau-entreprendre.org\/adour\/"},{"@type":"ListItem","position":2,"name":"SOUTENIR"}]},{"@type":"WebSite","@id":"https:\/\/www.reseau-entreprendre.org\/adour\/#website","url":"https:\/\/www.reseau-entreprendre.org\/adour\/","name":"R\u00e9seau Entreprendre\u00ae Adour","description":"Un site utilisant Les sites de R\u00e9seau Entreprendre\u00ae","potentialAction":[{"@type":"SearchAction","target":{"@type":"EntryPoint","urlTemplate":"https:\/\/www.reseau-entreprendre.org\/adour\/?s={search_term_string}"},"query-input":{"@type":"PropertyValueSpecification","valueRequired":true,"valueName":"search_term_string"}}],"inLanguage":"fr-FR"}]}},"_links":{"self":[{"href":"https:\/\/www.reseau-entreprendre.org\/adour\/wp-json\/wp\/v2\/pages\/17","targetHints":{"allow":["GET"]}}],"collection":[{"href":"https:\/\/www.reseau-entreprendre.org\/adour\/wp-json\/wp\/v2\/pages"}],"about":[{"href":"https:\/\/www.reseau-entreprendre.org\/adour\/wp-json\/wp\/v2\/types\/page"}],"author":[{"embeddable":true,"href":"https:\/\/www.reseau-entreprendre.org\/adour\/wp-json\/wp\/v2\/users\/1"}],"replies":[{"embeddable":true,"href":"https:\/\/www.reseau-entreprendre.org\/adour\/wp-json\/wp\/v2\/comments?post=17"}],"version-history":[{"count":0,"href":"https:\/\/www.reseau-entreprendre.org\/adour\/wp-json\/wp\/v2\/pages\/17\/revisions"}],"wp:attachment":[{"href":"https:\/\/www.reseau-entreprendre.org\/adour\/wp-json\/wp\/v2\/media?parent=17"}],"curies":[{"name":"wp","href":"https:\/\/api.w.org\/{rel}","templated":true}]}}