{"id":11,"date":"2017-04-28T12:33:20","date_gmt":"2017-04-28T10:33:20","guid":{"rendered":"https:\/\/www.reseau-entreprendre.org\/alsace\/?page_id=11"},"modified":"2025-02-14T15:42:18","modified_gmt":"2025-02-14T14:42:18","slug":"qui-sommes-nous","status":"publish","type":"page","link":"https:\/\/www.reseau-entreprendre.org\/alsace\/qui-sommes-nous\/","title":{"rendered":"Qui sommes-nous?"},"content":{"rendered":"\n<p>L&#8217;association a \u00e9t\u00e9 cr\u00e9\u00e9e en 2003 \u00e0 Strasbourg dans le Bas-Rhin, et ce n&#8217;est qu&#8217;en 2012, \u00e0 l&#8217;initiative de Nicole Martin-Spittler alors Pr\u00e9sidente, que <span style=\"font-size: 1rem\">la section Haut-Rhinoise f\u00fbt cr\u00e9\u00e9e afin de couvrir l&#8217;ensemble de l&#8217;Alsace. <strong>Aujourd&#8217;hui,<\/strong><\/span><strong><span style=\"font-size: 1rem\">&nbsp;l&#8217;association compte plus de 200 membres dirigeants Alsaciens.<\/span><\/strong><\/p>\n\n\n\n<p> La&nbsp;mission premi\u00e8re de R\u00e9seau Entreprendre Alsace est <strong>l&#8217;aide \u00e0 la&nbsp;cr\u00e9ation d\u2019emplois<\/strong>. Pour cela, l\u2019\u00e9quipe met tout en \u0153uvre afin de fid\u00e9liser des chefs d\u2019entreprise pr\u00eats \u00e0 s\u2019engager dans une d\u00e9marche soci\u00e9tale. Le but est de <strong>soutenir des cr\u00e9ateurs, repreneurs et d\u00e9veloppeurs d&#8217;entreprise avec un accompagnement humain et financier. <\/strong>Membres et laur\u00e9ats b\u00e9n\u00e9ficieront \u00e9galement d\u2019une mise en r\u00e9seau dans la vie locale, r\u00e9gionale et nationale. <\/p>\n\n\n\n<p>Depuis sa cr\u00e9ation, R\u00e9seau Entreprendre Alsace a accompagn\u00e9 environ<strong> 250 laur\u00e9ats<\/strong> soit pr\u00e8s de<strong> 200 projets soutenus. En septembre 2021, l&#8217;association compte 46 laur\u00e9ats en cours d&#8217;accompagnement<\/strong>, en programmes<a href=\"https:\/\/www.reseau-entreprendre.org\/alsace\/entreprendre\/\"> START, BOOSTER et AMBITION<\/a>. L\u2019impact de notre accompagnement humain et financier est fort, car le<strong> taux de p\u00e9rennit\u00e9 des entreprises laur\u00e9ates soutenues est d&#8217;environ 90% \u00e0 5 ans<\/strong>.<\/p>\n\n\n\n<p><\/p>\n\n\n\n<div style=\"height:18px\" aria-hidden=\"true\" class=\"wp-block-spacer\"><\/div>\n\n\n\n<div class=\"wp-block-buttons is-layout-flex wp-block-buttons-is-layout-flex\">\n<div class=\"wp-block-button aligncenter\"><a class=\"wp-block-button__link wp-element-button\" href=\"https:\/\/www.reseau-entreprendre.org\/alsace\/accompagner\/\" target=\"_blank\" rel=\"noreferrer noopener\">D\u00e9couvrir les accompagnements by R\u00e9seau<\/a><\/div>\n<\/div>\n\n\n\n<div style=\"height:67px\" aria-hidden=\"true\" class=\"wp-block-spacer\"><\/div>\n\n\n\n<p><\/p>\n\n\n\n<h3 class=\"wp-block-heading\">Soir\u00e9e des laur\u00e9ats du 06 juin 2023<\/h3>\n\n\n<div class=\"wp-block-image\">\n<figure class=\"aligncenter size-large\"><img loading=\"lazy\" decoding=\"async\" width=\"1024\" height=\"768\" src=\"https:\/\/www.reseau-entreprendre.org\/alsace\/wp-content\/uploads\/sites\/56\/2024\/02\/mosaique-9-1-1024x768.jpg\" alt=\"\" class=\"wp-image-8523\" srcset=\"https:\/\/www.reseau-entreprendre.org\/alsace\/wp-content\/uploads\/sites\/56\/2024\/02\/mosaique-9-1-1024x768.jpg 1024w, https:\/\/www.reseau-entreprendre.org\/alsace\/wp-content\/uploads\/sites\/56\/2024\/02\/mosaique-9-1-300x225.jpg 300w, https:\/\/www.reseau-entreprendre.org\/alsace\/wp-content\/uploads\/sites\/56\/2024\/02\/mosaique-9-1-768x576.jpg 768w, https:\/\/www.reseau-entreprendre.org\/alsace\/wp-content\/uploads\/sites\/56\/2024\/02\/mosaique-9-1-1536x1152.jpg 1536w, https:\/\/www.reseau-entreprendre.org\/alsace\/wp-content\/uploads\/sites\/56\/2024\/02\/mosaique-9-1-173x130.jpg 173w, https:\/\/www.reseau-entreprendre.org\/alsace\/wp-content\/uploads\/sites\/56\/2024\/02\/mosaique-9-1-scaled.jpg 1140w\" sizes=\"auto, (max-width: 1024px) 100vw, 1024px\" \/><\/figure>\n<\/div>\n\n\n<h2 class=\"wp-block-heading\">L\u2019\u00e9quipe R\u00e9seau Entreprendre Alsace est constitu\u00e9e de :<\/h2>\n\n\n\n<ul class=\"wp-block-list\">\n<li><strong>R\u00e9mi Herquel, Pr\u00e9sident <\/strong>(b\u00e9n\u00e9vole)<\/li>\n\n\n\n<li><strong>Thomas Gresset, Directeur<\/strong><\/li>\n\n\n\n<li><strong>Dany Schneider, animatrice Haut-Rhin<\/strong><\/li>\n\n\n\n<li><strong>Thierry Metzger, Charg\u00e9 de  mission administratif<\/strong><\/li>\n\n\n\n<li><strong>Carolyn Leroy, Charg\u00e9e de mission<\/strong> <strong>accompagnement<\/strong>  <br><strong>Albane Lang, Charg\u00e9e de mission accompagnement<br><\/strong><\/li>\n<\/ul>\n\n\n\n<p>Cette \u00e9quipe est soutenue par l\u2019implication des membres et du <strong>Conseil d\u2019Administration.<\/strong><\/p>\n\n\n\n<p>En 2022, le Conseil d&#8217;Administration est compos\u00e9 de 13 membres b\u00e9n\u00e9voles :<\/p>\n\n\n\n<ul class=\"wp-block-list\">\n<li>R\u00e9mi Herquel (Pro Easy Print) Pr\u00e9sident<\/li>\n\n\n\n<li>Olivier Boulang\u00e9 (ARESA) Secr\u00e9taire<\/li>\n\n\n\n<li>Pascal Sheidecker (FS Group) Tr\u00e9sorier<\/li>\n\n\n\n<li>Henri-Pierre Michaud (D&#8217;un Pas D\u00e9cidez) Pr\u00e9sident du Comit\u00e9 d&#8217;Engagement 67<\/li>\n\n\n\n<li>Yannick Etter (Passion Automobiles) Pr\u00e9sident du Comit\u00e9 d&#8217;Engagement 68<\/li>\n\n\n\n<li>Claire Grignon (Optisociales) Responsable communication &amp; d\u00e9veloppement<\/li>\n\n\n\n<li>Marie Walter (EIE)<\/li>\n\n\n\n<li>Franck Pell\u00e9 (Eberhardt)<\/li>\n\n\n\n<li>Alain Distler (AJD Gestion)<\/li>\n\n\n\n<li>Philippe Rahms <\/li>\n\n\n\n<li>Emmanuel Laubriat (Elea Conseil &amp; Formation)<\/li>\n\n\n\n<li>Eve Herrscher (Michel Herrscher)<\/li>\n\n\n\n<li>Alain Renck<\/li>\n<\/ul>\n\n\n\n<p><\/p>\n","protected":false},"excerpt":{"rendered":"<p>L&#8217;association a \u00e9t\u00e9 cr\u00e9\u00e9e en 2003 \u00e0 Strasbourg dans le<\/p>\n","protected":false},"author":57,"featured_media":0,"parent":0,"menu_order":0,"comment_status":"closed","ping_status":"closed","template":"","meta":{"_acf_changed":false,"_monsterinsights_skip_tracking":false,"_monsterinsights_sitenote_active":false,"_monsterinsights_sitenote_note":"","_monsterinsights_sitenote_category":0,"footnotes":""},"class_list":["post-11","page","type-page","status-publish","hentry"],"acf":[],"yoast_head":"<!-- This site is optimized with the Yoast SEO plugin v27.4 - https:\/\/yoast.com\/product\/yoast-seo-wordpress\/ -->\n<title>Qui sommes-nous ? | Reseau Entreprendre Alsace<\/title>\n<meta name=\"description\" content=\"R\u00e9seau Entreprendre Alsace est l&#039;association de chefs d&#039;entreprise de votre r\u00e9gion.\" \/>\n<meta name=\"robots\" content=\"index, follow, max-snippet:-1, max-image-preview:large, max-video-preview:-1\" \/>\n<link rel=\"canonical\" href=\"https:\/\/www.reseau-entreprendre.org\/alsace\/qui-sommes-nous\/\" \/>\n<meta property=\"og:locale\" content=\"fr_FR\" \/>\n<meta property=\"og:type\" content=\"article\" \/>\n<meta property=\"og:title\" content=\"Qui sommes-nous ? | Reseau Entreprendre Alsace\" \/>\n<meta property=\"og:description\" content=\"R\u00e9seau Entreprendre Alsace est l&#039;association de chefs d&#039;entreprise de votre r\u00e9gion.\" \/>\n<meta property=\"og:url\" content=\"https:\/\/www.reseau-entreprendre.org\/alsace\/qui-sommes-nous\/\" \/>\n<meta property=\"og:site_name\" content=\"R\u00e9seau Entreprendre Alsace\" \/>\n<meta property=\"article:modified_time\" content=\"2025-02-14T14:42:18+00:00\" \/>\n<meta property=\"og:image\" content=\"https:\/\/www.reseau-entreprendre.org\/alsace\/wp-content\/uploads\/sites\/56\/2024\/02\/mosaique-9-1-scaled.jpg\" \/>\n\t<meta property=\"og:image:width\" content=\"1140\" \/>\n\t<meta property=\"og:image:height\" content=\"855\" \/>\n\t<meta property=\"og:image:type\" content=\"image\/jpeg\" \/>\n<meta name=\"twitter:card\" content=\"summary_large_image\" \/>\n<meta name=\"twitter:label1\" content=\"Dur\u00e9e de lecture estim\u00e9e\" \/>\n\t<meta name=\"twitter:data1\" content=\"2 minutes\" \/>\n<script type=\"application\/ld+json\" class=\"yoast-schema-graph\">{\"@context\":\"https:\\\/\\\/schema.org\",\"@graph\":[{\"@type\":\"WebPage\",\"@id\":\"https:\\\/\\\/www.reseau-entreprendre.org\\\/alsace\\\/qui-sommes-nous\\\/\",\"url\":\"https:\\\/\\\/www.reseau-entreprendre.org\\\/alsace\\\/qui-sommes-nous\\\/\",\"name\":\"Qui sommes-nous ? | Reseau Entreprendre Alsace\",\"isPartOf\":{\"@id\":\"https:\\\/\\\/www.reseau-entreprendre.org\\\/alsace\\\/#website\"},\"primaryImageOfPage\":{\"@id\":\"https:\\\/\\\/www.reseau-entreprendre.org\\\/alsace\\\/qui-sommes-nous\\\/#primaryimage\"},\"image\":{\"@id\":\"https:\\\/\\\/www.reseau-entreprendre.org\\\/alsace\\\/qui-sommes-nous\\\/#primaryimage\"},\"thumbnailUrl\":\"https:\\\/\\\/www.reseau-entreprendre.org\\\/alsace\\\/wp-content\\\/uploads\\\/sites\\\/56\\\/2024\\\/02\\\/mosaique-9-1-1024x768.jpg\",\"datePublished\":\"2017-04-28T10:33:20+00:00\",\"dateModified\":\"2025-02-14T14:42:18+00:00\",\"description\":\"R\u00e9seau Entreprendre Alsace est l'association de chefs d'entreprise de votre r\u00e9gion.\",\"breadcrumb\":{\"@id\":\"https:\\\/\\\/www.reseau-entreprendre.org\\\/alsace\\\/qui-sommes-nous\\\/#breadcrumb\"},\"inLanguage\":\"fr-FR\",\"potentialAction\":[{\"@type\":\"ReadAction\",\"target\":[\"https:\\\/\\\/www.reseau-entreprendre.org\\\/alsace\\\/qui-sommes-nous\\\/\"]}]},{\"@type\":\"ImageObject\",\"inLanguage\":\"fr-FR\",\"@id\":\"https:\\\/\\\/www.reseau-entreprendre.org\\\/alsace\\\/qui-sommes-nous\\\/#primaryimage\",\"url\":\"https:\\\/\\\/www.reseau-entreprendre.org\\\/alsace\\\/wp-content\\\/uploads\\\/sites\\\/56\\\/2024\\\/02\\\/mosaique-9-1-scaled.jpg\",\"contentUrl\":\"https:\\\/\\\/www.reseau-entreprendre.org\\\/alsace\\\/wp-content\\\/uploads\\\/sites\\\/56\\\/2024\\\/02\\\/mosaique-9-1-scaled.jpg\",\"width\":1140,\"height\":855},{\"@type\":\"BreadcrumbList\",\"@id\":\"https:\\\/\\\/www.reseau-entreprendre.org\\\/alsace\\\/qui-sommes-nous\\\/#breadcrumb\",\"itemListElement\":[{\"@type\":\"ListItem\",\"position\":1,\"name\":\"Accueil\",\"item\":\"https:\\\/\\\/www.reseau-entreprendre.org\\\/alsace\\\/\"},{\"@type\":\"ListItem\",\"position\":2,\"name\":\"Qui sommes-nous?\"}]},{\"@type\":\"WebSite\",\"@id\":\"https:\\\/\\\/www.reseau-entreprendre.org\\\/alsace\\\/#website\",\"url\":\"https:\\\/\\\/www.reseau-entreprendre.org\\\/alsace\\\/\",\"name\":\"R\u00e9seau Entreprendre Alsace\",\"description\":\"Un site utilisant Les sites de R\u00e9seau Entreprendre\",\"potentialAction\":[{\"@type\":\"SearchAction\",\"target\":{\"@type\":\"EntryPoint\",\"urlTemplate\":\"https:\\\/\\\/www.reseau-entreprendre.org\\\/alsace\\\/?s={search_term_string}\"},\"query-input\":{\"@type\":\"PropertyValueSpecification\",\"valueRequired\":true,\"valueName\":\"search_term_string\"}}],\"inLanguage\":\"fr-FR\"}]}<\/script>\n<!-- \/ Yoast SEO plugin. -->","yoast_head_json":{"title":"Qui sommes-nous ? | Reseau Entreprendre Alsace","description":"R\u00e9seau Entreprendre Alsace est l'association de chefs d'entreprise de votre r\u00e9gion.","robots":{"index":"index","follow":"follow","max-snippet":"max-snippet:-1","max-image-preview":"max-image-preview:large","max-video-preview":"max-video-preview:-1"},"canonical":"https:\/\/www.reseau-entreprendre.org\/alsace\/qui-sommes-nous\/","og_locale":"fr_FR","og_type":"article","og_title":"Qui sommes-nous ? | Reseau Entreprendre Alsace","og_description":"R\u00e9seau Entreprendre Alsace est l'association de chefs d'entreprise de votre r\u00e9gion.","og_url":"https:\/\/www.reseau-entreprendre.org\/alsace\/qui-sommes-nous\/","og_site_name":"R\u00e9seau Entreprendre Alsace","article_modified_time":"2025-02-14T14:42:18+00:00","og_image":[{"width":1140,"height":855,"url":"https:\/\/www.reseau-entreprendre.org\/alsace\/wp-content\/uploads\/sites\/56\/2024\/02\/mosaique-9-1-scaled.jpg","type":"image\/jpeg"}],"twitter_card":"summary_large_image","twitter_misc":{"Dur\u00e9e de lecture estim\u00e9e":"2 minutes"},"schema":{"@context":"https:\/\/schema.org","@graph":[{"@type":"WebPage","@id":"https:\/\/www.reseau-entreprendre.org\/alsace\/qui-sommes-nous\/","url":"https:\/\/www.reseau-entreprendre.org\/alsace\/qui-sommes-nous\/","name":"Qui sommes-nous ? | Reseau Entreprendre Alsace","isPartOf":{"@id":"https:\/\/www.reseau-entreprendre.org\/alsace\/#website"},"primaryImageOfPage":{"@id":"https:\/\/www.reseau-entreprendre.org\/alsace\/qui-sommes-nous\/#primaryimage"},"image":{"@id":"https:\/\/www.reseau-entreprendre.org\/alsace\/qui-sommes-nous\/#primaryimage"},"thumbnailUrl":"https:\/\/www.reseau-entreprendre.org\/alsace\/wp-content\/uploads\/sites\/56\/2024\/02\/mosaique-9-1-1024x768.jpg","datePublished":"2017-04-28T10:33:20+00:00","dateModified":"2025-02-14T14:42:18+00:00","description":"R\u00e9seau Entreprendre Alsace est l'association de chefs d'entreprise de votre r\u00e9gion.","breadcrumb":{"@id":"https:\/\/www.reseau-entreprendre.org\/alsace\/qui-sommes-nous\/#breadcrumb"},"inLanguage":"fr-FR","potentialAction":[{"@type":"ReadAction","target":["https:\/\/www.reseau-entreprendre.org\/alsace\/qui-sommes-nous\/"]}]},{"@type":"ImageObject","inLanguage":"fr-FR","@id":"https:\/\/www.reseau-entreprendre.org\/alsace\/qui-sommes-nous\/#primaryimage","url":"https:\/\/www.reseau-entreprendre.org\/alsace\/wp-content\/uploads\/sites\/56\/2024\/02\/mosaique-9-1-scaled.jpg","contentUrl":"https:\/\/www.reseau-entreprendre.org\/alsace\/wp-content\/uploads\/sites\/56\/2024\/02\/mosaique-9-1-scaled.jpg","width":1140,"height":855},{"@type":"BreadcrumbList","@id":"https:\/\/www.reseau-entreprendre.org\/alsace\/qui-sommes-nous\/#breadcrumb","itemListElement":[{"@type":"ListItem","position":1,"name":"Accueil","item":"https:\/\/www.reseau-entreprendre.org\/alsace\/"},{"@type":"ListItem","position":2,"name":"Qui sommes-nous?"}]},{"@type":"WebSite","@id":"https:\/\/www.reseau-entreprendre.org\/alsace\/#website","url":"https:\/\/www.reseau-entreprendre.org\/alsace\/","name":"R\u00e9seau Entreprendre Alsace","description":"Un site utilisant Les sites de R\u00e9seau Entreprendre","potentialAction":[{"@type":"SearchAction","target":{"@type":"EntryPoint","urlTemplate":"https:\/\/www.reseau-entreprendre.org\/alsace\/?s={search_term_string}"},"query-input":{"@type":"PropertyValueSpecification","valueRequired":true,"valueName":"search_term_string"}}],"inLanguage":"fr-FR"}]}},"_links":{"self":[{"href":"https:\/\/www.reseau-entreprendre.org\/alsace\/wp-json\/wp\/v2\/pages\/11","targetHints":{"allow":["GET"]}}],"collection":[{"href":"https:\/\/www.reseau-entreprendre.org\/alsace\/wp-json\/wp\/v2\/pages"}],"about":[{"href":"https:\/\/www.reseau-entreprendre.org\/alsace\/wp-json\/wp\/v2\/types\/page"}],"author":[{"embeddable":true,"href":"https:\/\/www.reseau-entreprendre.org\/alsace\/wp-json\/wp\/v2\/users\/57"}],"replies":[{"embeddable":true,"href":"https:\/\/www.reseau-entreprendre.org\/alsace\/wp-json\/wp\/v2\/comments?post=11"}],"version-history":[{"count":0,"href":"https:\/\/www.reseau-entreprendre.org\/alsace\/wp-json\/wp\/v2\/pages\/11\/revisions"}],"wp:attachment":[{"href":"https:\/\/www.reseau-entreprendre.org\/alsace\/wp-json\/wp\/v2\/media?parent=11"}],"curies":[{"name":"wp","href":"https:\/\/api.w.org\/{rel}","templated":true}]}}