{"id":2851,"date":"2017-12-08T15:41:41","date_gmt":"2017-12-08T14:41:41","guid":{"rendered":"https:\/\/www.reseau-entreprendre.org\/alsace\/?page_id=2851"},"modified":"2022-03-11T16:05:44","modified_gmt":"2022-03-11T15:05:44","slug":"accompagnement-start-by-reseau-entreprendre","status":"publish","type":"page","link":"https:\/\/www.reseau-entreprendre.org\/alsace\/accompagnement\/accompagnement-start-by-reseau-entreprendre\/","title":{"rendered":"Accompagnement Start by R\u00e9seau Entreprendre"},"content":{"rendered":"\n<h1 class=\"wp-block-heading\"><\/h1>\n\n\n\n<p>R\u00e9v\u00e9lez et renforcez vos talents de chef d\u2019entreprise. R\u00e9seau Entreprendre Alsace vous accompagne pour renforcer votre projet et la r\u00e9ussite de votre cr\u00e9ation ou reprise d\u2019entreprise.<\/p>\n\n\n\n<p><\/p>\n\n\n\n<h2 class=\"wp-block-heading\">Parcours du programme d\u2019accompagnement Start<\/h2>\n\n\n\n<p>Les porteurs de projet qui int\u00e8grent le programme Start peuvent b\u00e9n\u00e9ficier :<\/p>\n\n\n\n<h3 class=\"wp-block-heading\">D&#8217;un accompagnement individuel par un chef d&#8217;entreprise exp\u00e9riment\u00e9<\/h3>\n\n\n\n<ul class=\"wp-block-list\"><li>Un chef d\u2019entreprise en activit\u00e9, membre de R\u00e9seau Entreprendre Alsace accompagne b\u00e9n\u00e9volement un nouvel entrepreneur<\/li><li>Chaque mois pendant 24 mois<\/li><li>Partage d\u2019exp\u00e9rience, appui du r\u00e9seau relationnel du chef d\u2019entreprise accompagnateur<\/li><li>Prise de recul, faire le point et affiner les pr\u00e9visions pour favoriser et s\u00e9curiser les prises de d\u00e9cision<\/li><\/ul>\n\n\n\n<h3 class=\"wp-block-heading\">D&#8217;un accompagnement collectif: club de laur\u00e9ats<\/h3>\n\n\n\n<ul class=\"wp-block-list\"><li>Lieu de partage, en toute confiance et en toute convivialit\u00e9<\/li><li>Lieu de contacts et d\u2019\u00e9coute pour b\u00e9n\u00e9ficier de conseils aupr\u00e8s d\u2019autres porteurs de projet faisant face \u00e0 des probl\u00e9matiques similaires, rompre l\u2019isolement du chef d\u2019entreprise<\/li><li>Interventions mensuelles sur des th\u00e8mes choisis en club et r\u00e9alis\u00e9es par des dirigeants d\u2019entreprises membres de R\u00e9seau Entreprendre Alsace<\/li><li>Pl\u00e9biscit\u00e9 par les laur\u00e9ats<\/li><\/ul>\n\n\n\n<h3 class=\"wp-block-heading\">D&#8217;un pr\u00eat d&#8217;honneur<\/h3>\n\n\n\n<ul class=\"wp-block-list\"><li>De 10 \u00e0 50 K\u20ac, sans int\u00e9r\u00eats et sans garantie, pour abonder les fonds propres du porteur de projet<\/li><li>Remboursable sur : <ul><li>48 mois dont 6 mois de diff\u00e9r\u00e9 pour une cr\u00e9ation ou une reprise<\/li><\/ul><\/li><\/ul>\n\n\n\n<p>Mise en r\u00e9seau locale, nationale et internationale (14 000 chefs d\u2019entreprises)<\/p>\n\n\n\n<h2 class=\"wp-block-heading\">Pourquoi vouloir b\u00e9n\u00e9ficier du programme Start<\/h2>\n\n\n\n<ul class=\"wp-block-list\"><li>S\u00e9curiser votre cr\u00e9ation ou reprise d\u2019entreprise.<\/li><li>P\u00e9renniser votre projet (le taux de p\u00e9rennit\u00e9 \u00e0 5 ans en Alsace des laur\u00e9ats est de 90%)<\/li><li>Atteindre rapidement la profitabilit\u00e9 pour pouvoir vous d\u00e9velopper<\/li><\/ul>\n\n\n\n<h3 class=\"wp-block-heading\">Objectif<\/h3>\n\n\n\n<p>Cr\u00e9ation de 5 emplois \u00e0 3 ans.<\/p>\n\n\n\n<h3 class=\"wp-block-heading\">Conditions d\u2019entr\u00e9e<\/h3>\n\n\n\n<p>-&gt; Ouvert aux cr\u00e9ateurs majoritaires, dont l\u2019entreprise a moins de 3 ans d\u2019existence<\/p>\n\n\n\n<p>-&gt; Ouvert aux repreneurs majoritaires <\/p>\n\n\n\n<h2 class=\"wp-block-heading\">Comment rejoindre le programme d\u2019accompagnement Start de R\u00e9seau Entreprendre Alsace ?<\/h2>\n\n\n\n<p>Vous avez un projet de cr\u00e9ation ou de reprise d\u2019entreprise en Alsace ? Faites-vous conna\u00eetre :<\/p>\n\n\n\n<p><\/p>\n\n\n\n<div class=\"wp-block-buttons is-content-justification-center is-layout-flex wp-container-core-buttons-is-layout-16018d1d wp-block-buttons-is-layout-flex\">\n<div class=\"wp-block-button\"><a class=\"wp-block-button__link\" href=\"https:\/\/www.reseau-entreprendre.org\/alsace\/contact\/\" target=\"_blank\" rel=\"noreferrer noopener\">Remplir une demande<\/a><\/div>\n<\/div>\n","protected":false},"excerpt":{"rendered":"<p>Parcours du programme d\u2019accompagnement Start Les porteurs de projet qui<\/p>\n","protected":false},"author":124,"featured_media":0,"parent":2974,"menu_order":0,"comment_status":"closed","ping_status":"closed","template":"","meta":{"_acf_changed":false,"_monsterinsights_skip_tracking":false,"_monsterinsights_sitenote_active":false,"_monsterinsights_sitenote_note":"","_monsterinsights_sitenote_category":0,"footnotes":""},"class_list":["post-2851","page","type-page","status-publish","hentry"],"acf":[],"yoast_head":"<!-- This site is optimized with the Yoast SEO plugin v27.4 - https:\/\/yoast.com\/product\/yoast-seo-wordpress\/ -->\n<title>Accompagnement Start by R\u00e9seau Entreprendre - R\u00e9seau Entreprendre Alsace<\/title>\n<meta name=\"description\" content=\"R\u00e9v\u00e9lez et renforcez vos talents de chef d\u2019entreprise. R\u00e9seau Entreprendre Alsace vous accompagne pour renforcer votre projet.\" \/>\n<meta name=\"robots\" content=\"index, follow, max-snippet:-1, max-image-preview:large, max-video-preview:-1\" \/>\n<link rel=\"canonical\" href=\"https:\/\/www.reseau-entreprendre.org\/alsace\/accompagnement\/accompagnement-start-by-reseau-entreprendre\/\" \/>\n<meta property=\"og:locale\" content=\"fr_FR\" \/>\n<meta property=\"og:type\" content=\"article\" \/>\n<meta property=\"og:title\" content=\"Accompagnement Start by R\u00e9seau Entreprendre - R\u00e9seau Entreprendre Alsace\" \/>\n<meta property=\"og:description\" content=\"R\u00e9v\u00e9lez et renforcez vos talents de chef d\u2019entreprise. R\u00e9seau Entreprendre Alsace vous accompagne pour renforcer votre projet.\" \/>\n<meta property=\"og:url\" content=\"https:\/\/www.reseau-entreprendre.org\/alsace\/accompagnement\/accompagnement-start-by-reseau-entreprendre\/\" \/>\n<meta property=\"og:site_name\" content=\"R\u00e9seau Entreprendre Alsace\" \/>\n<meta property=\"article:modified_time\" content=\"2022-03-11T15:05:44+00:00\" \/>\n<meta name=\"twitter:card\" content=\"summary_large_image\" \/>\n<meta name=\"twitter:label1\" content=\"Dur\u00e9e de lecture estim\u00e9e\" \/>\n\t<meta name=\"twitter:data1\" content=\"2 minutes\" \/>\n<script type=\"application\/ld+json\" class=\"yoast-schema-graph\">{\"@context\":\"https:\\\/\\\/schema.org\",\"@graph\":[{\"@type\":\"WebPage\",\"@id\":\"https:\\\/\\\/www.reseau-entreprendre.org\\\/alsace\\\/accompagnement\\\/accompagnement-start-by-reseau-entreprendre\\\/\",\"url\":\"https:\\\/\\\/www.reseau-entreprendre.org\\\/alsace\\\/accompagnement\\\/accompagnement-start-by-reseau-entreprendre\\\/\",\"name\":\"Accompagnement Start by R\u00e9seau Entreprendre - R\u00e9seau Entreprendre Alsace\",\"isPartOf\":{\"@id\":\"https:\\\/\\\/www.reseau-entreprendre.org\\\/alsace\\\/#website\"},\"datePublished\":\"2017-12-08T14:41:41+00:00\",\"dateModified\":\"2022-03-11T15:05:44+00:00\",\"description\":\"R\u00e9v\u00e9lez et renforcez vos talents de chef d\u2019entreprise. R\u00e9seau Entreprendre Alsace vous accompagne pour renforcer votre projet.\",\"breadcrumb\":{\"@id\":\"https:\\\/\\\/www.reseau-entreprendre.org\\\/alsace\\\/accompagnement\\\/accompagnement-start-by-reseau-entreprendre\\\/#breadcrumb\"},\"inLanguage\":\"fr-FR\",\"potentialAction\":[{\"@type\":\"ReadAction\",\"target\":[\"https:\\\/\\\/www.reseau-entreprendre.org\\\/alsace\\\/accompagnement\\\/accompagnement-start-by-reseau-entreprendre\\\/\"]}]},{\"@type\":\"BreadcrumbList\",\"@id\":\"https:\\\/\\\/www.reseau-entreprendre.org\\\/alsace\\\/accompagnement\\\/accompagnement-start-by-reseau-entreprendre\\\/#breadcrumb\",\"itemListElement\":[{\"@type\":\"ListItem\",\"position\":1,\"name\":\"Accueil\",\"item\":\"https:\\\/\\\/www.reseau-entreprendre.org\\\/alsace\\\/\"},{\"@type\":\"ListItem\",\"position\":2,\"name\":\"Nos accompagnements\",\"item\":\"https:\\\/\\\/www.reseau-entreprendre.org\\\/alsace\\\/accompagnement\\\/\"},{\"@type\":\"ListItem\",\"position\":3,\"name\":\"Accompagnement Start by R\u00e9seau Entreprendre\"}]},{\"@type\":\"WebSite\",\"@id\":\"https:\\\/\\\/www.reseau-entreprendre.org\\\/alsace\\\/#website\",\"url\":\"https:\\\/\\\/www.reseau-entreprendre.org\\\/alsace\\\/\",\"name\":\"R\u00e9seau Entreprendre Alsace\",\"description\":\"Un site utilisant Les sites de R\u00e9seau Entreprendre\",\"potentialAction\":[{\"@type\":\"SearchAction\",\"target\":{\"@type\":\"EntryPoint\",\"urlTemplate\":\"https:\\\/\\\/www.reseau-entreprendre.org\\\/alsace\\\/?s={search_term_string}\"},\"query-input\":{\"@type\":\"PropertyValueSpecification\",\"valueRequired\":true,\"valueName\":\"search_term_string\"}}],\"inLanguage\":\"fr-FR\"}]}<\/script>\n<!-- \/ Yoast SEO plugin. -->","yoast_head_json":{"title":"Accompagnement Start by R\u00e9seau Entreprendre - R\u00e9seau Entreprendre Alsace","description":"R\u00e9v\u00e9lez et renforcez vos talents de chef d\u2019entreprise. R\u00e9seau Entreprendre Alsace vous accompagne pour renforcer votre projet.","robots":{"index":"index","follow":"follow","max-snippet":"max-snippet:-1","max-image-preview":"max-image-preview:large","max-video-preview":"max-video-preview:-1"},"canonical":"https:\/\/www.reseau-entreprendre.org\/alsace\/accompagnement\/accompagnement-start-by-reseau-entreprendre\/","og_locale":"fr_FR","og_type":"article","og_title":"Accompagnement Start by R\u00e9seau Entreprendre - R\u00e9seau Entreprendre Alsace","og_description":"R\u00e9v\u00e9lez et renforcez vos talents de chef d\u2019entreprise. R\u00e9seau Entreprendre Alsace vous accompagne pour renforcer votre projet.","og_url":"https:\/\/www.reseau-entreprendre.org\/alsace\/accompagnement\/accompagnement-start-by-reseau-entreprendre\/","og_site_name":"R\u00e9seau Entreprendre Alsace","article_modified_time":"2022-03-11T15:05:44+00:00","twitter_card":"summary_large_image","twitter_misc":{"Dur\u00e9e de lecture estim\u00e9e":"2 minutes"},"schema":{"@context":"https:\/\/schema.org","@graph":[{"@type":"WebPage","@id":"https:\/\/www.reseau-entreprendre.org\/alsace\/accompagnement\/accompagnement-start-by-reseau-entreprendre\/","url":"https:\/\/www.reseau-entreprendre.org\/alsace\/accompagnement\/accompagnement-start-by-reseau-entreprendre\/","name":"Accompagnement Start by R\u00e9seau Entreprendre - R\u00e9seau Entreprendre Alsace","isPartOf":{"@id":"https:\/\/www.reseau-entreprendre.org\/alsace\/#website"},"datePublished":"2017-12-08T14:41:41+00:00","dateModified":"2022-03-11T15:05:44+00:00","description":"R\u00e9v\u00e9lez et renforcez vos talents de chef d\u2019entreprise. R\u00e9seau Entreprendre Alsace vous accompagne pour renforcer votre projet.","breadcrumb":{"@id":"https:\/\/www.reseau-entreprendre.org\/alsace\/accompagnement\/accompagnement-start-by-reseau-entreprendre\/#breadcrumb"},"inLanguage":"fr-FR","potentialAction":[{"@type":"ReadAction","target":["https:\/\/www.reseau-entreprendre.org\/alsace\/accompagnement\/accompagnement-start-by-reseau-entreprendre\/"]}]},{"@type":"BreadcrumbList","@id":"https:\/\/www.reseau-entreprendre.org\/alsace\/accompagnement\/accompagnement-start-by-reseau-entreprendre\/#breadcrumb","itemListElement":[{"@type":"ListItem","position":1,"name":"Accueil","item":"https:\/\/www.reseau-entreprendre.org\/alsace\/"},{"@type":"ListItem","position":2,"name":"Nos accompagnements","item":"https:\/\/www.reseau-entreprendre.org\/alsace\/accompagnement\/"},{"@type":"ListItem","position":3,"name":"Accompagnement Start by R\u00e9seau Entreprendre"}]},{"@type":"WebSite","@id":"https:\/\/www.reseau-entreprendre.org\/alsace\/#website","url":"https:\/\/www.reseau-entreprendre.org\/alsace\/","name":"R\u00e9seau Entreprendre Alsace","description":"Un site utilisant Les sites de R\u00e9seau Entreprendre","potentialAction":[{"@type":"SearchAction","target":{"@type":"EntryPoint","urlTemplate":"https:\/\/www.reseau-entreprendre.org\/alsace\/?s={search_term_string}"},"query-input":{"@type":"PropertyValueSpecification","valueRequired":true,"valueName":"search_term_string"}}],"inLanguage":"fr-FR"}]}},"_links":{"self":[{"href":"https:\/\/www.reseau-entreprendre.org\/alsace\/wp-json\/wp\/v2\/pages\/2851","targetHints":{"allow":["GET"]}}],"collection":[{"href":"https:\/\/www.reseau-entreprendre.org\/alsace\/wp-json\/wp\/v2\/pages"}],"about":[{"href":"https:\/\/www.reseau-entreprendre.org\/alsace\/wp-json\/wp\/v2\/types\/page"}],"author":[{"embeddable":true,"href":"https:\/\/www.reseau-entreprendre.org\/alsace\/wp-json\/wp\/v2\/users\/124"}],"replies":[{"embeddable":true,"href":"https:\/\/www.reseau-entreprendre.org\/alsace\/wp-json\/wp\/v2\/comments?post=2851"}],"version-history":[{"count":0,"href":"https:\/\/www.reseau-entreprendre.org\/alsace\/wp-json\/wp\/v2\/pages\/2851\/revisions"}],"up":[{"embeddable":true,"href":"https:\/\/www.reseau-entreprendre.org\/alsace\/wp-json\/wp\/v2\/pages\/2974"}],"wp:attachment":[{"href":"https:\/\/www.reseau-entreprendre.org\/alsace\/wp-json\/wp\/v2\/media?parent=2851"}],"curies":[{"name":"wp","href":"https:\/\/api.w.org\/{rel}","templated":true}]}}