{"id":2918,"date":"2017-12-08T15:46:32","date_gmt":"2017-12-08T14:46:32","guid":{"rendered":"https:\/\/www.reseau-entreprendre.org\/alsace\/?page_id=2918"},"modified":"2022-03-11T15:56:34","modified_gmt":"2022-03-11T14:56:34","slug":"accompagnement-booster-by-reseau-entreprendre","status":"publish","type":"page","link":"https:\/\/www.reseau-entreprendre.org\/alsace\/accompagnement\/accompagnement-booster-by-reseau-entreprendre\/","title":{"rendered":"Accompagnement Booster by R\u00e9seau Entreprendre"},"content":{"rendered":"\n<p>R\u00e9seau Entreprendre Alsace vous accompagne pour concr\u00e9tiser et r\u00e9ussir un projet de d\u00e9veloppement structurant.<\/p>\n\n\n\n<h4 class=\"wp-block-heading\">Vous souhaitez \u00eatre accompagn\u00e9 par R\u00e9seau Entreprendre ?<\/h4>\n\n\n\n<h2 class=\"wp-block-heading\">Parcours du programme d\u2019accompagnement Booster<\/h2>\n\n\n\n<p>Les dirigeants d\u2019entreprise qui int\u00e8grent le programme Booster peuvent b\u00e9n\u00e9ficier d&#8217;un accompagnement focalis\u00e9 sur les chantiers de d\u00e9veloppement prioritaires :<\/p>\n\n\n\n<ul class=\"wp-block-list\"><li><strong>Accompagnement coll\u00e9gial et individuel\u00a0<\/strong>: deux chefs d\u2019entreprises membres de R\u00e9seau Entreprendre Alsace accompagnent b\u00e9n\u00e9volement le dirigeant d\u2019entreprise qui souhaite mener \u00e0 bien un projet de d\u00e9veloppement structurant<\/li><li><strong>Fr\u00e9quence bimestrielle pendant 24 mois\u00a0<\/strong>: les rencontres entre le dirigeant d\u2019entreprise et les chefs d\u2019entreprise accompagnateurs ont lieu tous les deux mois (voire tous les mois lorsque c\u2019est n\u00e9cessaire) durant une p\u00e9riode allant jusqu\u2019\u00e0 3 ans<\/li><li><strong>Pr\u00eat d\u2019honneur au candidat<\/strong> : <ul><li>de 30 \u00e0 90 K\u20ac sans int\u00e9r\u00eat et sans garantie<\/li><li>remboursable sur 48 mois avec un diff\u00e9r\u00e9 de remboursement de 6 mois <\/li><\/ul><\/li><\/ul>\n\n\n\n<p>Mise en r\u00e9seau locale, nationale et internationale (R\u00e9seau Entreprendre f\u00e9d\u00e8re 14.000 chefs d\u2019entreprise).<\/p>\n\n\n\n<h2 class=\"wp-block-heading\">Pourquoi le programme Booster ?<\/h2>\n\n\n\n<ul class=\"wp-block-list\"><li>Conforter votre d\u00e9veloppement en b\u00e9n\u00e9ficiant de l\u2019exp\u00e9rience, de l\u2019expertise et des connaissances d\u2019autres chefs d\u2019entreprise<\/li><li>Apporter un appui th\u00e9matique (d\u00e9velopper l\u2019offre produits\/services, conqu\u00e9rir de nouveaux territoires, renforcer l\u2019outil industriel, acqu\u00e9rir une entreprise, effectuer un pivot&#8230;)<\/li><\/ul>\n\n\n\n<h3 class=\"wp-block-heading\">Objectif<\/h3>\n\n\n\n<p>Passer le cap des 10 emplois.<\/p>\n\n\n\n<h3 class=\"wp-block-heading\">Conditions d\u2019entr\u00e9e<\/h3>\n\n\n\n<ul class=\"wp-block-list\"><li><strong>Chiffre d\u2019affaires &gt; 500 K\u20ac<\/strong><br>Pour pouvoir int\u00e9grer le programme Booster, votre entreprise doit r\u00e9aliser un chiffre d\u2019affaires sup\u00e9rieur \u00e0 500K\u20ac\u2026<\/li><li><strong>Plus de 5 salari\u00e9s<\/strong> en \u00e9quivalent temps plein<\/li><li><strong style=\"font-size: 1rem\">Ouvert aux entrepreneurs<\/strong> dont l&#8217;entreprise est immatricul\u00e9e depuis moins de 5 ans <\/li><\/ul>\n\n\n\n<h2 class=\"wp-block-heading\">Comment rejoindre le programme Booster ?<\/h2>\n\n\n\n<p>Dirigeant d\u2019entreprise, vous souhaitez passer un cap de d\u00e9veloppement significatif en Alsace ? <\/p>\n\n\n\n<p>Boostez votre projet en vous faisant conna\u00eetre :<\/p>\n\n\n\n<div class=\"wp-block-buttons is-content-justification-center is-layout-flex wp-container-core-buttons-is-layout-16018d1d wp-block-buttons-is-layout-flex\">\n<div class=\"wp-block-button\"><a class=\"wp-block-button__link\" href=\"https:\/\/www.reseau-entreprendre.org\/alsace\/contact\/\" target=\"_blank\" rel=\"noreferrer noopener\">Remplir une demande<\/a><\/div>\n<\/div>\n","protected":false},"excerpt":{"rendered":"<p>R\u00e9seau Entreprendre Alsace vous accompagne pour concr\u00e9tiser et r\u00e9ussir un<\/p>\n","protected":false},"author":124,"featured_media":0,"parent":2974,"menu_order":0,"comment_status":"closed","ping_status":"closed","template":"","meta":{"_acf_changed":false,"_monsterinsights_skip_tracking":false,"_monsterinsights_sitenote_active":false,"_monsterinsights_sitenote_note":"","_monsterinsights_sitenote_category":0,"footnotes":""},"class_list":["post-2918","page","type-page","status-publish","hentry"],"acf":[],"yoast_head":"<!-- This site is optimized with the Yoast SEO plugin v27.4 - https:\/\/yoast.com\/product\/yoast-seo-wordpress\/ -->\n<title>Accompagnement Booster by R\u00e9seau Entreprendre - R\u00e9seau Entreprendre Alsace<\/title>\n<meta name=\"robots\" content=\"index, follow, max-snippet:-1, max-image-preview:large, max-video-preview:-1\" \/>\n<link rel=\"canonical\" href=\"https:\/\/www.reseau-entreprendre.org\/alsace\/accompagnement\/accompagnement-booster-by-reseau-entreprendre\/\" \/>\n<meta property=\"og:locale\" content=\"fr_FR\" \/>\n<meta property=\"og:type\" content=\"article\" \/>\n<meta property=\"og:title\" content=\"Accompagnement Booster by R\u00e9seau Entreprendre - R\u00e9seau Entreprendre Alsace\" \/>\n<meta property=\"og:description\" content=\"R\u00e9seau Entreprendre Alsace vous accompagne pour concr\u00e9tiser et r\u00e9ussir un\" \/>\n<meta property=\"og:url\" content=\"https:\/\/www.reseau-entreprendre.org\/alsace\/accompagnement\/accompagnement-booster-by-reseau-entreprendre\/\" \/>\n<meta property=\"og:site_name\" content=\"R\u00e9seau Entreprendre Alsace\" \/>\n<meta property=\"article:modified_time\" content=\"2022-03-11T14:56:34+00:00\" \/>\n<meta name=\"twitter:card\" content=\"summary_large_image\" \/>\n<meta name=\"twitter:label1\" content=\"Dur\u00e9e de lecture estim\u00e9e\" \/>\n\t<meta name=\"twitter:data1\" content=\"2 minutes\" \/>\n<script type=\"application\/ld+json\" class=\"yoast-schema-graph\">{\"@context\":\"https:\\\/\\\/schema.org\",\"@graph\":[{\"@type\":\"WebPage\",\"@id\":\"https:\\\/\\\/www.reseau-entreprendre.org\\\/alsace\\\/accompagnement\\\/accompagnement-booster-by-reseau-entreprendre\\\/\",\"url\":\"https:\\\/\\\/www.reseau-entreprendre.org\\\/alsace\\\/accompagnement\\\/accompagnement-booster-by-reseau-entreprendre\\\/\",\"name\":\"Accompagnement Booster by R\u00e9seau Entreprendre - R\u00e9seau Entreprendre Alsace\",\"isPartOf\":{\"@id\":\"https:\\\/\\\/www.reseau-entreprendre.org\\\/alsace\\\/#website\"},\"datePublished\":\"2017-12-08T14:46:32+00:00\",\"dateModified\":\"2022-03-11T14:56:34+00:00\",\"breadcrumb\":{\"@id\":\"https:\\\/\\\/www.reseau-entreprendre.org\\\/alsace\\\/accompagnement\\\/accompagnement-booster-by-reseau-entreprendre\\\/#breadcrumb\"},\"inLanguage\":\"fr-FR\",\"potentialAction\":[{\"@type\":\"ReadAction\",\"target\":[\"https:\\\/\\\/www.reseau-entreprendre.org\\\/alsace\\\/accompagnement\\\/accompagnement-booster-by-reseau-entreprendre\\\/\"]}]},{\"@type\":\"BreadcrumbList\",\"@id\":\"https:\\\/\\\/www.reseau-entreprendre.org\\\/alsace\\\/accompagnement\\\/accompagnement-booster-by-reseau-entreprendre\\\/#breadcrumb\",\"itemListElement\":[{\"@type\":\"ListItem\",\"position\":1,\"name\":\"Accueil\",\"item\":\"https:\\\/\\\/www.reseau-entreprendre.org\\\/alsace\\\/\"},{\"@type\":\"ListItem\",\"position\":2,\"name\":\"Nos accompagnements\",\"item\":\"https:\\\/\\\/www.reseau-entreprendre.org\\\/alsace\\\/accompagnement\\\/\"},{\"@type\":\"ListItem\",\"position\":3,\"name\":\"Accompagnement Booster by R\u00e9seau Entreprendre\"}]},{\"@type\":\"WebSite\",\"@id\":\"https:\\\/\\\/www.reseau-entreprendre.org\\\/alsace\\\/#website\",\"url\":\"https:\\\/\\\/www.reseau-entreprendre.org\\\/alsace\\\/\",\"name\":\"R\u00e9seau Entreprendre Alsace\",\"description\":\"Un site utilisant Les sites de R\u00e9seau Entreprendre\",\"potentialAction\":[{\"@type\":\"SearchAction\",\"target\":{\"@type\":\"EntryPoint\",\"urlTemplate\":\"https:\\\/\\\/www.reseau-entreprendre.org\\\/alsace\\\/?s={search_term_string}\"},\"query-input\":{\"@type\":\"PropertyValueSpecification\",\"valueRequired\":true,\"valueName\":\"search_term_string\"}}],\"inLanguage\":\"fr-FR\"}]}<\/script>\n<!-- \/ Yoast SEO plugin. -->","yoast_head_json":{"title":"Accompagnement Booster by R\u00e9seau Entreprendre - R\u00e9seau Entreprendre Alsace","robots":{"index":"index","follow":"follow","max-snippet":"max-snippet:-1","max-image-preview":"max-image-preview:large","max-video-preview":"max-video-preview:-1"},"canonical":"https:\/\/www.reseau-entreprendre.org\/alsace\/accompagnement\/accompagnement-booster-by-reseau-entreprendre\/","og_locale":"fr_FR","og_type":"article","og_title":"Accompagnement Booster by R\u00e9seau Entreprendre - R\u00e9seau Entreprendre Alsace","og_description":"R\u00e9seau Entreprendre Alsace vous accompagne pour concr\u00e9tiser et r\u00e9ussir un","og_url":"https:\/\/www.reseau-entreprendre.org\/alsace\/accompagnement\/accompagnement-booster-by-reseau-entreprendre\/","og_site_name":"R\u00e9seau Entreprendre Alsace","article_modified_time":"2022-03-11T14:56:34+00:00","twitter_card":"summary_large_image","twitter_misc":{"Dur\u00e9e de lecture estim\u00e9e":"2 minutes"},"schema":{"@context":"https:\/\/schema.org","@graph":[{"@type":"WebPage","@id":"https:\/\/www.reseau-entreprendre.org\/alsace\/accompagnement\/accompagnement-booster-by-reseau-entreprendre\/","url":"https:\/\/www.reseau-entreprendre.org\/alsace\/accompagnement\/accompagnement-booster-by-reseau-entreprendre\/","name":"Accompagnement Booster by R\u00e9seau Entreprendre - R\u00e9seau Entreprendre Alsace","isPartOf":{"@id":"https:\/\/www.reseau-entreprendre.org\/alsace\/#website"},"datePublished":"2017-12-08T14:46:32+00:00","dateModified":"2022-03-11T14:56:34+00:00","breadcrumb":{"@id":"https:\/\/www.reseau-entreprendre.org\/alsace\/accompagnement\/accompagnement-booster-by-reseau-entreprendre\/#breadcrumb"},"inLanguage":"fr-FR","potentialAction":[{"@type":"ReadAction","target":["https:\/\/www.reseau-entreprendre.org\/alsace\/accompagnement\/accompagnement-booster-by-reseau-entreprendre\/"]}]},{"@type":"BreadcrumbList","@id":"https:\/\/www.reseau-entreprendre.org\/alsace\/accompagnement\/accompagnement-booster-by-reseau-entreprendre\/#breadcrumb","itemListElement":[{"@type":"ListItem","position":1,"name":"Accueil","item":"https:\/\/www.reseau-entreprendre.org\/alsace\/"},{"@type":"ListItem","position":2,"name":"Nos accompagnements","item":"https:\/\/www.reseau-entreprendre.org\/alsace\/accompagnement\/"},{"@type":"ListItem","position":3,"name":"Accompagnement Booster by R\u00e9seau Entreprendre"}]},{"@type":"WebSite","@id":"https:\/\/www.reseau-entreprendre.org\/alsace\/#website","url":"https:\/\/www.reseau-entreprendre.org\/alsace\/","name":"R\u00e9seau Entreprendre Alsace","description":"Un site utilisant Les sites de R\u00e9seau Entreprendre","potentialAction":[{"@type":"SearchAction","target":{"@type":"EntryPoint","urlTemplate":"https:\/\/www.reseau-entreprendre.org\/alsace\/?s={search_term_string}"},"query-input":{"@type":"PropertyValueSpecification","valueRequired":true,"valueName":"search_term_string"}}],"inLanguage":"fr-FR"}]}},"_links":{"self":[{"href":"https:\/\/www.reseau-entreprendre.org\/alsace\/wp-json\/wp\/v2\/pages\/2918","targetHints":{"allow":["GET"]}}],"collection":[{"href":"https:\/\/www.reseau-entreprendre.org\/alsace\/wp-json\/wp\/v2\/pages"}],"about":[{"href":"https:\/\/www.reseau-entreprendre.org\/alsace\/wp-json\/wp\/v2\/types\/page"}],"author":[{"embeddable":true,"href":"https:\/\/www.reseau-entreprendre.org\/alsace\/wp-json\/wp\/v2\/users\/124"}],"replies":[{"embeddable":true,"href":"https:\/\/www.reseau-entreprendre.org\/alsace\/wp-json\/wp\/v2\/comments?post=2918"}],"version-history":[{"count":0,"href":"https:\/\/www.reseau-entreprendre.org\/alsace\/wp-json\/wp\/v2\/pages\/2918\/revisions"}],"up":[{"embeddable":true,"href":"https:\/\/www.reseau-entreprendre.org\/alsace\/wp-json\/wp\/v2\/pages\/2974"}],"wp:attachment":[{"href":"https:\/\/www.reseau-entreprendre.org\/alsace\/wp-json\/wp\/v2\/media?parent=2918"}],"curies":[{"name":"wp","href":"https:\/\/api.w.org\/{rel}","templated":true}]}}