{"id":17,"date":"2017-04-28T12:34:01","date_gmt":"2017-04-28T10:34:01","guid":{"rendered":"https:\/\/www.reseau-entreprendre.org\/aquitaine\/?page_id=17"},"modified":"2023-06-13T11:23:29","modified_gmt":"2023-06-13T09:23:29","slug":"soutenir","status":"publish","type":"page","link":"https:\/\/www.reseau-entreprendre.org\/aquitaine\/soutenir\/","title":{"rendered":"Soutenir"},"content":{"rendered":"\n<h2 class=\"wp-block-heading has-re-blue-color has-text-color\">Qui sont nos partenaires financiers&nbsp;et en quoi sont-ils essentiels \u00e0 la r\u00e9ussite de nos actions&nbsp;?<\/h2>\n\n\n\n<h3 class=\"wp-block-heading has-re-red-color has-text-color\">Les partenaires historiques<\/h3>\n\n\n\n<p>Les partenaires historiques furent les premiers, il y a plus de 20 ans, \u00e0 accorder leur confiance \u00e0 R\u00e9seau Entreprendre\u00ae Aquitaine en soutenant le d\u00e9veloppement de ses premi\u00e8res actions sur le territoire r\u00e9gional. A l\u2019origine de la constitution du fonds de pr\u00eats d\u2019honneur octroy\u00e9s aux projets Laur\u00e9ats, ils sont au nombre de quatre&nbsp;: la <strong>Caisse des D\u00e9p\u00f4ts<\/strong>, la <strong>Caisse d\u2019Epargne Aquitaine Poitou-Charentes<\/strong>, le <strong>D\u00e9partement de la Gironde<\/strong> et l\u2019<strong>Europe<\/strong> \u00e0 travers le programme <strong>FEDER<\/strong>.<\/p>\n\n\n\n<div style=\"height:20px\" aria-hidden=\"true\" class=\"wp-block-spacer\"><\/div>\n\n\n\n<h3 class=\"wp-block-heading has-re-red-color has-text-color\">Les partenaires bancaires<\/h3>\n\n\n\n<p>Nos partenaires bancaires, la <strong>Banque Populaire Aquitaine Centre-Atlantique<\/strong>, le <strong>CIC Sud-Ouest<\/strong>, le <strong>Cr\u00e9dit Agricole Aquitaine<\/strong> et le <strong>Cr\u00e9dit Mutuel du Sud-Ouest<\/strong>, apportent un soutien financier indispensable \u00e0 R\u00e9seau Entreprendre\u00ae Aquitaine. Chacun d\u2019entre eux abonde annuellement le fonds de pr\u00eats d\u2019honneur d\u2019un montant identique et participe au budget de fonctionnement de l\u2019association. Ils s\u2019engagent \u00e9galement \u00e0 recevoir les laur\u00e9ats et candidats orient\u00e9s par l\u2019association. Les coordonn\u00e9es des partenaires bancaires sont syst\u00e9matiquement transmises \u00e0 tous les porteurs de projet lors des premiers rendez-vous.<\/p>\n\n\n\n<div style=\"height:20px\" aria-hidden=\"true\" class=\"wp-block-spacer\"><\/div>\n\n\n\n<h3 class=\"wp-block-heading has-re-red-color has-text-color\">Les partenaires financiers et op\u00e9rationnels<\/h3>\n\n\n\n<p>R\u00e9seau Entreprendre\u00ae Aquitaine compte \u00e9galement des partenaires publics, institutionnels et associatifs \u00e0 ses c\u00f4t\u00e9s\u00a0: la <strong>R\u00e9gion Nouvelle-Aquitaine<\/strong>, <strong>Bordeaux M\u00e9tropole<\/strong>, la <strong>Chambre de Commerce et d\u2019Industrie Bordeaux Gironde<\/strong>, la <strong>Fondation de France<\/strong>, la <strong>Mairie de Bordeaux<\/strong> et<strong> BPI France<\/strong>. Au-del\u00e0 de leur concours financier au budget de fonctionnement et au fonds de pr\u00eats, ces partenaires apportent \u00e9galement leur contribution op\u00e9rationnelle \u00e0 l\u2019association, la soutenant par exemple dans l\u2019organisation de ses \u00e9v\u00e8nements et campagnes de communication ou dans son organisation quotidienne.<\/p>\n\n\n\n<p>Enfin, certains partenaires apportent directement leur soutien aux Laur\u00e9ats de l\u2019association, \u00e0 l\u2019image du <strong>MEDEF et de la CPME Gironde<\/strong> qui proposent un service d\u2019aide juridique gratuit durant les deux ann\u00e9es d\u2019accompagnement.<\/p>\n\n\n\n<div style=\"height:40px\" aria-hidden=\"true\" class=\"wp-block-spacer\"><\/div>\n\n\n\n<h2 class=\"wp-block-heading has-re-blue-color has-text-color\">L\u2019importance des partenariats locaux<\/h2>\n\n\n\n<p>R\u00e9seau Entreprendre\u00ae Aquitaine avance au quotidien avec l\u2019ensemble de ses partenaires \u00e0 ses c\u00f4t\u00e9s. C\u2019est gr\u00e2ce \u00e0 leur ancrage local et leurs collaborateurs, interlocuteurs directs de l\u2019association, que des relations durables se construisent. V\u00e9ritables prescripteurs de l\u2019association, ils reconnaissent la valeur apport\u00e9e par notre accompagnement et s\u2019engagent \u00e0 soutenir nos Laur\u00e9ats.<\/p>\n","protected":false},"excerpt":{"rendered":"<p>Qui sont nos partenaires financiers&nbsp;et en quoi sont-ils essentiels \u00e0<\/p>\n","protected":false},"author":59,"featured_media":0,"parent":0,"menu_order":0,"comment_status":"closed","ping_status":"closed","template":"","meta":{"_acf_changed":false,"_monsterinsights_skip_tracking":false,"_monsterinsights_sitenote_active":false,"_monsterinsights_sitenote_note":"","_monsterinsights_sitenote_category":0,"footnotes":""},"class_list":["post-17","page","type-page","status-publish","hentry"],"acf":[],"yoast_head":"<!-- This site is optimized with the Yoast SEO plugin v27.4 - https:\/\/yoast.com\/product\/yoast-seo-wordpress\/ -->\n<title>Soutenir | Reseau Entreprendre Aquitaine<\/title>\n<meta name=\"description\" content=\"Partenaire, vous souhaitez soutenir un r\u00e9seau 100% chefs d&#039;entreprise ? Rejoignez R\u00e9seau Entreprendre Aquitaine\" \/>\n<meta name=\"robots\" content=\"index, follow, max-snippet:-1, max-image-preview:large, max-video-preview:-1\" \/>\n<link rel=\"canonical\" href=\"https:\/\/www.reseau-entreprendre.org\/aquitaine\/soutenir\/\" \/>\n<meta property=\"og:locale\" content=\"fr_FR\" \/>\n<meta property=\"og:type\" content=\"article\" \/>\n<meta property=\"og:title\" content=\"Soutenir | Reseau Entreprendre Aquitaine\" \/>\n<meta property=\"og:description\" content=\"Partenaire, vous souhaitez soutenir un r\u00e9seau 100% chefs d&#039;entreprise ? Rejoignez R\u00e9seau Entreprendre Aquitaine\" \/>\n<meta property=\"og:url\" content=\"https:\/\/www.reseau-entreprendre.org\/aquitaine\/soutenir\/\" \/>\n<meta property=\"og:site_name\" content=\"R\u00e9seau Entreprendre Aquitaine\" \/>\n<meta property=\"article:modified_time\" content=\"2023-06-13T09:23:29+00:00\" \/>\n<meta name=\"twitter:card\" content=\"summary_large_image\" \/>\n<meta name=\"twitter:label1\" content=\"Dur\u00e9e de lecture estim\u00e9e\" \/>\n\t<meta name=\"twitter:data1\" content=\"2 minutes\" \/>\n<script type=\"application\/ld+json\" class=\"yoast-schema-graph\">{\"@context\":\"https:\\\/\\\/schema.org\",\"@graph\":[{\"@type\":\"WebPage\",\"@id\":\"https:\\\/\\\/www.reseau-entreprendre.org\\\/aquitaine\\\/soutenir\\\/\",\"url\":\"https:\\\/\\\/www.reseau-entreprendre.org\\\/aquitaine\\\/soutenir\\\/\",\"name\":\"Soutenir | Reseau Entreprendre Aquitaine\",\"isPartOf\":{\"@id\":\"https:\\\/\\\/www.reseau-entreprendre.org\\\/aquitaine\\\/#website\"},\"datePublished\":\"2017-04-28T10:34:01+00:00\",\"dateModified\":\"2023-06-13T09:23:29+00:00\",\"description\":\"Partenaire, vous souhaitez soutenir un r\u00e9seau 100% chefs d'entreprise ? Rejoignez R\u00e9seau Entreprendre Aquitaine\",\"breadcrumb\":{\"@id\":\"https:\\\/\\\/www.reseau-entreprendre.org\\\/aquitaine\\\/soutenir\\\/#breadcrumb\"},\"inLanguage\":\"fr-FR\",\"potentialAction\":[{\"@type\":\"ReadAction\",\"target\":[\"https:\\\/\\\/www.reseau-entreprendre.org\\\/aquitaine\\\/soutenir\\\/\"]}]},{\"@type\":\"BreadcrumbList\",\"@id\":\"https:\\\/\\\/www.reseau-entreprendre.org\\\/aquitaine\\\/soutenir\\\/#breadcrumb\",\"itemListElement\":[{\"@type\":\"ListItem\",\"position\":1,\"name\":\"Accueil\",\"item\":\"https:\\\/\\\/www.reseau-entreprendre.org\\\/aquitaine\\\/\"},{\"@type\":\"ListItem\",\"position\":2,\"name\":\"Soutenir\"}]},{\"@type\":\"WebSite\",\"@id\":\"https:\\\/\\\/www.reseau-entreprendre.org\\\/aquitaine\\\/#website\",\"url\":\"https:\\\/\\\/www.reseau-entreprendre.org\\\/aquitaine\\\/\",\"name\":\"R\u00e9seau Entreprendre Aquitaine\",\"description\":\"Un site utilisant Les sites de R\u00e9seau Entreprendre\",\"potentialAction\":[{\"@type\":\"SearchAction\",\"target\":{\"@type\":\"EntryPoint\",\"urlTemplate\":\"https:\\\/\\\/www.reseau-entreprendre.org\\\/aquitaine\\\/?s={search_term_string}\"},\"query-input\":{\"@type\":\"PropertyValueSpecification\",\"valueRequired\":true,\"valueName\":\"search_term_string\"}}],\"inLanguage\":\"fr-FR\"}]}<\/script>\n<!-- \/ Yoast SEO plugin. -->","yoast_head_json":{"title":"Soutenir | Reseau Entreprendre Aquitaine","description":"Partenaire, vous souhaitez soutenir un r\u00e9seau 100% chefs d'entreprise ? Rejoignez R\u00e9seau Entreprendre Aquitaine","robots":{"index":"index","follow":"follow","max-snippet":"max-snippet:-1","max-image-preview":"max-image-preview:large","max-video-preview":"max-video-preview:-1"},"canonical":"https:\/\/www.reseau-entreprendre.org\/aquitaine\/soutenir\/","og_locale":"fr_FR","og_type":"article","og_title":"Soutenir | Reseau Entreprendre Aquitaine","og_description":"Partenaire, vous souhaitez soutenir un r\u00e9seau 100% chefs d'entreprise ? Rejoignez R\u00e9seau Entreprendre Aquitaine","og_url":"https:\/\/www.reseau-entreprendre.org\/aquitaine\/soutenir\/","og_site_name":"R\u00e9seau Entreprendre Aquitaine","article_modified_time":"2023-06-13T09:23:29+00:00","twitter_card":"summary_large_image","twitter_misc":{"Dur\u00e9e de lecture estim\u00e9e":"2 minutes"},"schema":{"@context":"https:\/\/schema.org","@graph":[{"@type":"WebPage","@id":"https:\/\/www.reseau-entreprendre.org\/aquitaine\/soutenir\/","url":"https:\/\/www.reseau-entreprendre.org\/aquitaine\/soutenir\/","name":"Soutenir | Reseau Entreprendre Aquitaine","isPartOf":{"@id":"https:\/\/www.reseau-entreprendre.org\/aquitaine\/#website"},"datePublished":"2017-04-28T10:34:01+00:00","dateModified":"2023-06-13T09:23:29+00:00","description":"Partenaire, vous souhaitez soutenir un r\u00e9seau 100% chefs d'entreprise ? Rejoignez R\u00e9seau Entreprendre Aquitaine","breadcrumb":{"@id":"https:\/\/www.reseau-entreprendre.org\/aquitaine\/soutenir\/#breadcrumb"},"inLanguage":"fr-FR","potentialAction":[{"@type":"ReadAction","target":["https:\/\/www.reseau-entreprendre.org\/aquitaine\/soutenir\/"]}]},{"@type":"BreadcrumbList","@id":"https:\/\/www.reseau-entreprendre.org\/aquitaine\/soutenir\/#breadcrumb","itemListElement":[{"@type":"ListItem","position":1,"name":"Accueil","item":"https:\/\/www.reseau-entreprendre.org\/aquitaine\/"},{"@type":"ListItem","position":2,"name":"Soutenir"}]},{"@type":"WebSite","@id":"https:\/\/www.reseau-entreprendre.org\/aquitaine\/#website","url":"https:\/\/www.reseau-entreprendre.org\/aquitaine\/","name":"R\u00e9seau Entreprendre Aquitaine","description":"Un site utilisant Les sites de R\u00e9seau Entreprendre","potentialAction":[{"@type":"SearchAction","target":{"@type":"EntryPoint","urlTemplate":"https:\/\/www.reseau-entreprendre.org\/aquitaine\/?s={search_term_string}"},"query-input":{"@type":"PropertyValueSpecification","valueRequired":true,"valueName":"search_term_string"}}],"inLanguage":"fr-FR"}]}},"_links":{"self":[{"href":"https:\/\/www.reseau-entreprendre.org\/aquitaine\/wp-json\/wp\/v2\/pages\/17","targetHints":{"allow":["GET"]}}],"collection":[{"href":"https:\/\/www.reseau-entreprendre.org\/aquitaine\/wp-json\/wp\/v2\/pages"}],"about":[{"href":"https:\/\/www.reseau-entreprendre.org\/aquitaine\/wp-json\/wp\/v2\/types\/page"}],"author":[{"embeddable":true,"href":"https:\/\/www.reseau-entreprendre.org\/aquitaine\/wp-json\/wp\/v2\/users\/59"}],"replies":[{"embeddable":true,"href":"https:\/\/www.reseau-entreprendre.org\/aquitaine\/wp-json\/wp\/v2\/comments?post=17"}],"version-history":[{"count":0,"href":"https:\/\/www.reseau-entreprendre.org\/aquitaine\/wp-json\/wp\/v2\/pages\/17\/revisions"}],"wp:attachment":[{"href":"https:\/\/www.reseau-entreprendre.org\/aquitaine\/wp-json\/wp\/v2\/media?parent=17"}],"curies":[{"name":"wp","href":"https:\/\/api.w.org\/{rel}","templated":true}]}}