{"id":11,"date":"2017-04-28T12:33:20","date_gmt":"2017-04-28T10:33:20","guid":{"rendered":"http:\/\/re-preprod-entreprendre.fr\/rhone-alpes\/?page_id=11"},"modified":"2021-10-15T11:06:05","modified_gmt":"2021-10-15T09:06:05","slug":"qui-sommes-nous","status":"publish","type":"page","link":"https:\/\/www.reseau-entreprendre.org\/auvergne-rhone-alpes\/qui-sommes-nous\/","title":{"rendered":"Qui sommes-nous"},"content":{"rendered":"\n<p><strong>L\u2019association R\u00e9seau Entreprendre\u00ae<\/strong><\/p>\n\n\n\n<p>L\u2019association R\u00e9seau Entreprendre\u00ae est n\u00e9e de la conscience d\u2019un homme : Andr\u00e9 Mulliez, alors PDG du groupe Phildar. Les m\u00e8res de famille ne tricotent plus et ce sont 600 personnes qui doivent \u00eatre licenci\u00e9es. L\u2019id\u00e9e d\u2019Andr\u00e9 Mulliez et de quelques membres de sa famille voit donc le jour dans le principe suivant : &#8220;Pour cr\u00e9er des emplois, cr\u00e9ons des employeurs&#8221;.<br>Nord Entreprendre, devenue depuis R\u00e9seau Entreprendre\u00ae Nord, la premi\u00e8re association d&#8217;un r\u00e9seau national d&#8217;entrepreneurs. C&#8217;est dans cet esprit que le mouvement est n\u00e9 \u00e0 Roubaix en 1986 avec Nord Entreprendre. La d\u00e9marche a ensuite \u00e9t\u00e9 relay\u00e9e en 1992 en Rh\u00f4ne-Alpes puis par de nombreuses initiatives de chefs d&#8217;entreprises locaux avant de devenir un mouvement national et international. Fort de ce dynamisme, R\u00e9seau Entreprendre\u00ae compte aujourd&#8217;hui <strong>83 implantations<\/strong> en France et <strong>28 implantations \u00e0 l\u2019international <\/strong>et a \u00e9t\u00e9 <strong>Reconnue d&#8217;Utilit\u00e9 Publique<\/strong>, par d\u00e9cret en Conseil d&#8217;Etat le 15\/01\/2003.<\/p>\n\n\n\n<p><strong>L\u2019association R\u00e9seau Entreprendre Auvergne Rh\u00f4ne-Alpes<\/strong><\/p>\n\n\n\n<p>Implant\u00e9 sur la r\u00e9gion depuis 1992, R\u00e9seau Entreprendre en Auvergne Rh\u00f4ne Alpes regroupe 19 implantations coordonn\u00e9es par une association r\u00e9gionale Auvergne Rh\u00f4ne-Alpes, adh\u00e9rente du R\u00e9seau Entreprendre, r\u00e9seau d\u2019accompagnement et de financement de la cr\u00e9ation d\u2019entreprises \u00e0 fort potentiel et innovante en France.<\/p>\n\n\n\n<p>Les associations R\u00e9seau Entreprendre interviennent sur l\u2019ensemble du territoire r\u00e9gional avec des zones d\u2019intervention d\u00e9partementales\u00a0:<\/p>\n\n\n\n<div style=\"height:29px\" aria-hidden=\"true\" class=\"wp-block-spacer\"><\/div>\n\n\n\n<figure class=\"wp-block-image\"><img loading=\"lazy\" decoding=\"async\" width=\"1024\" height=\"578\" src=\"https:\/\/www.reseau-entreprendre.org\/wp-content\/uploads\/sites\/76\/2017\/04\/AURA-1024x578.jpg\" alt=\"\" class=\"wp-image-751\" srcset=\"https:\/\/www.reseau-entreprendre.org\/auvergne-rhone-alpes\/wp-content\/uploads\/sites\/76\/2017\/04\/AURA-1024x578.jpg 1024w, https:\/\/www.reseau-entreprendre.org\/auvergne-rhone-alpes\/wp-content\/uploads\/sites\/76\/2017\/04\/AURA-300x169.jpg 300w, https:\/\/www.reseau-entreprendre.org\/auvergne-rhone-alpes\/wp-content\/uploads\/sites\/76\/2017\/04\/AURA-768x434.jpg 768w\" sizes=\"auto, (max-width: 1024px) 100vw, 1024px\" \/><\/figure>\n\n\n\n<div style=\"height:29px\" aria-hidden=\"true\" class=\"wp-block-spacer\"><\/div>\n\n\n\n<p><strong>Les chiffres cl\u00e9s de R\u00e9seau Entreprendre Auvergne Rh\u00f4ne-Alpes<\/strong><\/p>\n\n\n\n<p>Compte tenu de sa comp\u00e9tence et de son ant\u00e9riorit\u00e9 sur le territoire, R\u00e9seau Entreprendre a d\u00e9velopp\u00e9 une exp\u00e9rience et une l\u00e9gitimit\u00e9 dans l\u2019accompagnement et le suivi de projets cr\u00e9ateurs d\u2019emplois, et plus g\u00e9n\u00e9ralement dans la stimulation de l\u2019entreprenariat.<\/p>\n\n\n\n<p><strong>Depuis 1992 : <\/strong><\/p>\n\n\n\n<ul class=\"wp-block-list\"><li><strong>1 722<\/strong> entreprises accompagn\u00e9es<\/li><li><strong>16 165 <\/strong>emplois cr\u00e9\u00e9s ou pr\u00e9serv\u00e9s<\/li><li><strong>41,5 M\u20ac<\/strong> de pr\u00eats engag\u00e9s<\/li><\/ul>\n\n\n\n<p><strong>En 2016&nbsp;: <\/strong><\/p>\n\n\n\n<ul class=\"wp-block-list\"><li><strong>329<\/strong> entreprises en cours d\u2019accompagnement (triennal)<\/li><li><strong>59<\/strong> emplois cr\u00e9\u00e9s ou pr\u00e9serv\u00e9s par entreprise accompagn\u00e9e par an (en moyenne)<\/li><li><strong>8 M\u20ac<\/strong> de pr\u00eats engag\u00e9s par an<\/li><li><strong>88%<\/strong> des entreprises sont toujours en activit\u00e9 5 ans apr\u00e8s d\u00e9marrage<\/li><\/ul>\n\n\n\n<p>Pour atteindre ces r\u00e9sultats, nous pouvons compter sur l\u2019engagement de nos <strong>1245 chefs d\u2019entreprises<\/strong> dont 80% sont des chefs d\u2019entreprises ou cadres dirigeants en activit\u00e9. Ils transmettent leur passion et leur exp\u00e9rience entrepreneuriale et contribue au d\u00e9veloppement \u00e9conomique de leur territoire.<\/p>\n\n\n\n<div style=\"height:25px\" aria-hidden=\"true\" class=\"wp-block-spacer\"><\/div>\n\n\n\n<div class=\"wp-block-columns bordures chiffres-cles is-layout-flex wp-container-core-columns-is-layout-9d6595d7 wp-block-columns-is-layout-flex\">\n<div class=\"wp-block-column is-layout-flow wp-block-column-is-layout-flow\"><div>\n        <span class=\"d-block w-100 text-center\" style=\"color:#1595bf\">\n            <svg class=\"icon\" width=\"89\" height=\"75\" viewBox=\"0 0 89 75\" fill=\"none\" xmlns=\"http:\/\/www.w3.org\/2000\/svg\">\n<g id=\"Ic&#195;&#180;ne Chef d&#39;entreprise\">\n<path id=\"Stroke 1\" d=\"M49.5241 1L39.1261 25.2621\" stroke=\"currentColor\" stroke-width=\"1.93752\" stroke-linecap=\"round\" stroke-linejoin=\"round\"\/>\n<path id=\"Stroke 3\" d=\"M49.5242 25.2621L59.9222 1\" stroke=\"currentColor\" stroke-width=\"1.93752\" stroke-linecap=\"round\" stroke-linejoin=\"round\"\/>\n<path id=\"Stroke 6\" d=\"M52.9901 46.0579H77.2522\" stroke=\"currentColor\" stroke-width=\"1.93752\" stroke-linecap=\"round\" stroke-linejoin=\"round\"\/>\n<path id=\"Stroke 7\" d=\"M52.9901 35.66H77.2522\" stroke=\"currentColor\" stroke-width=\"1.93752\" stroke-linecap=\"round\" stroke-linejoin=\"round\"\/>\n<path id=\"Stroke 8\" d=\"M52.9901 56.4563H77.2522\" stroke=\"currentColor\" stroke-width=\"1.93752\" stroke-linecap=\"round\" stroke-linejoin=\"round\"\/>\n<path id=\"Stroke 9\" fill-rule=\"evenodd\" clip-rule=\"evenodd\" d=\"M35.6601 40.8589C35.6601 45.6472 31.7799 49.5239 26.9951 49.5239C22.2103 49.5239 18.3301 45.6472 18.3301 40.8589C18.3301 36.0706 22.2103 32.1938 26.9951 32.1938C31.7799 32.1938 35.6601 36.0706 35.6601 40.8589Z\" stroke=\"currentColor\" stroke-width=\"1.93752\" stroke-linejoin=\"round\"\/>\n<path id=\"Stroke 11\" d=\"M42.5921 63.3883V61.1492C42.5921 58.314 40.8661 55.7665 38.2336 54.7128L33.9271 52.9902L26.9951 59.9223L20.0631 52.9902L15.7566 54.7128C13.1241 55.7665 11.3981 58.314 11.3981 61.1492V63.3883\" stroke=\"currentColor\" stroke-width=\"1.93752\" stroke-linecap=\"round\" stroke-linejoin=\"round\"\/>\n<path id=\"Stroke 13\" d=\"M60.9122 14.8643H80.7187C84.5469 14.8643 87.6507 17.9681 87.6507 21.7963V66.8544C87.6507 70.6826 84.5469 73.7864 80.7187 73.7864H7.9325C4.1043 73.7864 1.00049 70.6826 1.00049 66.8544V21.7963C1.00049 17.9681 4.1043 14.8643 7.9325 14.8643H43.5821\" stroke=\"currentColor\" stroke-width=\"1.93752\" stroke-linecap=\"round\" stroke-linejoin=\"round\"\/>\n<path id=\"Stroke 15\" d=\"M39.1261 1L44.3251 13.131\" stroke=\"currentColor\" stroke-width=\"1.93752\" stroke-linecap=\"round\" stroke-linejoin=\"round\"\/>\n<path id=\"Stroke 17\" d=\"M34.67 14.864L28.7275 1\" stroke=\"currentColor\" stroke-width=\"1.93752\" stroke-linecap=\"round\" stroke-linejoin=\"round\"\/>\n<path id=\"Stroke 19\" d=\"M51.01 21.7959H51.2578C52.2127 21.7959 52.9908 22.5706 52.9908 23.5289C52.9908 24.4873 52.2127 25.2619 51.2578 25.2619H37.3938C36.4372 25.2619 35.6608 24.4873 35.6608 23.5289C35.6608 22.5706 36.4372 21.7959 37.3938 21.7959H40.612\" stroke=\"currentColor\" stroke-width=\"1.93752\" stroke-linejoin=\"round\"\/>\n<\/g>\n<\/svg>        <\/span>\n    <\/div>\n\n\n\n<div style=\"height:20px\" aria-hidden=\"true\" class=\"wp-block-spacer\"><\/div>\n\n\n\n<h2 class=\"has-text-align-center has-re-blue-color has-text-color wp-block-heading\"><strong><strong>1722<\/strong><\/strong><\/h2>\n\n\n\n<h3 class=\"has-text-align-center has-re-blue-color has-text-color wp-block-heading\"><strong>Entreprises laur\u00e9ats<\/strong><\/h3>\n\n\n\n<p class=\"has-text-align-center\">accompagn\u00e9es<\/p>\n<\/div>\n\n\n\n<div class=\"wp-block-column is-layout-flow wp-block-column-is-layout-flow\"><div>\n        <span class=\"d-block w-100 text-center\" style=\"color:#ffbb61\">\n            <svg class=\"icon\" width=\"96\" height=\"64\" viewBox=\"0 0 96 64\" fill=\"none\" xmlns=\"http:\/\/www.w3.org\/2000\/svg\">\n<g id=\"Ic&#195;&#180;nes S&#39;engager\">\n<path id=\"Stroke 1\" fill-rule=\"evenodd\" clip-rule=\"evenodd\" d=\"M44.4457 61.1944C42.6579 62.9822 39.756 62.9822 37.9683 61.1944C36.1805 59.4067 36.1805 56.5048 37.9683 54.717L40.1431 52.5422C41.9308 50.7545 44.8311 50.7545 46.6205 52.5422C48.4082 54.3316 48.4082 57.2319 46.6205 59.0196L44.4457 61.1944Z\" stroke=\"currentColor\" stroke-width=\"1.42884\" stroke-linejoin=\"round\"\/>\n<path id=\"Stroke 3\" fill-rule=\"evenodd\" clip-rule=\"evenodd\" d=\"M34.7299 57.9556C32.9421 59.7434 30.0402 59.7434 28.2524 57.9556C26.4647 56.1678 26.4647 53.266 28.2524 51.4782L33.6659 46.0647C35.4537 44.2769 38.354 44.2769 40.1433 46.0647C41.9311 47.8541 41.9311 50.7543 40.1433 52.5421L34.7299 57.9556Z\" stroke=\"currentColor\" stroke-width=\"1.42884\" stroke-linejoin=\"round\"\/>\n<path id=\"Stroke 5\" fill-rule=\"evenodd\" clip-rule=\"evenodd\" d=\"M28.2523 51.4783C26.4645 53.2661 23.5627 53.2661 21.7749 51.4783C19.9871 49.6905 19.9871 46.7887 21.7749 45.0009L27.1884 39.5874C28.9762 37.7996 31.8764 37.7996 33.6658 39.5874C35.4536 41.3768 35.4536 44.277 33.6658 46.0648L28.2523 51.4783Z\" stroke=\"currentColor\" stroke-width=\"1.42884\" stroke-linejoin=\"round\"\/>\n<path id=\"Stroke 7\" fill-rule=\"evenodd\" clip-rule=\"evenodd\" d=\"M23.3944 43.3814C21.6066 45.1692 18.7048 45.1692 16.917 43.3814C15.1292 41.5937 15.1292 38.6918 16.917 36.904L20.7111 33.1099C22.4989 31.3221 25.3992 31.3221 27.1885 33.1099C28.9763 34.8993 28.9763 37.7995 27.1885 39.5873L23.3944 43.3814Z\" stroke=\"currentColor\" stroke-width=\"1.42884\" stroke-linejoin=\"round\"\/>\n<path id=\"Stroke 9\" d=\"M52.8193 49.5806L61.193 57.9559C62.9808 59.7436 65.881 59.7436 67.6704 57.9559C69.4582 56.1665 69.4582 53.2662 67.6704 51.4784\" stroke=\"currentColor\" stroke-width=\"1.42884\" stroke-linecap=\"round\" stroke-linejoin=\"round\"\/>\n<path id=\"Stroke 11\" d=\"M59.2969 43.1033L67.6705 51.4786C69.4583 53.2663 72.3586 53.2663 74.148 51.4786C75.9357 49.6892 75.9357 46.7889 74.148 45.0012L72.5286 43.3818\" stroke=\"currentColor\" stroke-width=\"1.42884\" stroke-linecap=\"round\" stroke-linejoin=\"round\"\/>\n<path id=\"Stroke 13\" d=\"M47.6621 57.3799L51.4757 61.1935C53.2651 62.9829 56.1653 62.9829 57.9531 61.1935C59.7425 59.4057 59.7425 56.5054 57.9531 54.7161\" stroke=\"currentColor\" stroke-width=\"1.42884\" stroke-linecap=\"round\" stroke-linejoin=\"round\"\/>\n<path id=\"Stroke 15\" d=\"M65.7739 36.6257L72.5282 43.3817C74.5265 45.3783 77.9126 45.1451 79.5838 42.6773C80.8274 40.8441 80.4501 38.3487 78.8858 36.7828\" stroke=\"currentColor\" stroke-width=\"1.42884\" stroke-linecap=\"round\" stroke-linejoin=\"round\"\/>\n<path id=\"Stroke 17\" fill-rule=\"evenodd\" clip-rule=\"evenodd\" d=\"M94.9223 31.7677L86.8256 36.6257L69.0127 5.77223L77.1095 1L94.9223 31.7677Z\" stroke=\"currentColor\" stroke-width=\"1.42884\" stroke-linecap=\"round\" stroke-linejoin=\"round\"\/>\n<path id=\"Stroke 19\" fill-rule=\"evenodd\" clip-rule=\"evenodd\" d=\"M1 31.7677L9.09676 36.6257L26.9096 5.77223L18.8129 1L1 31.7677Z\" stroke=\"currentColor\" stroke-width=\"1.42884\" stroke-linecap=\"round\" stroke-linejoin=\"round\"\/>\n<path id=\"Stroke 21\" d=\"M69.7957 7.12793C68.471 7.3433 67.1253 7.47771 65.7748 7.47771L48.7473 7.47609C46.1693 7.47609 43.7014 8.4979 41.0133 11.186L38.0499 14.1511C37.1382 15.0611 36.6265 16.2983 36.6265 17.5857V30.1486C36.6265 31.0425 37.3503 31.768 38.2458 31.768H39.8652C43.4423 31.768 46.3426 28.8677 46.3426 25.2906V22.0519L46.3458 22.0486C51.267 17.1339 59.2391 17.1355 64.1571 22.0535L78.8851 36.7831L85.0775 33.5962\" stroke=\"currentColor\" stroke-width=\"1.42884\" stroke-linejoin=\"round\"\/>\n<path id=\"Stroke 23\" d=\"M10.8457 33.5967L17.0365 36.7836\" stroke=\"currentColor\" stroke-width=\"1.42884\" stroke-linejoin=\"round\"\/>\n<path id=\"Stroke 25\" d=\"M47.1515 7.61897C46.6268 7.53153 46.0957 7.47647 45.5564 7.47647L30.1483 7.47809C28.7978 7.47809 27.4521 7.34368 26.1274 7.12831\" stroke=\"currentColor\" stroke-width=\"1.42884\" stroke-linejoin=\"round\"\/>\n<\/g>\n<\/svg>        <\/span>\n    <\/div>\n\n\n\n<div style=\"height:20px\" aria-hidden=\"true\" class=\"wp-block-spacer\"><\/div>\n\n\n\n<h2 class=\"has-text-align-center has-re-yellow-color has-text-color wp-block-heading\"><strong>1245<\/strong> <\/h2>\n\n\n\n<h3 class=\"has-text-align-center has-re-yellow-color has-text-color wp-block-heading\"><strong><strong>Membres<\/strong><\/strong><\/h3>\n\n\n\n<p class=\"has-text-align-center\">engag\u00e9s<\/p>\n<\/div>\n<\/div>\n","protected":false},"excerpt":{"rendered":"<p>L\u2019association R\u00e9seau Entreprendre\u00ae L\u2019association R\u00e9seau Entreprendre\u00ae est n\u00e9e de la<\/p>\n","protected":false},"author":1,"featured_media":0,"parent":0,"menu_order":0,"comment_status":"closed","ping_status":"closed","template":"","meta":{"_acf_changed":false,"_monsterinsights_skip_tracking":false,"_monsterinsights_sitenote_active":false,"_monsterinsights_sitenote_note":"","_monsterinsights_sitenote_category":0,"footnotes":""},"class_list":["post-11","page","type-page","status-publish","hentry"],"acf":[],"yoast_head":"<!-- This site is optimized with the Yoast SEO plugin v27.4 - https:\/\/yoast.com\/product\/yoast-seo-wordpress\/ -->\n<title>Qui sommes-nous ? | Reseau Entreprendre Bretagne<\/title>\n<meta name=\"description\" content=\"R\u00e9seau Entreprendre Bretagne est l&#039;association de chefs d&#039;entreprise de votre r\u00e9gion.\" \/>\n<meta name=\"robots\" content=\"index, follow, max-snippet:-1, max-image-preview:large, max-video-preview:-1\" \/>\n<link rel=\"canonical\" href=\"https:\/\/www.reseau-entreprendre.org\/auvergne-rhone-alpes\/qui-sommes-nous\/\" \/>\n<meta property=\"og:locale\" content=\"fr_FR\" \/>\n<meta property=\"og:type\" content=\"article\" \/>\n<meta property=\"og:title\" content=\"Qui sommes-nous ? | Reseau Entreprendre Bretagne\" \/>\n<meta property=\"og:description\" content=\"R\u00e9seau Entreprendre Bretagne est l&#039;association de chefs d&#039;entreprise de votre r\u00e9gion.\" \/>\n<meta property=\"og:url\" content=\"https:\/\/www.reseau-entreprendre.org\/auvergne-rhone-alpes\/qui-sommes-nous\/\" \/>\n<meta property=\"og:site_name\" content=\"R\u00e9seau Entreprendre Auvergne Rh\u00f4ne-Alpes\" \/>\n<meta property=\"article:modified_time\" content=\"2021-10-15T09:06:05+00:00\" \/>\n<meta property=\"og:image\" content=\"https:\/\/www.reseau-entreprendre.org\/wp-content\/uploads\/sites\/76\/2017\/04\/AURA-1024x578.jpg\" \/>\n<meta name=\"twitter:card\" content=\"summary_large_image\" \/>\n<meta name=\"twitter:label1\" content=\"Dur\u00e9e de lecture estim\u00e9e\" \/>\n\t<meta name=\"twitter:data1\" content=\"2 minutes\" \/>\n<script type=\"application\/ld+json\" class=\"yoast-schema-graph\">{\"@context\":\"https:\\\/\\\/schema.org\",\"@graph\":[{\"@type\":\"WebPage\",\"@id\":\"https:\\\/\\\/www.reseau-entreprendre.org\\\/auvergne-rhone-alpes\\\/qui-sommes-nous\\\/\",\"url\":\"https:\\\/\\\/www.reseau-entreprendre.org\\\/auvergne-rhone-alpes\\\/qui-sommes-nous\\\/\",\"name\":\"Qui sommes-nous ? | Reseau Entreprendre Bretagne\",\"isPartOf\":{\"@id\":\"https:\\\/\\\/www.reseau-entreprendre.org\\\/auvergne-rhone-alpes\\\/#website\"},\"primaryImageOfPage\":{\"@id\":\"https:\\\/\\\/www.reseau-entreprendre.org\\\/auvergne-rhone-alpes\\\/qui-sommes-nous\\\/#primaryimage\"},\"image\":{\"@id\":\"https:\\\/\\\/www.reseau-entreprendre.org\\\/auvergne-rhone-alpes\\\/qui-sommes-nous\\\/#primaryimage\"},\"thumbnailUrl\":\"https:\\\/\\\/www.reseau-entreprendre.org\\\/wp-content\\\/uploads\\\/sites\\\/76\\\/2017\\\/04\\\/AURA-1024x578.jpg\",\"datePublished\":\"2017-04-28T10:33:20+00:00\",\"dateModified\":\"2021-10-15T09:06:05+00:00\",\"description\":\"R\u00e9seau Entreprendre Bretagne est l'association de chefs d'entreprise de votre r\u00e9gion.\",\"breadcrumb\":{\"@id\":\"https:\\\/\\\/www.reseau-entreprendre.org\\\/auvergne-rhone-alpes\\\/qui-sommes-nous\\\/#breadcrumb\"},\"inLanguage\":\"fr-FR\",\"potentialAction\":[{\"@type\":\"ReadAction\",\"target\":[\"https:\\\/\\\/www.reseau-entreprendre.org\\\/auvergne-rhone-alpes\\\/qui-sommes-nous\\\/\"]}]},{\"@type\":\"ImageObject\",\"inLanguage\":\"fr-FR\",\"@id\":\"https:\\\/\\\/www.reseau-entreprendre.org\\\/auvergne-rhone-alpes\\\/qui-sommes-nous\\\/#primaryimage\",\"url\":\"https:\\\/\\\/www.reseau-entreprendre.org\\\/wp-content\\\/uploads\\\/sites\\\/76\\\/2017\\\/04\\\/AURA-1024x578.jpg\",\"contentUrl\":\"https:\\\/\\\/www.reseau-entreprendre.org\\\/wp-content\\\/uploads\\\/sites\\\/76\\\/2017\\\/04\\\/AURA-1024x578.jpg\"},{\"@type\":\"BreadcrumbList\",\"@id\":\"https:\\\/\\\/www.reseau-entreprendre.org\\\/auvergne-rhone-alpes\\\/qui-sommes-nous\\\/#breadcrumb\",\"itemListElement\":[{\"@type\":\"ListItem\",\"position\":1,\"name\":\"Accueil\",\"item\":\"https:\\\/\\\/www.reseau-entreprendre.org\\\/auvergne-rhone-alpes\\\/\"},{\"@type\":\"ListItem\",\"position\":2,\"name\":\"Qui sommes-nous\"}]},{\"@type\":\"WebSite\",\"@id\":\"https:\\\/\\\/www.reseau-entreprendre.org\\\/auvergne-rhone-alpes\\\/#website\",\"url\":\"https:\\\/\\\/www.reseau-entreprendre.org\\\/auvergne-rhone-alpes\\\/\",\"name\":\"R\u00e9seau Entreprendre Auvergne Rh\u00f4ne-Alpes\",\"description\":\"Un site utilisant Les sites de R\u00e9seau Entreprendre\",\"potentialAction\":[{\"@type\":\"SearchAction\",\"target\":{\"@type\":\"EntryPoint\",\"urlTemplate\":\"https:\\\/\\\/www.reseau-entreprendre.org\\\/auvergne-rhone-alpes\\\/?s={search_term_string}\"},\"query-input\":{\"@type\":\"PropertyValueSpecification\",\"valueRequired\":true,\"valueName\":\"search_term_string\"}}],\"inLanguage\":\"fr-FR\"}]}<\/script>\n<!-- \/ Yoast SEO plugin. -->","yoast_head_json":{"title":"Qui sommes-nous ? | Reseau Entreprendre Bretagne","description":"R\u00e9seau Entreprendre Bretagne est l'association de chefs d'entreprise de votre r\u00e9gion.","robots":{"index":"index","follow":"follow","max-snippet":"max-snippet:-1","max-image-preview":"max-image-preview:large","max-video-preview":"max-video-preview:-1"},"canonical":"https:\/\/www.reseau-entreprendre.org\/auvergne-rhone-alpes\/qui-sommes-nous\/","og_locale":"fr_FR","og_type":"article","og_title":"Qui sommes-nous ? | Reseau Entreprendre Bretagne","og_description":"R\u00e9seau Entreprendre Bretagne est l'association de chefs d'entreprise de votre r\u00e9gion.","og_url":"https:\/\/www.reseau-entreprendre.org\/auvergne-rhone-alpes\/qui-sommes-nous\/","og_site_name":"R\u00e9seau Entreprendre Auvergne Rh\u00f4ne-Alpes","article_modified_time":"2021-10-15T09:06:05+00:00","og_image":[{"url":"https:\/\/www.reseau-entreprendre.org\/wp-content\/uploads\/sites\/76\/2017\/04\/AURA-1024x578.jpg","type":"","width":"","height":""}],"twitter_card":"summary_large_image","twitter_misc":{"Dur\u00e9e de lecture estim\u00e9e":"2 minutes"},"schema":{"@context":"https:\/\/schema.org","@graph":[{"@type":"WebPage","@id":"https:\/\/www.reseau-entreprendre.org\/auvergne-rhone-alpes\/qui-sommes-nous\/","url":"https:\/\/www.reseau-entreprendre.org\/auvergne-rhone-alpes\/qui-sommes-nous\/","name":"Qui sommes-nous ? | Reseau Entreprendre Bretagne","isPartOf":{"@id":"https:\/\/www.reseau-entreprendre.org\/auvergne-rhone-alpes\/#website"},"primaryImageOfPage":{"@id":"https:\/\/www.reseau-entreprendre.org\/auvergne-rhone-alpes\/qui-sommes-nous\/#primaryimage"},"image":{"@id":"https:\/\/www.reseau-entreprendre.org\/auvergne-rhone-alpes\/qui-sommes-nous\/#primaryimage"},"thumbnailUrl":"https:\/\/www.reseau-entreprendre.org\/wp-content\/uploads\/sites\/76\/2017\/04\/AURA-1024x578.jpg","datePublished":"2017-04-28T10:33:20+00:00","dateModified":"2021-10-15T09:06:05+00:00","description":"R\u00e9seau Entreprendre Bretagne est l'association de chefs d'entreprise de votre r\u00e9gion.","breadcrumb":{"@id":"https:\/\/www.reseau-entreprendre.org\/auvergne-rhone-alpes\/qui-sommes-nous\/#breadcrumb"},"inLanguage":"fr-FR","potentialAction":[{"@type":"ReadAction","target":["https:\/\/www.reseau-entreprendre.org\/auvergne-rhone-alpes\/qui-sommes-nous\/"]}]},{"@type":"ImageObject","inLanguage":"fr-FR","@id":"https:\/\/www.reseau-entreprendre.org\/auvergne-rhone-alpes\/qui-sommes-nous\/#primaryimage","url":"https:\/\/www.reseau-entreprendre.org\/wp-content\/uploads\/sites\/76\/2017\/04\/AURA-1024x578.jpg","contentUrl":"https:\/\/www.reseau-entreprendre.org\/wp-content\/uploads\/sites\/76\/2017\/04\/AURA-1024x578.jpg"},{"@type":"BreadcrumbList","@id":"https:\/\/www.reseau-entreprendre.org\/auvergne-rhone-alpes\/qui-sommes-nous\/#breadcrumb","itemListElement":[{"@type":"ListItem","position":1,"name":"Accueil","item":"https:\/\/www.reseau-entreprendre.org\/auvergne-rhone-alpes\/"},{"@type":"ListItem","position":2,"name":"Qui sommes-nous"}]},{"@type":"WebSite","@id":"https:\/\/www.reseau-entreprendre.org\/auvergne-rhone-alpes\/#website","url":"https:\/\/www.reseau-entreprendre.org\/auvergne-rhone-alpes\/","name":"R\u00e9seau Entreprendre Auvergne Rh\u00f4ne-Alpes","description":"Un site utilisant Les sites de R\u00e9seau Entreprendre","potentialAction":[{"@type":"SearchAction","target":{"@type":"EntryPoint","urlTemplate":"https:\/\/www.reseau-entreprendre.org\/auvergne-rhone-alpes\/?s={search_term_string}"},"query-input":{"@type":"PropertyValueSpecification","valueRequired":true,"valueName":"search_term_string"}}],"inLanguage":"fr-FR"}]}},"_links":{"self":[{"href":"https:\/\/www.reseau-entreprendre.org\/auvergne-rhone-alpes\/wp-json\/wp\/v2\/pages\/11","targetHints":{"allow":["GET"]}}],"collection":[{"href":"https:\/\/www.reseau-entreprendre.org\/auvergne-rhone-alpes\/wp-json\/wp\/v2\/pages"}],"about":[{"href":"https:\/\/www.reseau-entreprendre.org\/auvergne-rhone-alpes\/wp-json\/wp\/v2\/types\/page"}],"author":[{"embeddable":true,"href":"https:\/\/www.reseau-entreprendre.org\/auvergne-rhone-alpes\/wp-json\/wp\/v2\/users\/1"}],"replies":[{"embeddable":true,"href":"https:\/\/www.reseau-entreprendre.org\/auvergne-rhone-alpes\/wp-json\/wp\/v2\/comments?post=11"}],"version-history":[{"count":0,"href":"https:\/\/www.reseau-entreprendre.org\/auvergne-rhone-alpes\/wp-json\/wp\/v2\/pages\/11\/revisions"}],"wp:attachment":[{"href":"https:\/\/www.reseau-entreprendre.org\/auvergne-rhone-alpes\/wp-json\/wp\/v2\/media?parent=11"}],"curies":[{"name":"wp","href":"https:\/\/api.w.org\/{rel}","templated":true}]}}