{"id":596,"date":"2017-08-24T10:27:39","date_gmt":"2017-08-24T08:27:39","guid":{"rendered":"http:\/\/re-preprod-entreprendre.fr\/rhone-alpes\/?page_id=596"},"modified":"2021-10-15T11:01:42","modified_gmt":"2021-10-15T09:01:42","slug":"faire-un-don","status":"publish","type":"page","link":"https:\/\/www.reseau-entreprendre.org\/auvergne-rhone-alpes\/faire-un-don\/","title":{"rendered":"FAIRE UN DON"},"content":{"rendered":"\n<p>Soutenez R\u00e9seau Entreprendre. Faites un don \u00e0 l&#8217;association R\u00e9seau Entreprendre Auvergne Rh\u00f4ne Alpes<\/p>\n","protected":false},"excerpt":{"rendered":"<p>Soutenez R\u00e9seau Entreprendre. Faites un don \u00e0 l&#8217;association R\u00e9seau Entreprendre<\/p>\n","protected":false},"author":7,"featured_media":0,"parent":0,"menu_order":0,"comment_status":"closed","ping_status":"closed","template":"","meta":{"_acf_changed":false,"_monsterinsights_skip_tracking":false,"_monsterinsights_sitenote_active":false,"_monsterinsights_sitenote_note":"","_monsterinsights_sitenote_category":0,"footnotes":""},"class_list":["post-596","page","type-page","status-publish","hentry"],"acf":[],"yoast_head":"<!-- This site is optimized with the Yoast SEO plugin v27.3 - https:\/\/yoast.com\/product\/yoast-seo-wordpress\/ -->\n<title>FAIRE UN DON - R\u00e9seau Entreprendre Auvergne Rh\u00f4ne-Alpes<\/title>\n<meta name=\"robots\" content=\"index, follow, max-snippet:-1, max-image-preview:large, max-video-preview:-1\" \/>\n<link rel=\"canonical\" href=\"https:\/\/www.reseau-entreprendre.org\/auvergne-rhone-alpes\/faire-un-don\/\" \/>\n<meta property=\"og:locale\" content=\"fr_FR\" \/>\n<meta property=\"og:type\" content=\"article\" \/>\n<meta property=\"og:title\" content=\"FAIRE UN DON - R\u00e9seau Entreprendre Auvergne Rh\u00f4ne-Alpes\" \/>\n<meta property=\"og:description\" content=\"Soutenez R\u00e9seau Entreprendre. Faites un don \u00e0 l&#8217;association R\u00e9seau Entreprendre\" \/>\n<meta property=\"og:url\" content=\"https:\/\/www.reseau-entreprendre.org\/auvergne-rhone-alpes\/faire-un-don\/\" \/>\n<meta property=\"og:site_name\" content=\"R\u00e9seau Entreprendre Auvergne Rh\u00f4ne-Alpes\" \/>\n<meta property=\"article:modified_time\" content=\"2021-10-15T09:01:42+00:00\" \/>\n<meta name=\"twitter:card\" content=\"summary_large_image\" \/>\n<meta name=\"twitter:label1\" content=\"Dur\u00e9e de lecture estim\u00e9e\" \/>\n\t<meta name=\"twitter:data1\" content=\"1 minute\" \/>\n<script type=\"application\/ld+json\" class=\"yoast-schema-graph\">{\"@context\":\"https:\\\/\\\/schema.org\",\"@graph\":[{\"@type\":\"WebPage\",\"@id\":\"https:\\\/\\\/www.reseau-entreprendre.org\\\/auvergne-rhone-alpes\\\/faire-un-don\\\/\",\"url\":\"https:\\\/\\\/www.reseau-entreprendre.org\\\/auvergne-rhone-alpes\\\/faire-un-don\\\/\",\"name\":\"FAIRE UN DON - R\u00e9seau Entreprendre Auvergne Rh\u00f4ne-Alpes\",\"isPartOf\":{\"@id\":\"https:\\\/\\\/www.reseau-entreprendre.org\\\/auvergne-rhone-alpes\\\/#website\"},\"datePublished\":\"2017-08-24T08:27:39+00:00\",\"dateModified\":\"2021-10-15T09:01:42+00:00\",\"breadcrumb\":{\"@id\":\"https:\\\/\\\/www.reseau-entreprendre.org\\\/auvergne-rhone-alpes\\\/faire-un-don\\\/#breadcrumb\"},\"inLanguage\":\"fr-FR\",\"potentialAction\":[{\"@type\":\"ReadAction\",\"target\":[\"https:\\\/\\\/www.reseau-entreprendre.org\\\/auvergne-rhone-alpes\\\/faire-un-don\\\/\"]}]},{\"@type\":\"BreadcrumbList\",\"@id\":\"https:\\\/\\\/www.reseau-entreprendre.org\\\/auvergne-rhone-alpes\\\/faire-un-don\\\/#breadcrumb\",\"itemListElement\":[{\"@type\":\"ListItem\",\"position\":1,\"name\":\"Accueil\",\"item\":\"https:\\\/\\\/www.reseau-entreprendre.org\\\/auvergne-rhone-alpes\\\/\"},{\"@type\":\"ListItem\",\"position\":2,\"name\":\"FAIRE UN DON\"}]},{\"@type\":\"WebSite\",\"@id\":\"https:\\\/\\\/www.reseau-entreprendre.org\\\/auvergne-rhone-alpes\\\/#website\",\"url\":\"https:\\\/\\\/www.reseau-entreprendre.org\\\/auvergne-rhone-alpes\\\/\",\"name\":\"R\u00e9seau Entreprendre Auvergne Rh\u00f4ne-Alpes\",\"description\":\"Un site utilisant Les sites de R\u00e9seau Entreprendre\",\"potentialAction\":[{\"@type\":\"SearchAction\",\"target\":{\"@type\":\"EntryPoint\",\"urlTemplate\":\"https:\\\/\\\/www.reseau-entreprendre.org\\\/auvergne-rhone-alpes\\\/?s={search_term_string}\"},\"query-input\":{\"@type\":\"PropertyValueSpecification\",\"valueRequired\":true,\"valueName\":\"search_term_string\"}}],\"inLanguage\":\"fr-FR\"}]}<\/script>\n<!-- \/ Yoast SEO plugin. -->","yoast_head_json":{"title":"FAIRE UN DON - R\u00e9seau Entreprendre Auvergne Rh\u00f4ne-Alpes","robots":{"index":"index","follow":"follow","max-snippet":"max-snippet:-1","max-image-preview":"max-image-preview:large","max-video-preview":"max-video-preview:-1"},"canonical":"https:\/\/www.reseau-entreprendre.org\/auvergne-rhone-alpes\/faire-un-don\/","og_locale":"fr_FR","og_type":"article","og_title":"FAIRE UN DON - R\u00e9seau Entreprendre Auvergne Rh\u00f4ne-Alpes","og_description":"Soutenez R\u00e9seau Entreprendre. Faites un don \u00e0 l&#8217;association R\u00e9seau Entreprendre","og_url":"https:\/\/www.reseau-entreprendre.org\/auvergne-rhone-alpes\/faire-un-don\/","og_site_name":"R\u00e9seau Entreprendre Auvergne Rh\u00f4ne-Alpes","article_modified_time":"2021-10-15T09:01:42+00:00","twitter_card":"summary_large_image","twitter_misc":{"Dur\u00e9e de lecture estim\u00e9e":"1 minute"},"schema":{"@context":"https:\/\/schema.org","@graph":[{"@type":"WebPage","@id":"https:\/\/www.reseau-entreprendre.org\/auvergne-rhone-alpes\/faire-un-don\/","url":"https:\/\/www.reseau-entreprendre.org\/auvergne-rhone-alpes\/faire-un-don\/","name":"FAIRE UN DON - R\u00e9seau Entreprendre Auvergne Rh\u00f4ne-Alpes","isPartOf":{"@id":"https:\/\/www.reseau-entreprendre.org\/auvergne-rhone-alpes\/#website"},"datePublished":"2017-08-24T08:27:39+00:00","dateModified":"2021-10-15T09:01:42+00:00","breadcrumb":{"@id":"https:\/\/www.reseau-entreprendre.org\/auvergne-rhone-alpes\/faire-un-don\/#breadcrumb"},"inLanguage":"fr-FR","potentialAction":[{"@type":"ReadAction","target":["https:\/\/www.reseau-entreprendre.org\/auvergne-rhone-alpes\/faire-un-don\/"]}]},{"@type":"BreadcrumbList","@id":"https:\/\/www.reseau-entreprendre.org\/auvergne-rhone-alpes\/faire-un-don\/#breadcrumb","itemListElement":[{"@type":"ListItem","position":1,"name":"Accueil","item":"https:\/\/www.reseau-entreprendre.org\/auvergne-rhone-alpes\/"},{"@type":"ListItem","position":2,"name":"FAIRE UN DON"}]},{"@type":"WebSite","@id":"https:\/\/www.reseau-entreprendre.org\/auvergne-rhone-alpes\/#website","url":"https:\/\/www.reseau-entreprendre.org\/auvergne-rhone-alpes\/","name":"R\u00e9seau Entreprendre Auvergne Rh\u00f4ne-Alpes","description":"Un site utilisant Les sites de R\u00e9seau Entreprendre","potentialAction":[{"@type":"SearchAction","target":{"@type":"EntryPoint","urlTemplate":"https:\/\/www.reseau-entreprendre.org\/auvergne-rhone-alpes\/?s={search_term_string}"},"query-input":{"@type":"PropertyValueSpecification","valueRequired":true,"valueName":"search_term_string"}}],"inLanguage":"fr-FR"}]}},"_links":{"self":[{"href":"https:\/\/www.reseau-entreprendre.org\/auvergne-rhone-alpes\/wp-json\/wp\/v2\/pages\/596","targetHints":{"allow":["GET"]}}],"collection":[{"href":"https:\/\/www.reseau-entreprendre.org\/auvergne-rhone-alpes\/wp-json\/wp\/v2\/pages"}],"about":[{"href":"https:\/\/www.reseau-entreprendre.org\/auvergne-rhone-alpes\/wp-json\/wp\/v2\/types\/page"}],"author":[{"embeddable":true,"href":"https:\/\/www.reseau-entreprendre.org\/auvergne-rhone-alpes\/wp-json\/wp\/v2\/users\/7"}],"replies":[{"embeddable":true,"href":"https:\/\/www.reseau-entreprendre.org\/auvergne-rhone-alpes\/wp-json\/wp\/v2\/comments?post=596"}],"version-history":[{"count":0,"href":"https:\/\/www.reseau-entreprendre.org\/auvergne-rhone-alpes\/wp-json\/wp\/v2\/pages\/596\/revisions"}],"wp:attachment":[{"href":"https:\/\/www.reseau-entreprendre.org\/auvergne-rhone-alpes\/wp-json\/wp\/v2\/media?parent=596"}],"curies":[{"name":"wp","href":"https:\/\/api.w.org\/{rel}","templated":true}]}}