{"id":1908,"date":"2021-04-23T13:43:12","date_gmt":"2021-04-23T11:43:12","guid":{"rendered":"https:\/\/www.reseau-entreprendre.org\/bourgogne\/?page_id=1908"},"modified":"2021-04-23T13:43:12","modified_gmt":"2021-04-23T11:43:12","slug":"soutenir-2","status":"publish","type":"page","link":"https:\/\/www.reseau-entreprendre.org\/bourgogne\/soutenir-2\/","title":{"rendered":"Soutenir"},"content":{"rendered":"<h2>Soutenir<\/h2>\n<h3 style=\"text-align: justify\">Rejoignez-nous et faites r\u00e9ussir de nouveaux entrepreneurs !<\/h3>\n<p style=\"text-align: justify\">Votre g\u00e9n\u00e9rosit\u00e9 cr\u00e9e des emplois sur votre territoire.<\/p>\n<p style=\"text-align: justify\">Chez R\u00e9seau Entreprendre, nous sommes convaincus que l\u2019entreprise a un r\u00f4le primordial \u00e0 jouer dans l\u2019\u00e9conomie locale. Les temps sont difficiles, personne ne l\u2019ignore. Notre territoire a besoin de votre talent, de soutien, de votre attention et de votre solidarit\u00e9. Plus que jamais<\/p>\n<p style=\"text-align: justify\">A 3 ans, 93% des entreprises accompagn\u00e9es par R\u00e9seau Entreprendre sont encore en activit\u00e9 et ont cr\u00e9\u00e9<strong>\u00a019 emplois en moyenne \u00e0 5 ans<\/strong>. Les chiffres parlent d\u2019eux-m\u00eames.<\/p>\n<p style=\"text-align: justify\">Aussi, R\u00e9seau Entreprendre a d\u00e9velopp\u00e9 une offre compl\u00e8te pour accompagner les entrepreneurs dans tous les stades de la vie de l\u2019entreprise.\u00a0<strong>Nous avons besoin de votre don pour poursuivre et amplifier notre action.<\/strong><\/p>\n<p style=\"text-align: justify\"><span style=\"font-size: 18px\"><strong><span style=\"color: #268597\">Soutenez-nous dans cette ambition d&#8217;accompagner ceux qui ont la capacit\u00e9 \u00e0 cr\u00e9er des emplois.<\/span><\/strong><\/span><\/p>\n[button url=&#8221;https:\/\/www.helloasso.com\/associations\/reseau-entreprendre-federation\/formulaires\/3\/widget&#8221; target=&#8221;self&#8221; style=&#8221;default&#8221; background=&#8221;#efbd2d&#8221; color=&#8221;#ffffff&#8221; size=&#8221;6&#8243; wide=&#8221;no&#8221; center=&#8221;yes&#8221; radius=&#8221;auto&#8221; icon_color=&#8221;#FFFFFF&#8221; text_shadow=&#8221;none&#8221;]Faire un don en ligne[\/button]\n<p style=\"text-align: center\">ou t\u00e9l\u00e9charger le<strong> <a href=\"https:\/\/www.reseau-entreprendre.org\/wp-content\/uploads\/2021\/04\/BulletionDons2021_3.pdf\">Formulaire Dons IFI<\/a><\/strong><\/p>\n<p style=\"text-align: center\"><span style=\"font-size: 18px\">Votre don est d\u00e9ductible \u00e0<strong>\u00a0<\/strong><strong>75% de l\u2019IFI <\/strong>et \u00e0\u00a0<strong>66% de l\u2019imp\u00f4t sur le revenu.<\/strong><\/span><\/p>\n<div><\/div>\n<p style=\"text-align: center\"><em><strong><span style=\"color: #268597\">&#8220;Pour cr\u00e9er des emplois, cr\u00e9ons des employeurs&#8221; &#8211; <\/span><\/strong><\/em><em><strong><span style=\"color: #268597\">Andr\u00e9 Mulliez\u00a0 <\/span><\/strong><\/em><\/p>\n<p style=\"text-align: justify\">\n","protected":false},"excerpt":{"rendered":"<p>Soutenir Rejoignez-nous et faites r\u00e9ussir de nouveaux entrepreneurs ! Votre<\/p>\n","protected":false},"author":124,"featured_media":0,"parent":0,"menu_order":0,"comment_status":"closed","ping_status":"closed","template":"","meta":{"_acf_changed":false,"_monsterinsights_skip_tracking":false,"_monsterinsights_sitenote_active":false,"_monsterinsights_sitenote_note":"","_monsterinsights_sitenote_category":0,"footnotes":""},"class_list":["post-1908","page","type-page","status-publish","hentry"],"acf":[],"yoast_head":"<!-- This site is optimized with the Yoast SEO plugin v27.3 - https:\/\/yoast.com\/product\/yoast-seo-wordpress\/ -->\n<title>Accompagner| Reseau Entreprendre Bourgogne<\/title>\n<meta name=\"description\" content=\"Vous \u00eates chef d&#039;entreprise et souhaitez accompagner de nouveaux entrepreneurs ? Devenez membre b\u00e9n\u00e9vole de R\u00e9seau Entreprendre Bourgogne !\" \/>\n<meta name=\"robots\" content=\"index, follow, max-snippet:-1, max-image-preview:large, max-video-preview:-1\" \/>\n<link rel=\"canonical\" href=\"https:\/\/www.reseau-entreprendre.org\/bourgogne\/soutenir-2\/\" \/>\n<meta property=\"og:locale\" content=\"fr_FR\" \/>\n<meta property=\"og:type\" content=\"article\" \/>\n<meta property=\"og:title\" content=\"Accompagner| Reseau Entreprendre Bourgogne\" \/>\n<meta property=\"og:description\" content=\"Vous \u00eates chef d&#039;entreprise et souhaitez accompagner de nouveaux entrepreneurs ? Devenez membre b\u00e9n\u00e9vole de R\u00e9seau Entreprendre Bourgogne !\" \/>\n<meta property=\"og:url\" content=\"https:\/\/www.reseau-entreprendre.org\/bourgogne\/soutenir-2\/\" \/>\n<meta property=\"og:site_name\" content=\"R\u00e9seau Entreprendre Bourgogne\" \/>\n<meta name=\"twitter:card\" content=\"summary_large_image\" \/>\n<meta name=\"twitter:label1\" content=\"Dur\u00e9e de lecture estim\u00e9e\" \/>\n\t<meta name=\"twitter:data1\" content=\"1 minute\" \/>\n<script type=\"application\/ld+json\" class=\"yoast-schema-graph\">{\"@context\":\"https:\\\/\\\/schema.org\",\"@graph\":[{\"@type\":\"WebPage\",\"@id\":\"https:\\\/\\\/www.reseau-entreprendre.org\\\/bourgogne\\\/soutenir-2\\\/\",\"url\":\"https:\\\/\\\/www.reseau-entreprendre.org\\\/bourgogne\\\/soutenir-2\\\/\",\"name\":\"Accompagner| Reseau Entreprendre Bourgogne\",\"isPartOf\":{\"@id\":\"https:\\\/\\\/www.reseau-entreprendre.org\\\/bourgogne\\\/#website\"},\"datePublished\":\"2021-04-23T11:43:12+00:00\",\"description\":\"Vous \u00eates chef d'entreprise et souhaitez accompagner de nouveaux entrepreneurs ? Devenez membre b\u00e9n\u00e9vole de R\u00e9seau Entreprendre Bourgogne !\",\"breadcrumb\":{\"@id\":\"https:\\\/\\\/www.reseau-entreprendre.org\\\/bourgogne\\\/soutenir-2\\\/#breadcrumb\"},\"inLanguage\":\"fr-FR\",\"potentialAction\":[{\"@type\":\"ReadAction\",\"target\":[\"https:\\\/\\\/www.reseau-entreprendre.org\\\/bourgogne\\\/soutenir-2\\\/\"]}]},{\"@type\":\"BreadcrumbList\",\"@id\":\"https:\\\/\\\/www.reseau-entreprendre.org\\\/bourgogne\\\/soutenir-2\\\/#breadcrumb\",\"itemListElement\":[{\"@type\":\"ListItem\",\"position\":1,\"name\":\"Accueil\",\"item\":\"https:\\\/\\\/www.reseau-entreprendre.org\\\/bourgogne\\\/\"},{\"@type\":\"ListItem\",\"position\":2,\"name\":\"Soutenir\"}]},{\"@type\":\"WebSite\",\"@id\":\"https:\\\/\\\/www.reseau-entreprendre.org\\\/bourgogne\\\/#website\",\"url\":\"https:\\\/\\\/www.reseau-entreprendre.org\\\/bourgogne\\\/\",\"name\":\"R\u00e9seau Entreprendre Bourgogne\",\"description\":\"Un site utilisant Les sites de R\u00e9seau Entreprendre\",\"potentialAction\":[{\"@type\":\"SearchAction\",\"target\":{\"@type\":\"EntryPoint\",\"urlTemplate\":\"https:\\\/\\\/www.reseau-entreprendre.org\\\/bourgogne\\\/?s={search_term_string}\"},\"query-input\":{\"@type\":\"PropertyValueSpecification\",\"valueRequired\":true,\"valueName\":\"search_term_string\"}}],\"inLanguage\":\"fr-FR\"}]}<\/script>\n<!-- \/ Yoast SEO plugin. -->","yoast_head_json":{"title":"Accompagner| Reseau Entreprendre Bourgogne","description":"Vous \u00eates chef d'entreprise et souhaitez accompagner de nouveaux entrepreneurs ? Devenez membre b\u00e9n\u00e9vole de R\u00e9seau Entreprendre Bourgogne !","robots":{"index":"index","follow":"follow","max-snippet":"max-snippet:-1","max-image-preview":"max-image-preview:large","max-video-preview":"max-video-preview:-1"},"canonical":"https:\/\/www.reseau-entreprendre.org\/bourgogne\/soutenir-2\/","og_locale":"fr_FR","og_type":"article","og_title":"Accompagner| Reseau Entreprendre Bourgogne","og_description":"Vous \u00eates chef d'entreprise et souhaitez accompagner de nouveaux entrepreneurs ? Devenez membre b\u00e9n\u00e9vole de R\u00e9seau Entreprendre Bourgogne !","og_url":"https:\/\/www.reseau-entreprendre.org\/bourgogne\/soutenir-2\/","og_site_name":"R\u00e9seau Entreprendre Bourgogne","twitter_card":"summary_large_image","twitter_misc":{"Dur\u00e9e de lecture estim\u00e9e":"1 minute"},"schema":{"@context":"https:\/\/schema.org","@graph":[{"@type":"WebPage","@id":"https:\/\/www.reseau-entreprendre.org\/bourgogne\/soutenir-2\/","url":"https:\/\/www.reseau-entreprendre.org\/bourgogne\/soutenir-2\/","name":"Accompagner| Reseau Entreprendre Bourgogne","isPartOf":{"@id":"https:\/\/www.reseau-entreprendre.org\/bourgogne\/#website"},"datePublished":"2021-04-23T11:43:12+00:00","description":"Vous \u00eates chef d'entreprise et souhaitez accompagner de nouveaux entrepreneurs ? Devenez membre b\u00e9n\u00e9vole de R\u00e9seau Entreprendre Bourgogne !","breadcrumb":{"@id":"https:\/\/www.reseau-entreprendre.org\/bourgogne\/soutenir-2\/#breadcrumb"},"inLanguage":"fr-FR","potentialAction":[{"@type":"ReadAction","target":["https:\/\/www.reseau-entreprendre.org\/bourgogne\/soutenir-2\/"]}]},{"@type":"BreadcrumbList","@id":"https:\/\/www.reseau-entreprendre.org\/bourgogne\/soutenir-2\/#breadcrumb","itemListElement":[{"@type":"ListItem","position":1,"name":"Accueil","item":"https:\/\/www.reseau-entreprendre.org\/bourgogne\/"},{"@type":"ListItem","position":2,"name":"Soutenir"}]},{"@type":"WebSite","@id":"https:\/\/www.reseau-entreprendre.org\/bourgogne\/#website","url":"https:\/\/www.reseau-entreprendre.org\/bourgogne\/","name":"R\u00e9seau Entreprendre Bourgogne","description":"Un site utilisant Les sites de R\u00e9seau Entreprendre","potentialAction":[{"@type":"SearchAction","target":{"@type":"EntryPoint","urlTemplate":"https:\/\/www.reseau-entreprendre.org\/bourgogne\/?s={search_term_string}"},"query-input":{"@type":"PropertyValueSpecification","valueRequired":true,"valueName":"search_term_string"}}],"inLanguage":"fr-FR"}]}},"_links":{"self":[{"href":"https:\/\/www.reseau-entreprendre.org\/bourgogne\/wp-json\/wp\/v2\/pages\/1908","targetHints":{"allow":["GET"]}}],"collection":[{"href":"https:\/\/www.reseau-entreprendre.org\/bourgogne\/wp-json\/wp\/v2\/pages"}],"about":[{"href":"https:\/\/www.reseau-entreprendre.org\/bourgogne\/wp-json\/wp\/v2\/types\/page"}],"author":[{"embeddable":true,"href":"https:\/\/www.reseau-entreprendre.org\/bourgogne\/wp-json\/wp\/v2\/users\/124"}],"replies":[{"embeddable":true,"href":"https:\/\/www.reseau-entreprendre.org\/bourgogne\/wp-json\/wp\/v2\/comments?post=1908"}],"version-history":[{"count":0,"href":"https:\/\/www.reseau-entreprendre.org\/bourgogne\/wp-json\/wp\/v2\/pages\/1908\/revisions"}],"wp:attachment":[{"href":"https:\/\/www.reseau-entreprendre.org\/bourgogne\/wp-json\/wp\/v2\/media?parent=1908"}],"curies":[{"name":"wp","href":"https:\/\/api.w.org\/{rel}","templated":true}]}}