{"id":11,"date":"2017-04-28T12:33:20","date_gmt":"2017-04-28T10:33:20","guid":{"rendered":"http:\/\/re-preprod-entreprendre.fr\/cote-d-opale\/?page_id=11"},"modified":"2025-09-24T15:07:20","modified_gmt":"2025-09-24T13:07:20","slug":"qui-sommes-nous","status":"publish","type":"page","link":"https:\/\/www.reseau-entreprendre.org\/cote-d-opale\/qui-sommes-nous\/","title":{"rendered":"Qui sommes-nous"},"content":{"rendered":"\n<p><strong>Un<\/strong><strong> r\u00e9seau de chefs d&#8217;entreprises ind\u00e9pendants qui accompagnent les nouveaux entrepreneurs <\/strong><\/p>\n\n\n\n<p>En 1986 \u00e0 Roubaix, Andr\u00e9 MULLIEZ, Pr\u00e9sident de PHILDAR, d\u00e9cide de cr\u00e9er une nouvelle dynamique \u00e9conomique et des emplois en favorisant l&#8217;\u00e9mergence de nouveaux entrepreneurs, avec pour credo&nbsp;:<\/p>\n\n\n\n<p><strong>\u00ab <em>Pour cr\u00e9er des emplois, cr\u00e9ons des employeurs<\/em> \u00bb<\/strong><\/p>\n\n\n\n<p>Il cr\u00e9e alors l\u2019association R\u00e9seau Entreprendre, qui accueille, conseille, finance et accompagne les cr\u00e9ateurs d&#8217;entreprise.<\/p>\n\n\n\n<p>Cette initiative est relay\u00e9e en 1997 dans notre r\u00e9gion : R\u00e9seau Entreprendre C\u00f4te d&#8217;Opale sera la 5<sup>e<\/sup> association cr\u00e9\u00e9e au niveau national par un groupe de chefs d&#8217;entreprises du littoral r\u00e9unis autour de Daniel POULAIN, alors PDG des Carri\u00e8res du Boulonnais.<\/p>\n\n\n\n<p>L&#8217;association est actuellement pr\u00e9sid\u00e9e par Jean-Louis FOISSEY et dirig\u00e9e par Christophe CORNU, assist\u00e9s de Karine MARI\u00c9, charg\u00e9e de mission et de Caroline Tampleu, charg\u00e9e d&#8217;\u00e9tude.<\/p>\n\n\n\n<p>R\u00e9seau Entreprendre C\u00f4te d\u2019Opale regroupe plus de 140 adh\u00e9rents, chefs d\u2019entreprise en activit\u00e9, qui accompagnent b\u00e9n\u00e9volement et dans la dur\u00e9e les cr\u00e9ateurs, repreneurs et d\u00e9veloppeurs d\u2019entreprise.<\/p>\n\n\n\n<p>Par l\u2019octroi de pr\u00eats d\u2019honneur \u00e0 taux z\u00e9ro, elle finance des entrepreneurs porteurs de projets d\u2019entreprise \u00e0 fort potentiel de cr\u00e9ation ou de sauvegarde d\u2019emplois.<\/p>\n\n\n\n<p>Elle intervient sur les diff\u00e9rents territoires de la C\u00f4te d\u2019Opale&nbsp;: du Dunkerquois (et la Flandre maritime) au Montreuillois, en passant par l\u2019Audomarois, le Calaisis et le Boulonnais.<\/p>\n\n\n\n<p>R\u00e9seau Entreprendre C\u00f4te d\u2019Opale fait partie de la F\u00e9d\u00e9ration R\u00e9seau Entreprendre\u00ae qui f\u00e9d\u00e8re aujourd\u2019hui plus de 60 associations en France et une dizaine \u00e0 l&#8217;international ; elle est reconnue association d&#8217;utilit\u00e9 publique par le d\u00e9cret du 15\/01\/2003 (parution au J.O du 22\/01\/2003).<\/p>\n\n\n\n<p>Notre mission&nbsp;: participer \u00e0 cr\u00e9er ou sauvegarder des emplois en aidant les entrepreneurs \u00e0 financer leur projet et \u00e0 acqu\u00e9rir leurs talents de chefs d\u2019entreprise<\/p>\n\n\n\n<p>Nous contribuons \u00e0 la r\u00e9ussite de nouveaux entrepreneurs cr\u00e9ateurs d\u2019emplois et de richesses en leur offrant <strong>un accompagnement gratuit, personnalis\u00e9 et dans la dur\u00e9e<\/strong> gr\u00e2ce \u00e0 l\u2019engagement des chefs d\u2019entreprises membres de l\u2019association.<\/p>\n\n\n\n<p>Cet accompagnement est<strong> compl\u00e9t\u00e9 par un soutien financier <\/strong>int\u00e9ressant pour son effet de levier sur les autres financements, notamment bancaires. En moyenne, 1 euro de pr\u00eat d\u2019honneur g\u00e9n\u00e8re 13 euros de pr\u00eat bancaire.<\/p>\n\n\n\n<p>3 programmes sp\u00e9cifiques composent aujourd&#8217;hui l&#8217;offre de financement de l&#8217;association :<\/p>\n\n\n\n<ul class=\"wp-block-list\">\n<li><strong><em>Start<\/em><\/strong> pour les entrepreneurs d\u00e9sirant s\u00e9curiser leur cr\u00e9ation ou reprise d&#8217;entreprise&nbsp;: pr\u00eat d&#8217;honneur de 20&nbsp;000 \u00e0 50 000 \u20ac (pouvant \u00eatre doubl\u00e9 dans le cadre de projets innovants). Accord\u00e9 \u00e0 la personne et remboursable sur 5 ans, ce pr\u00eat d&#8217;honneur permet d&#8217;abonder vos fonds propres.<\/li>\n\n\n\n<li><strong><em>Booster <\/em><\/strong>destin\u00e9 aux PME qui passent un cap de d\u00e9veloppement significatif&nbsp;: pr\u00eat d&#8217;honneur de 40 000 \u00e0 90 000 \u20ac (pouvant lui aussi \u00eatre doubl\u00e9 dans le cadre de projets innovants).<\/li>\n\n\n\n<li><strong><em>Ambition<\/em><\/strong> pour les entreprises visant \u00e0 doubler leur taille et volume d&#8217;activit\u00e9s en 3 ou 4 ans. Montant des aides : pr\u00eat de 100 000 \u00e0 300 000 \u20ac, au taux en vigueur et sans garantie.<\/li>\n<\/ul>\n\n\n\n<p>Nos valeurs fondatrices&nbsp;: un accompagnement bienveillant fond\u00e9 sur la gratuit\u00e9 et l\u2019entraide entre chefs d\u2019entreprise&nbsp;:<\/p>\n\n\n\n<p>&#8211; l\u2019important c\u2019est la personne,<\/p>\n\n\n\n<p>&#8211; le principe c\u2019est la gratuit\u00e9,<\/p>\n\n\n\n<p>&#8211; l\u2019esprit c\u2019est la r\u00e9ciprocit\u00e9.<\/p>\n\n\n\n<p>Vous \u00eates cr\u00e9ateur, repreneur ou d\u00e9veloppeur d\u2019entreprise sur la C\u00f4te d\u2019Opale&nbsp;? D\u00e9couvrez comment notre r\u00e9seau vous aide \u00e0 <a href=\"https:\/\/www.reseau-entreprendre.org\/cote-d-opale\/entreprendre\/\"><u>entreprendre.<\/u><\/a><\/p>\n\n\n\n<p>Vous \u00eates chef d\u2019entreprise, cadre dirigeant d\u2019un grand groupe&nbsp;? Rejoignez notre r\u00e9seau&nbsp;! D\u00e9couvrez comment <a href=\"https:\/\/www.reseau-entreprendre.org\/cote-d-opale\/accompagner\/\"><u>accompagner<\/u><\/a>&nbsp;la r\u00e9ussite de nouveaux entrepreneurs et comment <a href=\"https:\/\/www.reseau-entreprendre.org\/cote-d-opale\/soutenir\/\"><u>soutenir<\/u><\/a> nos actions.<\/p>\n\n\n\n<div style=\"height:30px\" aria-hidden=\"true\" class=\"wp-block-spacer\"><\/div>\n\n\n\n<div class=\"wp-block-columns alignfull bordures chiffres-cles is-layout-flex wp-container-core-columns-is-layout-9d6595d7 wp-block-columns-is-layout-flex\">\n<div class=\"wp-block-column is-layout-flow wp-block-column-is-layout-flow\"><div>\n        <span class=\"d-block w-100 text-center\" style=\"color:#1595bf\">\n            <svg class=\"icon\" width=\"89\" height=\"75\" viewBox=\"0 0 89 75\" fill=\"none\" xmlns=\"http:\/\/www.w3.org\/2000\/svg\">\n<g id=\"Ic&#195;&#180;ne Chef d&#39;entreprise\">\n<path id=\"Stroke 1\" d=\"M49.5241 1L39.1261 25.2621\" stroke=\"currentColor\" stroke-width=\"1.93752\" stroke-linecap=\"round\" stroke-linejoin=\"round\"\/>\n<path id=\"Stroke 3\" d=\"M49.5242 25.2621L59.9222 1\" stroke=\"currentColor\" stroke-width=\"1.93752\" stroke-linecap=\"round\" stroke-linejoin=\"round\"\/>\n<path id=\"Stroke 6\" d=\"M52.9901 46.0579H77.2522\" stroke=\"currentColor\" stroke-width=\"1.93752\" stroke-linecap=\"round\" stroke-linejoin=\"round\"\/>\n<path id=\"Stroke 7\" d=\"M52.9901 35.66H77.2522\" stroke=\"currentColor\" stroke-width=\"1.93752\" stroke-linecap=\"round\" stroke-linejoin=\"round\"\/>\n<path id=\"Stroke 8\" d=\"M52.9901 56.4563H77.2522\" stroke=\"currentColor\" stroke-width=\"1.93752\" stroke-linecap=\"round\" stroke-linejoin=\"round\"\/>\n<path id=\"Stroke 9\" fill-rule=\"evenodd\" clip-rule=\"evenodd\" d=\"M35.6601 40.8589C35.6601 45.6472 31.7799 49.5239 26.9951 49.5239C22.2103 49.5239 18.3301 45.6472 18.3301 40.8589C18.3301 36.0706 22.2103 32.1938 26.9951 32.1938C31.7799 32.1938 35.6601 36.0706 35.6601 40.8589Z\" stroke=\"currentColor\" stroke-width=\"1.93752\" stroke-linejoin=\"round\"\/>\n<path id=\"Stroke 11\" d=\"M42.5921 63.3883V61.1492C42.5921 58.314 40.8661 55.7665 38.2336 54.7128L33.9271 52.9902L26.9951 59.9223L20.0631 52.9902L15.7566 54.7128C13.1241 55.7665 11.3981 58.314 11.3981 61.1492V63.3883\" stroke=\"currentColor\" stroke-width=\"1.93752\" stroke-linecap=\"round\" stroke-linejoin=\"round\"\/>\n<path id=\"Stroke 13\" d=\"M60.9122 14.8643H80.7187C84.5469 14.8643 87.6507 17.9681 87.6507 21.7963V66.8544C87.6507 70.6826 84.5469 73.7864 80.7187 73.7864H7.9325C4.1043 73.7864 1.00049 70.6826 1.00049 66.8544V21.7963C1.00049 17.9681 4.1043 14.8643 7.9325 14.8643H43.5821\" stroke=\"currentColor\" stroke-width=\"1.93752\" stroke-linecap=\"round\" stroke-linejoin=\"round\"\/>\n<path id=\"Stroke 15\" d=\"M39.1261 1L44.3251 13.131\" stroke=\"currentColor\" stroke-width=\"1.93752\" stroke-linecap=\"round\" stroke-linejoin=\"round\"\/>\n<path id=\"Stroke 17\" d=\"M34.67 14.864L28.7275 1\" stroke=\"currentColor\" stroke-width=\"1.93752\" stroke-linecap=\"round\" stroke-linejoin=\"round\"\/>\n<path id=\"Stroke 19\" d=\"M51.01 21.7959H51.2578C52.2127 21.7959 52.9908 22.5706 52.9908 23.5289C52.9908 24.4873 52.2127 25.2619 51.2578 25.2619H37.3938C36.4372 25.2619 35.6608 24.4873 35.6608 23.5289C35.6608 22.5706 36.4372 21.7959 37.3938 21.7959H40.612\" stroke=\"currentColor\" stroke-width=\"1.93752\" stroke-linejoin=\"round\"\/>\n<\/g>\n<\/svg>        <\/span>\n    <\/div>\n\n\n\n<div style=\"height:20px\" aria-hidden=\"true\" class=\"wp-block-spacer\"><\/div>\n\n\n\n<h2 class=\"wp-block-heading has-text-align-center has-re-blue-color has-text-color\"><strong><strong>33<\/strong><\/strong><\/h2>\n\n\n\n<h3 class=\"wp-block-heading has-text-align-center has-re-blue-color has-text-color\"><strong>Laur\u00e9ats<\/strong><\/h3>\n\n\n\n<p class=\"has-text-align-center\">en cours d&#8217;accompagnement.<\/p>\n<\/div>\n\n\n\n<div class=\"wp-block-column is-layout-flow wp-block-column-is-layout-flow\"><div>\n        <span class=\"d-block w-100 text-center\" style=\"color:#ffbb61\">\n            <svg class=\"icon\" width=\"96\" height=\"64\" viewBox=\"0 0 96 64\" fill=\"none\" xmlns=\"http:\/\/www.w3.org\/2000\/svg\">\n<g id=\"Ic&#195;&#180;nes S&#39;engager\">\n<path id=\"Stroke 1\" fill-rule=\"evenodd\" clip-rule=\"evenodd\" d=\"M44.4457 61.1944C42.6579 62.9822 39.756 62.9822 37.9683 61.1944C36.1805 59.4067 36.1805 56.5048 37.9683 54.717L40.1431 52.5422C41.9308 50.7545 44.8311 50.7545 46.6205 52.5422C48.4082 54.3316 48.4082 57.2319 46.6205 59.0196L44.4457 61.1944Z\" stroke=\"currentColor\" stroke-width=\"1.42884\" stroke-linejoin=\"round\"\/>\n<path id=\"Stroke 3\" fill-rule=\"evenodd\" clip-rule=\"evenodd\" d=\"M34.7299 57.9556C32.9421 59.7434 30.0402 59.7434 28.2524 57.9556C26.4647 56.1678 26.4647 53.266 28.2524 51.4782L33.6659 46.0647C35.4537 44.2769 38.354 44.2769 40.1433 46.0647C41.9311 47.8541 41.9311 50.7543 40.1433 52.5421L34.7299 57.9556Z\" stroke=\"currentColor\" stroke-width=\"1.42884\" stroke-linejoin=\"round\"\/>\n<path id=\"Stroke 5\" fill-rule=\"evenodd\" clip-rule=\"evenodd\" d=\"M28.2523 51.4783C26.4645 53.2661 23.5627 53.2661 21.7749 51.4783C19.9871 49.6905 19.9871 46.7887 21.7749 45.0009L27.1884 39.5874C28.9762 37.7996 31.8764 37.7996 33.6658 39.5874C35.4536 41.3768 35.4536 44.277 33.6658 46.0648L28.2523 51.4783Z\" stroke=\"currentColor\" stroke-width=\"1.42884\" stroke-linejoin=\"round\"\/>\n<path id=\"Stroke 7\" fill-rule=\"evenodd\" clip-rule=\"evenodd\" d=\"M23.3944 43.3814C21.6066 45.1692 18.7048 45.1692 16.917 43.3814C15.1292 41.5937 15.1292 38.6918 16.917 36.904L20.7111 33.1099C22.4989 31.3221 25.3992 31.3221 27.1885 33.1099C28.9763 34.8993 28.9763 37.7995 27.1885 39.5873L23.3944 43.3814Z\" stroke=\"currentColor\" stroke-width=\"1.42884\" stroke-linejoin=\"round\"\/>\n<path id=\"Stroke 9\" d=\"M52.8193 49.5806L61.193 57.9559C62.9808 59.7436 65.881 59.7436 67.6704 57.9559C69.4582 56.1665 69.4582 53.2662 67.6704 51.4784\" stroke=\"currentColor\" stroke-width=\"1.42884\" stroke-linecap=\"round\" stroke-linejoin=\"round\"\/>\n<path id=\"Stroke 11\" d=\"M59.2969 43.1033L67.6705 51.4786C69.4583 53.2663 72.3586 53.2663 74.148 51.4786C75.9357 49.6892 75.9357 46.7889 74.148 45.0012L72.5286 43.3818\" stroke=\"currentColor\" stroke-width=\"1.42884\" stroke-linecap=\"round\" stroke-linejoin=\"round\"\/>\n<path id=\"Stroke 13\" d=\"M47.6621 57.3799L51.4757 61.1935C53.2651 62.9829 56.1653 62.9829 57.9531 61.1935C59.7425 59.4057 59.7425 56.5054 57.9531 54.7161\" stroke=\"currentColor\" stroke-width=\"1.42884\" stroke-linecap=\"round\" stroke-linejoin=\"round\"\/>\n<path id=\"Stroke 15\" d=\"M65.7739 36.6257L72.5282 43.3817C74.5265 45.3783 77.9126 45.1451 79.5838 42.6773C80.8274 40.8441 80.4501 38.3487 78.8858 36.7828\" stroke=\"currentColor\" stroke-width=\"1.42884\" stroke-linecap=\"round\" stroke-linejoin=\"round\"\/>\n<path id=\"Stroke 17\" fill-rule=\"evenodd\" clip-rule=\"evenodd\" d=\"M94.9223 31.7677L86.8256 36.6257L69.0127 5.77223L77.1095 1L94.9223 31.7677Z\" stroke=\"currentColor\" stroke-width=\"1.42884\" stroke-linecap=\"round\" stroke-linejoin=\"round\"\/>\n<path id=\"Stroke 19\" fill-rule=\"evenodd\" clip-rule=\"evenodd\" d=\"M1 31.7677L9.09676 36.6257L26.9096 5.77223L18.8129 1L1 31.7677Z\" stroke=\"currentColor\" stroke-width=\"1.42884\" stroke-linecap=\"round\" stroke-linejoin=\"round\"\/>\n<path id=\"Stroke 21\" d=\"M69.7957 7.12793C68.471 7.3433 67.1253 7.47771 65.7748 7.47771L48.7473 7.47609C46.1693 7.47609 43.7014 8.4979 41.0133 11.186L38.0499 14.1511C37.1382 15.0611 36.6265 16.2983 36.6265 17.5857V30.1486C36.6265 31.0425 37.3503 31.768 38.2458 31.768H39.8652C43.4423 31.768 46.3426 28.8677 46.3426 25.2906V22.0519L46.3458 22.0486C51.267 17.1339 59.2391 17.1355 64.1571 22.0535L78.8851 36.7831L85.0775 33.5962\" stroke=\"currentColor\" stroke-width=\"1.42884\" stroke-linejoin=\"round\"\/>\n<path id=\"Stroke 23\" d=\"M10.8457 33.5967L17.0365 36.7836\" stroke=\"currentColor\" stroke-width=\"1.42884\" stroke-linejoin=\"round\"\/>\n<path id=\"Stroke 25\" d=\"M47.1515 7.61897C46.6268 7.53153 46.0957 7.47647 45.5564 7.47647L30.1483 7.47809C28.7978 7.47809 27.4521 7.34368 26.1274 7.12831\" stroke=\"currentColor\" stroke-width=\"1.42884\" stroke-linejoin=\"round\"\/>\n<\/g>\n<\/svg>        <\/span>\n    <\/div>\n\n\n\n<div style=\"height:20px\" aria-hidden=\"true\" class=\"wp-block-spacer\"><\/div>\n\n\n\n<h2 class=\"wp-block-heading has-text-align-center has-re-yellow-color has-text-color\"><strong>135<\/strong><\/h2>\n\n\n\n<h3 class=\"wp-block-heading has-text-align-center has-re-yellow-color has-text-color\"><strong><strong>Membres<\/strong><\/strong><\/h3>\n\n\n\n<p class=\"has-text-align-center\">engag\u00e9s<\/p>\n<\/div>\n<\/div>\n","protected":false},"excerpt":{"rendered":"<p>Un r\u00e9seau de chefs d&#8217;entreprises ind\u00e9pendants qui accompagnent les nouveaux<\/p>\n","protected":false},"author":44,"featured_media":0,"parent":0,"menu_order":0,"comment_status":"closed","ping_status":"closed","template":"","meta":{"_acf_changed":false,"_monsterinsights_skip_tracking":false,"_monsterinsights_sitenote_active":false,"_monsterinsights_sitenote_note":"","_monsterinsights_sitenote_category":0,"footnotes":""},"class_list":["post-11","page","type-page","status-publish","hentry"],"acf":[],"yoast_head":"<!-- This site is optimized with the Yoast SEO plugin v27.4 - https:\/\/yoast.com\/product\/yoast-seo-wordpress\/ -->\n<title>Qui sommes-nous ? | Reseau Entreprendre C\u00f4te d&#039;Opale<\/title>\n<meta name=\"description\" content=\"R\u00e9seau Entreprendre C\u00f4te d&#039;Opale est l&#039;association de chefs d&#039;entreprise de votre r\u00e9gion.\" \/>\n<meta name=\"robots\" content=\"index, follow, max-snippet:-1, max-image-preview:large, max-video-preview:-1\" \/>\n<link rel=\"canonical\" href=\"https:\/\/www.reseau-entreprendre.org\/cote-d-opale\/qui-sommes-nous\/\" \/>\n<meta property=\"og:locale\" content=\"fr_FR\" \/>\n<meta property=\"og:type\" content=\"article\" \/>\n<meta property=\"og:title\" content=\"Qui sommes-nous ? | Reseau Entreprendre C\u00f4te d&#039;Opale\" \/>\n<meta property=\"og:description\" content=\"R\u00e9seau Entreprendre C\u00f4te d&#039;Opale est l&#039;association de chefs d&#039;entreprise de votre r\u00e9gion.\" \/>\n<meta property=\"og:url\" content=\"https:\/\/www.reseau-entreprendre.org\/cote-d-opale\/qui-sommes-nous\/\" \/>\n<meta property=\"og:site_name\" content=\"R\u00e9seau Entreprendre C\u00f4te d&#039;Opale\" \/>\n<meta property=\"article:modified_time\" content=\"2025-09-24T13:07:20+00:00\" \/>\n<meta name=\"twitter:card\" content=\"summary_large_image\" \/>\n<meta name=\"twitter:label1\" content=\"Dur\u00e9e de lecture estim\u00e9e\" \/>\n\t<meta name=\"twitter:data1\" content=\"3 minutes\" \/>\n<script type=\"application\/ld+json\" class=\"yoast-schema-graph\">{\"@context\":\"https:\\\/\\\/schema.org\",\"@graph\":[{\"@type\":\"WebPage\",\"@id\":\"https:\\\/\\\/www.reseau-entreprendre.org\\\/cote-d-opale\\\/qui-sommes-nous\\\/\",\"url\":\"https:\\\/\\\/www.reseau-entreprendre.org\\\/cote-d-opale\\\/qui-sommes-nous\\\/\",\"name\":\"Qui sommes-nous ? | Reseau Entreprendre C\u00f4te d'Opale\",\"isPartOf\":{\"@id\":\"https:\\\/\\\/www.reseau-entreprendre.org\\\/cote-d-opale\\\/#website\"},\"datePublished\":\"2017-04-28T10:33:20+00:00\",\"dateModified\":\"2025-09-24T13:07:20+00:00\",\"description\":\"R\u00e9seau Entreprendre C\u00f4te d'Opale est l'association de chefs d'entreprise de votre r\u00e9gion.\",\"breadcrumb\":{\"@id\":\"https:\\\/\\\/www.reseau-entreprendre.org\\\/cote-d-opale\\\/qui-sommes-nous\\\/#breadcrumb\"},\"inLanguage\":\"fr-FR\",\"potentialAction\":[{\"@type\":\"ReadAction\",\"target\":[\"https:\\\/\\\/www.reseau-entreprendre.org\\\/cote-d-opale\\\/qui-sommes-nous\\\/\"]}]},{\"@type\":\"BreadcrumbList\",\"@id\":\"https:\\\/\\\/www.reseau-entreprendre.org\\\/cote-d-opale\\\/qui-sommes-nous\\\/#breadcrumb\",\"itemListElement\":[{\"@type\":\"ListItem\",\"position\":1,\"name\":\"Accueil\",\"item\":\"https:\\\/\\\/www.reseau-entreprendre.org\\\/cote-d-opale\\\/\"},{\"@type\":\"ListItem\",\"position\":2,\"name\":\"Qui sommes-nous\"}]},{\"@type\":\"WebSite\",\"@id\":\"https:\\\/\\\/www.reseau-entreprendre.org\\\/cote-d-opale\\\/#website\",\"url\":\"https:\\\/\\\/www.reseau-entreprendre.org\\\/cote-d-opale\\\/\",\"name\":\"R\u00e9seau Entreprendre C\u00f4te d&#039;Opale\",\"description\":\"Un site utilisant Les sites de R\u00e9seau Entreprendre\",\"potentialAction\":[{\"@type\":\"SearchAction\",\"target\":{\"@type\":\"EntryPoint\",\"urlTemplate\":\"https:\\\/\\\/www.reseau-entreprendre.org\\\/cote-d-opale\\\/?s={search_term_string}\"},\"query-input\":{\"@type\":\"PropertyValueSpecification\",\"valueRequired\":true,\"valueName\":\"search_term_string\"}}],\"inLanguage\":\"fr-FR\"}]}<\/script>\n<!-- \/ Yoast SEO plugin. -->","yoast_head_json":{"title":"Qui sommes-nous ? | Reseau Entreprendre C\u00f4te d'Opale","description":"R\u00e9seau Entreprendre C\u00f4te d'Opale est l'association de chefs d'entreprise de votre r\u00e9gion.","robots":{"index":"index","follow":"follow","max-snippet":"max-snippet:-1","max-image-preview":"max-image-preview:large","max-video-preview":"max-video-preview:-1"},"canonical":"https:\/\/www.reseau-entreprendre.org\/cote-d-opale\/qui-sommes-nous\/","og_locale":"fr_FR","og_type":"article","og_title":"Qui sommes-nous ? | Reseau Entreprendre C\u00f4te d'Opale","og_description":"R\u00e9seau Entreprendre C\u00f4te d'Opale est l'association de chefs d'entreprise de votre r\u00e9gion.","og_url":"https:\/\/www.reseau-entreprendre.org\/cote-d-opale\/qui-sommes-nous\/","og_site_name":"R\u00e9seau Entreprendre C\u00f4te d&#039;Opale","article_modified_time":"2025-09-24T13:07:20+00:00","twitter_card":"summary_large_image","twitter_misc":{"Dur\u00e9e de lecture estim\u00e9e":"3 minutes"},"schema":{"@context":"https:\/\/schema.org","@graph":[{"@type":"WebPage","@id":"https:\/\/www.reseau-entreprendre.org\/cote-d-opale\/qui-sommes-nous\/","url":"https:\/\/www.reseau-entreprendre.org\/cote-d-opale\/qui-sommes-nous\/","name":"Qui sommes-nous ? | Reseau Entreprendre C\u00f4te d'Opale","isPartOf":{"@id":"https:\/\/www.reseau-entreprendre.org\/cote-d-opale\/#website"},"datePublished":"2017-04-28T10:33:20+00:00","dateModified":"2025-09-24T13:07:20+00:00","description":"R\u00e9seau Entreprendre C\u00f4te d'Opale est l'association de chefs d'entreprise de votre r\u00e9gion.","breadcrumb":{"@id":"https:\/\/www.reseau-entreprendre.org\/cote-d-opale\/qui-sommes-nous\/#breadcrumb"},"inLanguage":"fr-FR","potentialAction":[{"@type":"ReadAction","target":["https:\/\/www.reseau-entreprendre.org\/cote-d-opale\/qui-sommes-nous\/"]}]},{"@type":"BreadcrumbList","@id":"https:\/\/www.reseau-entreprendre.org\/cote-d-opale\/qui-sommes-nous\/#breadcrumb","itemListElement":[{"@type":"ListItem","position":1,"name":"Accueil","item":"https:\/\/www.reseau-entreprendre.org\/cote-d-opale\/"},{"@type":"ListItem","position":2,"name":"Qui sommes-nous"}]},{"@type":"WebSite","@id":"https:\/\/www.reseau-entreprendre.org\/cote-d-opale\/#website","url":"https:\/\/www.reseau-entreprendre.org\/cote-d-opale\/","name":"R\u00e9seau Entreprendre C\u00f4te d&#039;Opale","description":"Un site utilisant Les sites de R\u00e9seau Entreprendre","potentialAction":[{"@type":"SearchAction","target":{"@type":"EntryPoint","urlTemplate":"https:\/\/www.reseau-entreprendre.org\/cote-d-opale\/?s={search_term_string}"},"query-input":{"@type":"PropertyValueSpecification","valueRequired":true,"valueName":"search_term_string"}}],"inLanguage":"fr-FR"}]}},"_links":{"self":[{"href":"https:\/\/www.reseau-entreprendre.org\/cote-d-opale\/wp-json\/wp\/v2\/pages\/11","targetHints":{"allow":["GET"]}}],"collection":[{"href":"https:\/\/www.reseau-entreprendre.org\/cote-d-opale\/wp-json\/wp\/v2\/pages"}],"about":[{"href":"https:\/\/www.reseau-entreprendre.org\/cote-d-opale\/wp-json\/wp\/v2\/types\/page"}],"author":[{"embeddable":true,"href":"https:\/\/www.reseau-entreprendre.org\/cote-d-opale\/wp-json\/wp\/v2\/users\/44"}],"replies":[{"embeddable":true,"href":"https:\/\/www.reseau-entreprendre.org\/cote-d-opale\/wp-json\/wp\/v2\/comments?post=11"}],"version-history":[{"count":0,"href":"https:\/\/www.reseau-entreprendre.org\/cote-d-opale\/wp-json\/wp\/v2\/pages\/11\/revisions"}],"wp:attachment":[{"href":"https:\/\/www.reseau-entreprendre.org\/cote-d-opale\/wp-json\/wp\/v2\/media?parent=11"}],"curies":[{"name":"wp","href":"https:\/\/api.w.org\/{rel}","templated":true}]}}