{"id":15,"date":"2017-04-28T12:33:47","date_gmt":"2017-04-28T10:33:47","guid":{"rendered":"http:\/\/re-preprod-entreprendre.fr\/cote-d-opale\/?page_id=15"},"modified":"2026-03-31T14:46:21","modified_gmt":"2026-03-31T12:46:21","slug":"accompagner","status":"publish","type":"page","link":"https:\/\/www.reseau-entreprendre.org\/cote-d-opale\/accompagner\/","title":{"rendered":"Accompagner"},"content":{"rendered":"\n<p>Vous \u00eates chef d\u2019entreprise ou cadre dirigeant&nbsp;? Vous souhaitez vous impliquer au sein de notre r\u00e9seau&nbsp;?<\/p>\n\n\n\n<p><strong>Rejoignez-nous ! Devenez membre de R\u00e9seau Entreprendre<strong><em><sup>\u00ae<\/sup><\/em><\/strong> C\u00f4te d\u2019Opale et aidez-nous \u00e0 faire r\u00e9ussir les entrepreneurs qui cr\u00e9eront les emplois de demain\u00a0!<\/strong><\/p>\n\n\n\n<p><strong>Notre mission&nbsp;: <\/strong>accompagner b\u00e9n\u00e9volement et dans la dur\u00e9e les porteurs de projet qui s\u2019engagent \u00e0 cr\u00e9er des emplois durables.<\/p>\n\n\n\n<p><strong>Notre m\u00e9thode\u00a0: <\/strong>notre accompagnement est fond\u00e9 sur le partage d\u2019exp\u00e9riences et de comp\u00e9tences. R\u00e9seau Entreprendre<strong><em><sup>\u00ae<\/sup><\/em><\/strong> C\u00f4te d\u2019Opale rassemble plus de 100 dirigeants en activit\u00e9 : leur parcours, leur savoir-faire, leur r\u00e9seau relationnel apportent une valeur ajout\u00e9e aux entrepreneurs laur\u00e9ats.<\/p>\n\n\n\n<p><strong>Nos actions&nbsp;: <\/strong>les membres peuvent intervenir \u00e0 tous les stades d\u2019\u00e9tude, de validation et de suivi des projets.<\/p>\n\n\n\n<ul class=\"wp-block-list\">\n<li><strong>Pr\u00e9 validation des projets\u00a0<\/strong>: entretiens ponctuels avec des candidats pour les conseiller, les challenger, \u00e9valuer leur profil d\u2019entrepreneur. Il s\u2019agit de v\u00e9rifier la coh\u00e9rence du projet, la d\u00e9marche strat\u00e9gique, l\u2018ad\u00e9quation au march\u00e9, la motivation du candidat \u00e0 entreprendre et \u00e0 \u00eatre accompagn\u00e9 dans la dur\u00e9e\u2026<\/li>\n\n\n\n<li><strong>Participation aux comit\u00e9s d\u2019engagement\u00a0<\/strong>: un candidat pr\u00e9sente son projet \u00e0 un comit\u00e9 qui statue sur la pertinence du dossier.<\/li>\n\n\n\n<li><strong>Accompagnement individuel\u00a0: <\/strong>possibilit\u00e9 de s\u2019investir dans l\u2019accompagnement d\u2019un entrepreneur laur\u00e9at.<\/li>\n\n\n\n<li><strong>Accompagnement collectif <\/strong>: partagez votre expertise lors des rencontres mensuelles entre laur\u00e9ats (\u00ab\u00a0Clubs laur\u00e9ats\u00a0\u00bb).<\/li>\n<\/ul>\n\n\n\n<p><strong>Des b\u00e9n\u00e9fices pour tous<\/strong><\/p>\n\n\n\n<p>L\u2019accompagnement entrepreneurial est une formule \u00ab&nbsp;gagnant-gagnant&nbsp;\u00bb&nbsp;: le laur\u00e9at est soutenu, financ\u00e9 pour le bon d\u00e9veloppement de son entreprise. Le membre accompagnateur y gagne aussi. Il peut ainsi :<\/p>\n\n\n\n<ul class=\"wp-block-list\">\n<li>Int\u00e9grer un r\u00e9seau de chefs d\u2019entreprises de la r\u00e9gion.<\/li>\n\n\n\n<li>Acc\u00e9der \u00e0 R\u00e9seau Entreprendre<strong><em><sup>\u00ae<\/sup><\/em><\/strong> national et international.<\/li>\n\n\n\n<li>Vivre une exp\u00e9rience humaine valorisante.<\/li>\n\n\n\n<li>D\u00e9couvrir des projets vari\u00e9s et innovants.<\/li>\n\n\n\n<li>Partager des moments de convivialit\u00e9 lors des nombreux \u00e9v\u00e9nements organis\u00e9s tout au long de l\u2019ann\u00e9e.<\/li>\n<\/ul>\n\n\n\n<h3 class=\"wp-block-heading has-re-red-color has-text-color\">Vous \u00eates pr\u00eat \u00e0 vous lancer&nbsp;? <u>Contactez-nous<\/u>&nbsp;!<\/h3>\n\n\n\n<p>R\u00e9seau Entreprendre<strong><em><sup>\u00ae<\/sup><\/em><\/strong> C\u00f4te d\u2019Opale \u2013 03 21 99 67 29 &#8211; <a href=\"mailto:opale@reseau-entreprendre.org\">opale@reseau-entreprendre.org<\/a><\/p>\n","protected":false},"excerpt":{"rendered":"<p>Vous \u00eates chef d\u2019entreprise ou cadre dirigeant&nbsp;? Vous souhaitez vous<\/p>\n","protected":false},"author":1,"featured_media":0,"parent":0,"menu_order":0,"comment_status":"closed","ping_status":"closed","template":"","meta":{"_acf_changed":false,"_monsterinsights_skip_tracking":false,"_monsterinsights_sitenote_active":false,"_monsterinsights_sitenote_note":"","_monsterinsights_sitenote_category":0,"footnotes":""},"class_list":["post-15","page","type-page","status-publish","hentry"],"acf":[],"yoast_head":"<!-- This site is optimized with the Yoast SEO plugin v27.4 - https:\/\/yoast.com\/product\/yoast-seo-wordpress\/ -->\n<title>Accompagner| R\u00e9seau Entreprendre\u00ae C\u00f4te d&#039;Opale<\/title>\n<meta name=\"description\" content=\"Vous \u00eates chef d&#039;entreprise et souhaitez accompagner de nouveaux entrepreneurs ? Devenez membre b\u00e9n\u00e9vole de R\u00e9seau Entreprendre\u00ae C\u00f4te d&#039;Opale !\" \/>\n<meta name=\"robots\" content=\"index, follow, max-snippet:-1, max-image-preview:large, max-video-preview:-1\" \/>\n<link rel=\"canonical\" href=\"https:\/\/www.reseau-entreprendre.org\/cote-d-opale\/accompagner\/\" \/>\n<meta property=\"og:locale\" content=\"fr_FR\" \/>\n<meta property=\"og:type\" content=\"article\" \/>\n<meta property=\"og:title\" content=\"Accompagner| R\u00e9seau Entreprendre\u00ae C\u00f4te d&#039;Opale\" \/>\n<meta property=\"og:description\" content=\"Vous \u00eates chef d&#039;entreprise et souhaitez accompagner de nouveaux entrepreneurs ? Devenez membre b\u00e9n\u00e9vole de R\u00e9seau Entreprendre\u00ae C\u00f4te d&#039;Opale !\" \/>\n<meta property=\"og:url\" content=\"https:\/\/www.reseau-entreprendre.org\/cote-d-opale\/accompagner\/\" \/>\n<meta property=\"og:site_name\" content=\"R\u00e9seau Entreprendre C\u00f4te d&#039;Opale\" \/>\n<meta property=\"article:modified_time\" content=\"2026-03-31T12:46:21+00:00\" \/>\n<meta name=\"twitter:card\" content=\"summary_large_image\" \/>\n<meta name=\"twitter:label1\" content=\"Dur\u00e9e de lecture estim\u00e9e\" \/>\n\t<meta name=\"twitter:data1\" content=\"2 minutes\" \/>\n<script type=\"application\/ld+json\" class=\"yoast-schema-graph\">{\"@context\":\"https:\\\/\\\/schema.org\",\"@graph\":[{\"@type\":\"WebPage\",\"@id\":\"https:\\\/\\\/www.reseau-entreprendre.org\\\/cote-d-opale\\\/accompagner\\\/\",\"url\":\"https:\\\/\\\/www.reseau-entreprendre.org\\\/cote-d-opale\\\/accompagner\\\/\",\"name\":\"Accompagner| R\u00e9seau Entreprendre\u00ae C\u00f4te d'Opale\",\"isPartOf\":{\"@id\":\"https:\\\/\\\/www.reseau-entreprendre.org\\\/cote-d-opale\\\/#website\"},\"datePublished\":\"2017-04-28T10:33:47+00:00\",\"dateModified\":\"2026-03-31T12:46:21+00:00\",\"description\":\"Vous \u00eates chef d'entreprise et souhaitez accompagner de nouveaux entrepreneurs ? Devenez membre b\u00e9n\u00e9vole de R\u00e9seau Entreprendre\u00ae C\u00f4te d'Opale !\",\"breadcrumb\":{\"@id\":\"https:\\\/\\\/www.reseau-entreprendre.org\\\/cote-d-opale\\\/accompagner\\\/#breadcrumb\"},\"inLanguage\":\"fr-FR\",\"potentialAction\":[{\"@type\":\"ReadAction\",\"target\":[\"https:\\\/\\\/www.reseau-entreprendre.org\\\/cote-d-opale\\\/accompagner\\\/\"]}]},{\"@type\":\"BreadcrumbList\",\"@id\":\"https:\\\/\\\/www.reseau-entreprendre.org\\\/cote-d-opale\\\/accompagner\\\/#breadcrumb\",\"itemListElement\":[{\"@type\":\"ListItem\",\"position\":1,\"name\":\"Accueil\",\"item\":\"https:\\\/\\\/www.reseau-entreprendre.org\\\/cote-d-opale\\\/\"},{\"@type\":\"ListItem\",\"position\":2,\"name\":\"Accompagner\"}]},{\"@type\":\"WebSite\",\"@id\":\"https:\\\/\\\/www.reseau-entreprendre.org\\\/cote-d-opale\\\/#website\",\"url\":\"https:\\\/\\\/www.reseau-entreprendre.org\\\/cote-d-opale\\\/\",\"name\":\"R\u00e9seau Entreprendre C\u00f4te d&#039;Opale\",\"description\":\"Un site utilisant Les sites de R\u00e9seau Entreprendre\",\"potentialAction\":[{\"@type\":\"SearchAction\",\"target\":{\"@type\":\"EntryPoint\",\"urlTemplate\":\"https:\\\/\\\/www.reseau-entreprendre.org\\\/cote-d-opale\\\/?s={search_term_string}\"},\"query-input\":{\"@type\":\"PropertyValueSpecification\",\"valueRequired\":true,\"valueName\":\"search_term_string\"}}],\"inLanguage\":\"fr-FR\"}]}<\/script>\n<!-- \/ Yoast SEO plugin. -->","yoast_head_json":{"title":"Accompagner| R\u00e9seau Entreprendre\u00ae C\u00f4te d'Opale","description":"Vous \u00eates chef d'entreprise et souhaitez accompagner de nouveaux entrepreneurs ? Devenez membre b\u00e9n\u00e9vole de R\u00e9seau Entreprendre\u00ae C\u00f4te d'Opale !","robots":{"index":"index","follow":"follow","max-snippet":"max-snippet:-1","max-image-preview":"max-image-preview:large","max-video-preview":"max-video-preview:-1"},"canonical":"https:\/\/www.reseau-entreprendre.org\/cote-d-opale\/accompagner\/","og_locale":"fr_FR","og_type":"article","og_title":"Accompagner| R\u00e9seau Entreprendre\u00ae C\u00f4te d'Opale","og_description":"Vous \u00eates chef d'entreprise et souhaitez accompagner de nouveaux entrepreneurs ? Devenez membre b\u00e9n\u00e9vole de R\u00e9seau Entreprendre\u00ae C\u00f4te d'Opale !","og_url":"https:\/\/www.reseau-entreprendre.org\/cote-d-opale\/accompagner\/","og_site_name":"R\u00e9seau Entreprendre C\u00f4te d&#039;Opale","article_modified_time":"2026-03-31T12:46:21+00:00","twitter_card":"summary_large_image","twitter_misc":{"Dur\u00e9e de lecture estim\u00e9e":"2 minutes"},"schema":{"@context":"https:\/\/schema.org","@graph":[{"@type":"WebPage","@id":"https:\/\/www.reseau-entreprendre.org\/cote-d-opale\/accompagner\/","url":"https:\/\/www.reseau-entreprendre.org\/cote-d-opale\/accompagner\/","name":"Accompagner| R\u00e9seau Entreprendre\u00ae C\u00f4te d'Opale","isPartOf":{"@id":"https:\/\/www.reseau-entreprendre.org\/cote-d-opale\/#website"},"datePublished":"2017-04-28T10:33:47+00:00","dateModified":"2026-03-31T12:46:21+00:00","description":"Vous \u00eates chef d'entreprise et souhaitez accompagner de nouveaux entrepreneurs ? Devenez membre b\u00e9n\u00e9vole de R\u00e9seau Entreprendre\u00ae C\u00f4te d'Opale !","breadcrumb":{"@id":"https:\/\/www.reseau-entreprendre.org\/cote-d-opale\/accompagner\/#breadcrumb"},"inLanguage":"fr-FR","potentialAction":[{"@type":"ReadAction","target":["https:\/\/www.reseau-entreprendre.org\/cote-d-opale\/accompagner\/"]}]},{"@type":"BreadcrumbList","@id":"https:\/\/www.reseau-entreprendre.org\/cote-d-opale\/accompagner\/#breadcrumb","itemListElement":[{"@type":"ListItem","position":1,"name":"Accueil","item":"https:\/\/www.reseau-entreprendre.org\/cote-d-opale\/"},{"@type":"ListItem","position":2,"name":"Accompagner"}]},{"@type":"WebSite","@id":"https:\/\/www.reseau-entreprendre.org\/cote-d-opale\/#website","url":"https:\/\/www.reseau-entreprendre.org\/cote-d-opale\/","name":"R\u00e9seau Entreprendre C\u00f4te d&#039;Opale","description":"Un site utilisant Les sites de R\u00e9seau Entreprendre","potentialAction":[{"@type":"SearchAction","target":{"@type":"EntryPoint","urlTemplate":"https:\/\/www.reseau-entreprendre.org\/cote-d-opale\/?s={search_term_string}"},"query-input":{"@type":"PropertyValueSpecification","valueRequired":true,"valueName":"search_term_string"}}],"inLanguage":"fr-FR"}]}},"_links":{"self":[{"href":"https:\/\/www.reseau-entreprendre.org\/cote-d-opale\/wp-json\/wp\/v2\/pages\/15","targetHints":{"allow":["GET"]}}],"collection":[{"href":"https:\/\/www.reseau-entreprendre.org\/cote-d-opale\/wp-json\/wp\/v2\/pages"}],"about":[{"href":"https:\/\/www.reseau-entreprendre.org\/cote-d-opale\/wp-json\/wp\/v2\/types\/page"}],"author":[{"embeddable":true,"href":"https:\/\/www.reseau-entreprendre.org\/cote-d-opale\/wp-json\/wp\/v2\/users\/1"}],"replies":[{"embeddable":true,"href":"https:\/\/www.reseau-entreprendre.org\/cote-d-opale\/wp-json\/wp\/v2\/comments?post=15"}],"version-history":[{"count":0,"href":"https:\/\/www.reseau-entreprendre.org\/cote-d-opale\/wp-json\/wp\/v2\/pages\/15\/revisions"}],"wp:attachment":[{"href":"https:\/\/www.reseau-entreprendre.org\/cote-d-opale\/wp-json\/wp\/v2\/media?parent=15"}],"curies":[{"name":"wp","href":"https:\/\/api.w.org\/{rel}","templated":true}]}}