{"id":587,"date":"2017-11-09T17:35:01","date_gmt":"2017-11-09T16:35:01","guid":{"rendered":"http:\/\/re-dev-entreprendre.fr\/dakar\/?page_id=587"},"modified":"2021-10-19T10:46:10","modified_gmt":"2021-10-19T08:46:10","slug":"save-dakar-page","status":"publish","type":"page","link":"https:\/\/www.reseau-entreprendre.org\/dakar\/save-dakar-page\/","title":{"rendered":"save dakar page"},"content":{"rendered":"[re-section container=0][re-banner title=&#8221;Rencontrez des chefs d&#8217;entreprise pour booster votre projet&#8221; image=&#8221;handshake&#8221; button=&#8221;Contactez-nous !&#8221; url=&#8221;https:\/\/www.reseau-entreprendre.org\/dakar\/contact&#8221;][\/re-section]\n\n\n[re-section]\n<h1>Les News du r\u00e9seau<\/h1>\n[re-btn url=&#8221;https:\/\/www.reseau-entreprendre.org\/dakar\/category\/actualites&#8221; padding=30]Voir tout[\/re-btn]\n<h1>Nos partenaires<\/h1>\n[re-figure-wrapper][re-figure image=&#8221;lightbulb&#8221; number=&#8221;106&#8243; subject=&#8221;Cr\u00e9ateurs&#8221; color=&#8221;blue&#8221; description=&#8221;ou repreneurs en cours d&#8217;accompagnement.&#8221; ][re-figure image=&#8221;people&#8221; number=&#8221;5 000&#8243; subject=&#8221;Emplois&#8221; description=&#8221;cr\u00e9\u00e9s ou sauvegard\u00e9s en cinq ans&#8221; ][re-figure image=&#8221;clocks&#8221; number=&#8221;330&#8243; subject=&#8221;Chefs d&#8217;entreprise&#8221; color=&#8221;blue&#8221; description=&#8221;accompagnateurs b\u00e9n\u00e9voles et membres&#8221; ][re-figure image=&#8221;money&#8221; number=&#8221;22 000&#8243; subject=&#8221;\u20ac pr\u00eat\u00e9s par laur\u00e9at&#8221; description=&#8221;Repr\u00e9sentant en moyenne 30,1 K\u20ac par projet.&#8221; ][\/re-figure-wrapper]\n[re-btn url=&#8221;https:\/\/www.reseau-entreprendre.org\/dakar\/qui-sommes-nous&#8221;]En savoir +[\/re-btn]\n[\/re-section]\n","protected":false},"excerpt":{"rendered":"","protected":false},"author":61,"featured_media":0,"parent":0,"menu_order":0,"comment_status":"closed","ping_status":"closed","template":"","meta":{"_acf_changed":false,"_monsterinsights_skip_tracking":false,"_monsterinsights_sitenote_active":false,"_monsterinsights_sitenote_note":"","_monsterinsights_sitenote_category":0,"footnotes":""},"class_list":["post-587","page","type-page","status-publish","hentry"],"acf":[],"yoast_head":"<!-- This site is optimized with the Yoast SEO plugin v27.4 - https:\/\/yoast.com\/product\/yoast-seo-wordpress\/ -->\n<title>save dakar page - R\u00e9seau Entreprendre Dakar<\/title>\n<meta name=\"robots\" content=\"index, follow, max-snippet:-1, max-image-preview:large, max-video-preview:-1\" \/>\n<link rel=\"canonical\" href=\"https:\/\/www.reseau-entreprendre.org\/dakar\/save-dakar-page\/\" \/>\n<meta property=\"og:locale\" content=\"fr_FR\" \/>\n<meta property=\"og:type\" content=\"article\" \/>\n<meta property=\"og:title\" content=\"save dakar page - R\u00e9seau Entreprendre Dakar\" \/>\n<meta property=\"og:url\" content=\"https:\/\/www.reseau-entreprendre.org\/dakar\/save-dakar-page\/\" \/>\n<meta property=\"og:site_name\" content=\"R\u00e9seau Entreprendre Dakar\" \/>\n<meta property=\"article:publisher\" content=\"https:\/\/www.facebook.com\/ReseauEntreprendreDakar\/\" \/>\n<meta property=\"article:modified_time\" content=\"2021-10-19T08:46:10+00:00\" \/>\n<meta name=\"twitter:card\" content=\"summary_large_image\" \/>\n<meta name=\"twitter:site\" content=\"@RE_Dakar\" \/>\n<meta name=\"twitter:label1\" content=\"Dur\u00e9e de lecture estim\u00e9e\" \/>\n\t<meta name=\"twitter:data1\" content=\"1 minute\" \/>\n<script type=\"application\/ld+json\" class=\"yoast-schema-graph\">{\"@context\":\"https:\\\/\\\/schema.org\",\"@graph\":[{\"@type\":\"WebPage\",\"@id\":\"https:\\\/\\\/www.reseau-entreprendre.org\\\/dakar\\\/save-dakar-page\\\/\",\"url\":\"https:\\\/\\\/www.reseau-entreprendre.org\\\/dakar\\\/save-dakar-page\\\/\",\"name\":\"save dakar page - R\u00e9seau Entreprendre Dakar\",\"isPartOf\":{\"@id\":\"https:\\\/\\\/www.reseau-entreprendre.org\\\/dakar\\\/#website\"},\"datePublished\":\"2017-11-09T16:35:01+00:00\",\"dateModified\":\"2021-10-19T08:46:10+00:00\",\"breadcrumb\":{\"@id\":\"https:\\\/\\\/www.reseau-entreprendre.org\\\/dakar\\\/save-dakar-page\\\/#breadcrumb\"},\"inLanguage\":\"fr-FR\",\"potentialAction\":[{\"@type\":\"ReadAction\",\"target\":[\"https:\\\/\\\/www.reseau-entreprendre.org\\\/dakar\\\/save-dakar-page\\\/\"]}]},{\"@type\":\"BreadcrumbList\",\"@id\":\"https:\\\/\\\/www.reseau-entreprendre.org\\\/dakar\\\/save-dakar-page\\\/#breadcrumb\",\"itemListElement\":[{\"@type\":\"ListItem\",\"position\":1,\"name\":\"Accueil\",\"item\":\"https:\\\/\\\/www.reseau-entreprendre.org\\\/dakar\\\/\"},{\"@type\":\"ListItem\",\"position\":2,\"name\":\"save dakar page\"}]},{\"@type\":\"WebSite\",\"@id\":\"https:\\\/\\\/www.reseau-entreprendre.org\\\/dakar\\\/#website\",\"url\":\"https:\\\/\\\/www.reseau-entreprendre.org\\\/dakar\\\/\",\"name\":\"R\u00e9seau Entreprendre Dakar\",\"description\":\"Pour cr\u00e9er des emplois, cr\u00e9ons des employeurs!\",\"publisher\":{\"@id\":\"https:\\\/\\\/www.reseau-entreprendre.org\\\/dakar\\\/#organization\"},\"potentialAction\":[{\"@type\":\"SearchAction\",\"target\":{\"@type\":\"EntryPoint\",\"urlTemplate\":\"https:\\\/\\\/www.reseau-entreprendre.org\\\/dakar\\\/?s={search_term_string}\"},\"query-input\":{\"@type\":\"PropertyValueSpecification\",\"valueRequired\":true,\"valueName\":\"search_term_string\"}}],\"inLanguage\":\"fr-FR\"},{\"@type\":\"Organization\",\"@id\":\"https:\\\/\\\/www.reseau-entreprendre.org\\\/dakar\\\/#organization\",\"name\":\"R\u00e9seau Entreprendre Dakar\",\"url\":\"https:\\\/\\\/www.reseau-entreprendre.org\\\/dakar\\\/\",\"logo\":{\"@type\":\"ImageObject\",\"inLanguage\":\"fr-FR\",\"@id\":\"https:\\\/\\\/www.reseau-entreprendre.org\\\/dakar\\\/#\\\/schema\\\/logo\\\/image\\\/\",\"url\":\"https:\\\/\\\/www.reseau-entreprendre.org\\\/dakar\\\/wp-content\\\/uploads\\\/sites\\\/60\\\/2021\\\/03\\\/Logo-RED.png\",\"contentUrl\":\"https:\\\/\\\/www.reseau-entreprendre.org\\\/dakar\\\/wp-content\\\/uploads\\\/sites\\\/60\\\/2021\\\/03\\\/Logo-RED.png\",\"width\":178,\"height\":178,\"caption\":\"R\u00e9seau Entreprendre Dakar\"},\"image\":{\"@id\":\"https:\\\/\\\/www.reseau-entreprendre.org\\\/dakar\\\/#\\\/schema\\\/logo\\\/image\\\/\"},\"sameAs\":[\"https:\\\/\\\/www.facebook.com\\\/ReseauEntreprendreDakar\\\/\",\"https:\\\/\\\/x.com\\\/RE_Dakar\",\"https:\\\/\\\/www.linkedin.com\\\/in\\\/reseau-entreprendre-dakar-305aa414b\"]}]}<\/script>\n<!-- \/ Yoast SEO plugin. -->","yoast_head_json":{"title":"save dakar page - R\u00e9seau Entreprendre Dakar","robots":{"index":"index","follow":"follow","max-snippet":"max-snippet:-1","max-image-preview":"max-image-preview:large","max-video-preview":"max-video-preview:-1"},"canonical":"https:\/\/www.reseau-entreprendre.org\/dakar\/save-dakar-page\/","og_locale":"fr_FR","og_type":"article","og_title":"save dakar page - R\u00e9seau Entreprendre Dakar","og_url":"https:\/\/www.reseau-entreprendre.org\/dakar\/save-dakar-page\/","og_site_name":"R\u00e9seau Entreprendre Dakar","article_publisher":"https:\/\/www.facebook.com\/ReseauEntreprendreDakar\/","article_modified_time":"2021-10-19T08:46:10+00:00","twitter_card":"summary_large_image","twitter_site":"@RE_Dakar","twitter_misc":{"Dur\u00e9e de lecture estim\u00e9e":"1 minute"},"schema":{"@context":"https:\/\/schema.org","@graph":[{"@type":"WebPage","@id":"https:\/\/www.reseau-entreprendre.org\/dakar\/save-dakar-page\/","url":"https:\/\/www.reseau-entreprendre.org\/dakar\/save-dakar-page\/","name":"save dakar page - R\u00e9seau Entreprendre Dakar","isPartOf":{"@id":"https:\/\/www.reseau-entreprendre.org\/dakar\/#website"},"datePublished":"2017-11-09T16:35:01+00:00","dateModified":"2021-10-19T08:46:10+00:00","breadcrumb":{"@id":"https:\/\/www.reseau-entreprendre.org\/dakar\/save-dakar-page\/#breadcrumb"},"inLanguage":"fr-FR","potentialAction":[{"@type":"ReadAction","target":["https:\/\/www.reseau-entreprendre.org\/dakar\/save-dakar-page\/"]}]},{"@type":"BreadcrumbList","@id":"https:\/\/www.reseau-entreprendre.org\/dakar\/save-dakar-page\/#breadcrumb","itemListElement":[{"@type":"ListItem","position":1,"name":"Accueil","item":"https:\/\/www.reseau-entreprendre.org\/dakar\/"},{"@type":"ListItem","position":2,"name":"save dakar page"}]},{"@type":"WebSite","@id":"https:\/\/www.reseau-entreprendre.org\/dakar\/#website","url":"https:\/\/www.reseau-entreprendre.org\/dakar\/","name":"R\u00e9seau Entreprendre Dakar","description":"Pour cr\u00e9er des emplois, cr\u00e9ons des employeurs!","publisher":{"@id":"https:\/\/www.reseau-entreprendre.org\/dakar\/#organization"},"potentialAction":[{"@type":"SearchAction","target":{"@type":"EntryPoint","urlTemplate":"https:\/\/www.reseau-entreprendre.org\/dakar\/?s={search_term_string}"},"query-input":{"@type":"PropertyValueSpecification","valueRequired":true,"valueName":"search_term_string"}}],"inLanguage":"fr-FR"},{"@type":"Organization","@id":"https:\/\/www.reseau-entreprendre.org\/dakar\/#organization","name":"R\u00e9seau Entreprendre Dakar","url":"https:\/\/www.reseau-entreprendre.org\/dakar\/","logo":{"@type":"ImageObject","inLanguage":"fr-FR","@id":"https:\/\/www.reseau-entreprendre.org\/dakar\/#\/schema\/logo\/image\/","url":"https:\/\/www.reseau-entreprendre.org\/dakar\/wp-content\/uploads\/sites\/60\/2021\/03\/Logo-RED.png","contentUrl":"https:\/\/www.reseau-entreprendre.org\/dakar\/wp-content\/uploads\/sites\/60\/2021\/03\/Logo-RED.png","width":178,"height":178,"caption":"R\u00e9seau Entreprendre Dakar"},"image":{"@id":"https:\/\/www.reseau-entreprendre.org\/dakar\/#\/schema\/logo\/image\/"},"sameAs":["https:\/\/www.facebook.com\/ReseauEntreprendreDakar\/","https:\/\/x.com\/RE_Dakar","https:\/\/www.linkedin.com\/in\/reseau-entreprendre-dakar-305aa414b"]}]}},"_links":{"self":[{"href":"https:\/\/www.reseau-entreprendre.org\/dakar\/wp-json\/wp\/v2\/pages\/587","targetHints":{"allow":["GET"]}}],"collection":[{"href":"https:\/\/www.reseau-entreprendre.org\/dakar\/wp-json\/wp\/v2\/pages"}],"about":[{"href":"https:\/\/www.reseau-entreprendre.org\/dakar\/wp-json\/wp\/v2\/types\/page"}],"author":[{"embeddable":true,"href":"https:\/\/www.reseau-entreprendre.org\/dakar\/wp-json\/wp\/v2\/users\/61"}],"replies":[{"embeddable":true,"href":"https:\/\/www.reseau-entreprendre.org\/dakar\/wp-json\/wp\/v2\/comments?post=587"}],"version-history":[{"count":0,"href":"https:\/\/www.reseau-entreprendre.org\/dakar\/wp-json\/wp\/v2\/pages\/587\/revisions"}],"wp:attachment":[{"href":"https:\/\/www.reseau-entreprendre.org\/dakar\/wp-json\/wp\/v2\/media?parent=587"}],"curies":[{"name":"wp","href":"https:\/\/api.w.org\/{rel}","templated":true}]}}