{"id":831,"date":"2018-06-15T11:05:26","date_gmt":"2018-06-15T09:05:26","guid":{"rendered":"https:\/\/www.reseau-entreprendre.org\/drome-ardeche\/?post_type=mec-events&#038;p=831"},"modified":"2018-06-15T11:05:26","modified_gmt":"2018-06-15T09:05:26","slug":"conference-de-presse-leadership","status":"publish","type":"mec-events","link":"https:\/\/www.reseau-entreprendre.org\/drome-ardeche\/events\/conference-de-presse-leadership\/","title":{"rendered":"Conf\u00e9rence de presse Leadership"},"content":{"rendered":"<p>Pr\u00e9sentation de notre \u00e9v\u00e9nement Nouveaux Pouvoirs, Nouveaux Leaders<\/p>\n","protected":false},"excerpt":{"rendered":"<p>Pr\u00e9sentation de notre \u00e9v\u00e9nement Nouveaux Pouvoirs, Nouveaux Leaders<\/p>\n","protected":false},"author":31,"featured_media":0,"comment_status":"open","ping_status":"closed","template":"","tags":[],"mec_category":[],"class_list":["post-831","mec-events","type-mec-events","status-publish","hentry"],"acf":[],"yoast_head":"<!-- This site is optimized with the Yoast SEO plugin v27.4 - https:\/\/yoast.com\/product\/yoast-seo-wordpress\/ -->\n<title>Conf\u00e9rence de presse Leadership - R\u00e9seau Entreprendre Dr\u00f4me-Ard\u00e8che<\/title>\n<meta name=\"robots\" content=\"index, follow, max-snippet:-1, max-image-preview:large, max-video-preview:-1\" \/>\n<link rel=\"canonical\" href=\"https:\/\/www.reseau-entreprendre.org\/drome-ardeche\/events\/conference-de-presse-leadership\/\" \/>\n<meta property=\"og:locale\" content=\"fr_FR\" \/>\n<meta property=\"og:type\" content=\"article\" \/>\n<meta property=\"og:title\" content=\"Conf\u00e9rence de presse Leadership - R\u00e9seau Entreprendre Dr\u00f4me-Ard\u00e8che\" \/>\n<meta property=\"og:description\" content=\"Pr\u00e9sentation de notre \u00e9v\u00e9nement Nouveaux Pouvoirs, Nouveaux Leaders\" \/>\n<meta property=\"og:url\" content=\"https:\/\/www.reseau-entreprendre.org\/drome-ardeche\/events\/conference-de-presse-leadership\/\" \/>\n<meta property=\"og:site_name\" content=\"R\u00e9seau Entreprendre Dr\u00f4me-Ard\u00e8che\" \/>\n<meta name=\"twitter:card\" content=\"summary_large_image\" \/>\n<script type=\"application\/ld+json\" class=\"yoast-schema-graph\">{\"@context\":\"https:\\\/\\\/schema.org\",\"@graph\":[{\"@type\":\"WebPage\",\"@id\":\"https:\\\/\\\/www.reseau-entreprendre.org\\\/drome-ardeche\\\/events\\\/conference-de-presse-leadership\\\/\",\"url\":\"https:\\\/\\\/www.reseau-entreprendre.org\\\/drome-ardeche\\\/events\\\/conference-de-presse-leadership\\\/\",\"name\":\"Conf\u00e9rence de presse Leadership - R\u00e9seau Entreprendre Dr\u00f4me-Ard\u00e8che\",\"isPartOf\":{\"@id\":\"https:\\\/\\\/www.reseau-entreprendre.org\\\/drome-ardeche\\\/#website\"},\"datePublished\":\"2018-06-15T09:05:26+00:00\",\"breadcrumb\":{\"@id\":\"https:\\\/\\\/www.reseau-entreprendre.org\\\/drome-ardeche\\\/events\\\/conference-de-presse-leadership\\\/#breadcrumb\"},\"inLanguage\":\"fr-FR\",\"potentialAction\":[{\"@type\":\"ReadAction\",\"target\":[\"https:\\\/\\\/www.reseau-entreprendre.org\\\/drome-ardeche\\\/events\\\/conference-de-presse-leadership\\\/\"]}]},{\"@type\":\"BreadcrumbList\",\"@id\":\"https:\\\/\\\/www.reseau-entreprendre.org\\\/drome-ardeche\\\/events\\\/conference-de-presse-leadership\\\/#breadcrumb\",\"itemListElement\":[{\"@type\":\"ListItem\",\"position\":1,\"name\":\"Accueil\",\"item\":\"https:\\\/\\\/www.reseau-entreprendre.org\\\/drome-ardeche\\\/\"},{\"@type\":\"ListItem\",\"position\":2,\"name\":\"\u00c9venements\",\"item\":\"https:\\\/\\\/www.reseau-entreprendre.org\\\/drome-ardeche\\\/events\\\/\"},{\"@type\":\"ListItem\",\"position\":3,\"name\":\"Conf\u00e9rence de presse Leadership\"}]},{\"@type\":\"WebSite\",\"@id\":\"https:\\\/\\\/www.reseau-entreprendre.org\\\/drome-ardeche\\\/#website\",\"url\":\"https:\\\/\\\/www.reseau-entreprendre.org\\\/drome-ardeche\\\/\",\"name\":\"R\u00e9seau Entreprendre Dr\u00f4me-Ard\u00e8che\",\"description\":\"Un site utilisant Les sites de R\u00e9seau Entreprendre\",\"potentialAction\":[{\"@type\":\"SearchAction\",\"target\":{\"@type\":\"EntryPoint\",\"urlTemplate\":\"https:\\\/\\\/www.reseau-entreprendre.org\\\/drome-ardeche\\\/?s={search_term_string}\"},\"query-input\":{\"@type\":\"PropertyValueSpecification\",\"valueRequired\":true,\"valueName\":\"search_term_string\"}}],\"inLanguage\":\"fr-FR\"}]}<\/script>\n<!-- \/ Yoast SEO plugin. -->","yoast_head_json":{"title":"Conf\u00e9rence de presse Leadership - R\u00e9seau Entreprendre Dr\u00f4me-Ard\u00e8che","robots":{"index":"index","follow":"follow","max-snippet":"max-snippet:-1","max-image-preview":"max-image-preview:large","max-video-preview":"max-video-preview:-1"},"canonical":"https:\/\/www.reseau-entreprendre.org\/drome-ardeche\/events\/conference-de-presse-leadership\/","og_locale":"fr_FR","og_type":"article","og_title":"Conf\u00e9rence de presse Leadership - R\u00e9seau Entreprendre Dr\u00f4me-Ard\u00e8che","og_description":"Pr\u00e9sentation de notre \u00e9v\u00e9nement Nouveaux Pouvoirs, Nouveaux Leaders","og_url":"https:\/\/www.reseau-entreprendre.org\/drome-ardeche\/events\/conference-de-presse-leadership\/","og_site_name":"R\u00e9seau Entreprendre Dr\u00f4me-Ard\u00e8che","twitter_card":"summary_large_image","schema":{"@context":"https:\/\/schema.org","@graph":[{"@type":"WebPage","@id":"https:\/\/www.reseau-entreprendre.org\/drome-ardeche\/events\/conference-de-presse-leadership\/","url":"https:\/\/www.reseau-entreprendre.org\/drome-ardeche\/events\/conference-de-presse-leadership\/","name":"Conf\u00e9rence de presse Leadership - R\u00e9seau Entreprendre Dr\u00f4me-Ard\u00e8che","isPartOf":{"@id":"https:\/\/www.reseau-entreprendre.org\/drome-ardeche\/#website"},"datePublished":"2018-06-15T09:05:26+00:00","breadcrumb":{"@id":"https:\/\/www.reseau-entreprendre.org\/drome-ardeche\/events\/conference-de-presse-leadership\/#breadcrumb"},"inLanguage":"fr-FR","potentialAction":[{"@type":"ReadAction","target":["https:\/\/www.reseau-entreprendre.org\/drome-ardeche\/events\/conference-de-presse-leadership\/"]}]},{"@type":"BreadcrumbList","@id":"https:\/\/www.reseau-entreprendre.org\/drome-ardeche\/events\/conference-de-presse-leadership\/#breadcrumb","itemListElement":[{"@type":"ListItem","position":1,"name":"Accueil","item":"https:\/\/www.reseau-entreprendre.org\/drome-ardeche\/"},{"@type":"ListItem","position":2,"name":"\u00c9venements","item":"https:\/\/www.reseau-entreprendre.org\/drome-ardeche\/events\/"},{"@type":"ListItem","position":3,"name":"Conf\u00e9rence de presse Leadership"}]},{"@type":"WebSite","@id":"https:\/\/www.reseau-entreprendre.org\/drome-ardeche\/#website","url":"https:\/\/www.reseau-entreprendre.org\/drome-ardeche\/","name":"R\u00e9seau Entreprendre Dr\u00f4me-Ard\u00e8che","description":"Un site utilisant Les sites de R\u00e9seau Entreprendre","potentialAction":[{"@type":"SearchAction","target":{"@type":"EntryPoint","urlTemplate":"https:\/\/www.reseau-entreprendre.org\/drome-ardeche\/?s={search_term_string}"},"query-input":{"@type":"PropertyValueSpecification","valueRequired":true,"valueName":"search_term_string"}}],"inLanguage":"fr-FR"}]}},"_links":{"self":[{"href":"https:\/\/www.reseau-entreprendre.org\/drome-ardeche\/wp-json\/wp\/v2\/mec-events\/831","targetHints":{"allow":["GET"]}}],"collection":[{"href":"https:\/\/www.reseau-entreprendre.org\/drome-ardeche\/wp-json\/wp\/v2\/mec-events"}],"about":[{"href":"https:\/\/www.reseau-entreprendre.org\/drome-ardeche\/wp-json\/wp\/v2\/types\/mec-events"}],"author":[{"embeddable":true,"href":"https:\/\/www.reseau-entreprendre.org\/drome-ardeche\/wp-json\/wp\/v2\/users\/31"}],"replies":[{"embeddable":true,"href":"https:\/\/www.reseau-entreprendre.org\/drome-ardeche\/wp-json\/wp\/v2\/comments?post=831"}],"wp:attachment":[{"href":"https:\/\/www.reseau-entreprendre.org\/drome-ardeche\/wp-json\/wp\/v2\/media?parent=831"}],"wp:term":[{"taxonomy":"post_tag","embeddable":true,"href":"https:\/\/www.reseau-entreprendre.org\/drome-ardeche\/wp-json\/wp\/v2\/tags?post=831"},{"taxonomy":"mec_category","embeddable":true,"href":"https:\/\/www.reseau-entreprendre.org\/drome-ardeche\/wp-json\/wp\/v2\/mec_category?post=831"}],"curies":[{"name":"wp","href":"https:\/\/api.w.org\/{rel}","templated":true}]}}

Conférence de presse Leadership

<p>Présentation de notre événement Nouveaux Pouvoirs, Nouveaux Leaders</p>

<!-- This site is optimized with the Yoast SEO plugin v27.4 - https://yoast.com/product/yoast-seo-wordpress/ -->
<title>Conférence de presse Leadership - Réseau Entreprendre Drôme-Ardèche</title>
<meta name="robots" content="index, follow, max-snippet:-1, max-image-preview:large, max-video-preview:-1" />
<link rel="canonical" href="https://www.reseau-entreprendre.org/drome-ardeche/events/conference-de-presse-leadership/" />
<meta property="og:locale" content="fr_FR" />
<meta property="og:type" content="article" />
<meta property="og:title" content="Conférence de presse Leadership - Réseau Entreprendre Drôme-Ardèche" />
<meta property="og:description" content="Présentation de notre événement Nouveaux Pouvoirs, Nouveaux Leaders" />
<meta property="og:url" content="https://www.reseau-entreprendre.org/drome-ardeche/events/conference-de-presse-leadership/" />
<meta property="og:site_name" content="Réseau Entreprendre Drôme-Ardèche" />
<meta name="twitter:card" content="summary_large_image" />
<script type="application/ld+json" class="yoast-schema-graph">{"@context":"https:\/\/schema.org","@graph":[{"@type":"WebPage","@id":"https:\/\/www.reseau-entreprendre.org\/drome-ardeche\/events\/conference-de-presse-leadership\/","url":"https:\/\/www.reseau-entreprendre.org\/drome-ardeche\/events\/conference-de-presse-leadership\/","name":"Conférence de presse Leadership - Réseau Entreprendre Drôme-Ardèche","isPartOf":{"@id":"https:\/\/www.reseau-entreprendre.org\/drome-ardeche\/#website"},"datePublished":"2018-06-15T09:05:26+00:00","breadcrumb":{"@id":"https:\/\/www.reseau-entreprendre.org\/drome-ardeche\/events\/conference-de-presse-leadership\/#breadcrumb"},"inLanguage":"fr-FR","potentialAction":[{"@type":"ReadAction","target":["https:\/\/www.reseau-entreprendre.org\/drome-ardeche\/events\/conference-de-presse-leadership\/"]}]},{"@type":"BreadcrumbList","@id":"https:\/\/www.reseau-entreprendre.org\/drome-ardeche\/events\/conference-de-presse-leadership\/#breadcrumb","itemListElement":[{"@type":"ListItem","position":1,"name":"Accueil","item":"https:\/\/www.reseau-entreprendre.org\/drome-ardeche\/"},{"@type":"ListItem","position":2,"name":"Évenements","item":"https:\/\/www.reseau-entreprendre.org\/drome-ardeche\/events\/"},{"@type":"ListItem","position":3,"name":"Conférence de presse Leadership"}]},{"@type":"WebSite","@id":"https:\/\/www.reseau-entreprendre.org\/drome-ardeche\/#website","url":"https:\/\/www.reseau-entreprendre.org\/drome-ardeche\/","name":"Réseau Entreprendre Drôme-Ardèche","description":"Un site utilisant Les sites de Réseau Entreprendre","potentialAction":[{"@type":"SearchAction","target":{"@type":"EntryPoint","urlTemplate":"https:\/\/www.reseau-entreprendre.org\/drome-ardeche\/?s={search_term_string}"},"query-input":{"@type":"PropertyValueSpecification","valueRequired":true,"valueName":"search_term_string"}}],"inLanguage":"fr-FR"}]}</script>
<!-- / Yoast SEO plugin. -->

Conférence de presse Leadership - Réseau Entreprendre Drôme-Ardèche

Présentation de notre événement Nouveaux Pouvoirs, Nouveaux Leaders

Réseau Entreprendre Drôme-Ardèche

Évenements

Un site utilisant Les sites de Réseau Entreprendre
