{"id":13,"date":"2017-04-28T12:33:34","date_gmt":"2017-04-28T10:33:34","guid":{"rendered":"https:\/\/www.reseau-entreprendre.org\/drome-ardeche\/?page_id=13"},"modified":"2023-01-10T10:50:28","modified_gmt":"2023-01-10T09:50:28","slug":"entreprendre","status":"publish","type":"page","link":"https:\/\/www.reseau-entreprendre.org\/drome-ardeche\/entreprendre\/","title":{"rendered":"Entreprendre"},"content":{"rendered":"\n<h2 class=\"wp-block-heading\"><strong><img loading=\"lazy\" decoding=\"async\" class=\"alignnone  wp-image-1253\" src=\"https:\/\/www.reseau-entreprendre.org\/drome-ardeche\/wp-content\/uploads\/sites\/30\/2020\/10\/logo-laur___at-re-dr___me-ard___che-couleur-1.png\" alt=\"\" width=\"128\" height=\"96\"><\/strong><\/h2>\n\n\n\n<h2 class=\"wp-block-heading\"><strong>Entreprendre<\/strong><\/h2>\n\n\n\n<div class=\"wp-block-group alignfull\"><div class=\"wp-block-group__inner-container is-layout-constrained wp-block-group-is-layout-constrained\">\n<div class=\"wp-block-buttons alignfull is-content-justification-center is-layout-flex wp-container-core-buttons-is-layout-16018d1d wp-block-buttons-is-layout-flex\">\n<div class=\"wp-block-button aligncenter\"><a class=\"wp-block-button__link wp-element-button\" href=\"https:\/\/www.reseau-entreprendre.org\/drome-ardeche\/devenez-laureats\/\" target=\"_blank\" rel=\"noreferrer noopener\"><strong>Devenir Laur\u00e9at<\/strong><\/a><\/div>\n<\/div>\n<\/div><\/div>\n\n\n\n<p><\/p>\n\n\n\n<p><\/p>\n\n\n\n<p><\/p>\n\n\n\n<p>Notre mission : Faire r\u00e9ussir les cr\u00e9ateurs, repreneurs, d\u00e9veloppeurs de futures PME<\/p>\n\n\n\n<p class=\"has-text-align-center\"><strong><span style=\"color: #268597\">Nous intervenons&nbsp;:<\/span><\/strong><\/p>\n\n\n\n<p><strong style=\"text-align: center\"><span style=\"color: #268597\"><\/span><\/strong><\/p>\n\n\n\n<ul class=\"wp-block-list\">\n<li>La <strong>cr\u00e9ation<\/strong><\/li>\n\n\n\n<li>La <strong>reprise<\/strong><\/li>\n\n\n\n<li>Le <strong>d\u00e9veloppement<\/strong> gr\u00e2ce au programme <span style=\"color: #d70635\">CROISSANCE<\/span> par REDA<\/li>\n\n\n\n<li>L\u2019<strong>innovation<\/strong>. R\u00e9seau Entreprendre Dr\u00f4me Ard\u00e8che est une porte d\u2019entr\u00e9e au programme de financement r\u00e9gional INOVIZI<\/li>\n<\/ul>\n\n\n\n<p class=\"has-text-align-center\"><span style=\"color: #268597\"><strong>Nous offrons un accompagnement&nbsp;:<\/strong><\/span><\/p>\n\n\n\n<ul class=\"wp-block-list\">\n<li><strong>Humain&nbsp;<\/strong><\/li>\n<\/ul>\n\n\n\n<p>L&#8217;accompagnement individuel par un chef d\u2019entreprise en activit\u00e9 b\u00e9n\u00e9vole d\u00e9sint\u00e9ress\u00e9 &#8211; L\u2019accompagnement est le v\u00e9ritable c\u0153ur de m\u00e9tier de notre association. Son efficacit\u00e9 sur la p\u00e9rennit\u00e9 des entreprises est prouv\u00e9e, il permet de rompre l\u2019isolement, d\u2019avoir un confident privil\u00e9gi\u00e9, d\u2019\u00eatre \u00e9cout\u00e9 et questionn\u00e9 par des chefs d\u2019entreprise en activit\u00e9 d\u00e9sint\u00e9ress\u00e9s et de b\u00e9n\u00e9ficier d\u2019une r\u00e9flexion et d\u2019un \u0153il nouveau<\/p>\n\n\n\n<ul class=\"wp-block-list\">\n<li><strong>Collectif&nbsp;<\/strong><\/li>\n<\/ul>\n\n\n\n<p>Un rendez-vous mensuel avec les Laur\u00e9ats de la m\u00eame promotion, pendant deux ans &#8211; Lors de l\u2019accompagnement collectif, appel\u00e9 \u00ab&nbsp;CLUBS&nbsp;\u00bb, nous vous sensibiliserons sur les sujets suivants&nbsp;: Je suis le premier commercial de ma boite, Un tableau de bord&nbsp;: pour quoi faire&nbsp;? le droit du travail, Les cl\u00e9s de la n\u00e9gociation commerciale, \u00ab&nbsp;recrutement&nbsp;: savoir m\u2019entourer&nbsp;\u00bb Management et Sourcing, La gestion du temps \u2026 et les \u00e9changes avec vos pairs vous feront grandir \u00e9galement.<\/p>\n\n\n\n<ul class=\"wp-block-list\">\n<li><strong>Financier<\/strong><\/li>\n<\/ul>\n\n\n\n<p>Sous la forme d\u2019un pr\u00eat d\u2019honneur sans garantie ni int\u00e9r\u00eat octroy\u00e9 sur cinq ans avec un diff\u00e9r\u00e9 de remboursement de dix-huit mois d\u2019un montant variant entre 15&nbsp;000\u20ac et 70&nbsp;000\u20ac.<\/p>\n\n\n\n<ul class=\"wp-block-list\">\n<li>Ainsi qu\u2019une mise en r\u00e9seau locale, nationale et internationale\n<ul class=\"wp-block-list\">\n<li><\/li>\n<\/ul>\n<\/li>\n<\/ul>\n\n\n<div class=\"wp-block-image\">\n<figure class=\"aligncenter\"><img loading=\"lazy\" decoding=\"async\" width=\"262\" height=\"257\" src=\"https:\/\/www.reseau-entreprendre.org\/drome-ardeche\/wp-content\/uploads\/sites\/30\/2018\/06\/r\u00aeseau-2.png\" alt=\"\" class=\"wp-image-731\" \/><\/figure>\n<\/div>\n\n\n<div class=\"wp-block-buttons is-layout-flex wp-block-buttons-is-layout-flex\"><\/div>\n","protected":false},"excerpt":{"rendered":"<p>Entreprendre Notre mission : Faire r\u00e9ussir les cr\u00e9ateurs, repreneurs, d\u00e9veloppeurs<\/p>\n","protected":false},"author":31,"featured_media":0,"parent":0,"menu_order":0,"comment_status":"closed","ping_status":"closed","template":"","meta":{"_acf_changed":false,"_monsterinsights_skip_tracking":false,"_monsterinsights_sitenote_active":false,"_monsterinsights_sitenote_note":"","_monsterinsights_sitenote_category":0,"footnotes":""},"class_list":["post-13","page","type-page","status-publish","hentry"],"acf":[],"yoast_head":"<!-- This site is optimized with the Yoast SEO plugin v27.3 - https:\/\/yoast.com\/product\/yoast-seo-wordpress\/ -->\n<title>Entreprendre | Reseau Entreprendre Dr\u00f4me-Ard\u00e8che<\/title>\n<meta name=\"description\" content=\"Vous avez un projet de cr\u00e9ation d&#039;entreprise ? R\u00e9seau Entreprendre Dr\u00f4me-Ard\u00e8che vous accompagne gratuitement et dans la dur\u00e9e\" \/>\n<meta name=\"robots\" content=\"index, follow, max-snippet:-1, max-image-preview:large, max-video-preview:-1\" \/>\n<link rel=\"canonical\" href=\"https:\/\/www.reseau-entreprendre.org\/drome-ardeche\/entreprendre\/\" \/>\n<meta property=\"og:locale\" content=\"fr_FR\" \/>\n<meta property=\"og:type\" content=\"article\" \/>\n<meta property=\"og:title\" content=\"Entreprendre | Reseau Entreprendre Dr\u00f4me-Ard\u00e8che\" \/>\n<meta property=\"og:description\" content=\"Vous avez un projet de cr\u00e9ation d&#039;entreprise ? R\u00e9seau Entreprendre Dr\u00f4me-Ard\u00e8che vous accompagne gratuitement et dans la dur\u00e9e\" \/>\n<meta property=\"og:url\" content=\"https:\/\/www.reseau-entreprendre.org\/drome-ardeche\/entreprendre\/\" \/>\n<meta property=\"og:site_name\" content=\"R\u00e9seau Entreprendre Dr\u00f4me-Ard\u00e8che\" \/>\n<meta property=\"article:modified_time\" content=\"2023-01-10T09:50:28+00:00\" \/>\n<meta property=\"og:image\" content=\"https:\/\/www.reseau-entreprendre.org\/drome-ardeche\/wp-content\/uploads\/sites\/30\/2020\/10\/logo-laur___at-re-dr___me-ard___che-couleur-1.png\" \/>\n<meta name=\"twitter:card\" content=\"summary_large_image\" \/>\n<meta name=\"twitter:label1\" content=\"Dur\u00e9e de lecture estim\u00e9e\" \/>\n\t<meta name=\"twitter:data1\" content=\"2 minutes\" \/>\n<script type=\"application\/ld+json\" class=\"yoast-schema-graph\">{\"@context\":\"https:\\\/\\\/schema.org\",\"@graph\":[{\"@type\":\"WebPage\",\"@id\":\"https:\\\/\\\/www.reseau-entreprendre.org\\\/drome-ardeche\\\/entreprendre\\\/\",\"url\":\"https:\\\/\\\/www.reseau-entreprendre.org\\\/drome-ardeche\\\/entreprendre\\\/\",\"name\":\"Entreprendre | Reseau Entreprendre Dr\u00f4me-Ard\u00e8che\",\"isPartOf\":{\"@id\":\"https:\\\/\\\/www.reseau-entreprendre.org\\\/drome-ardeche\\\/#website\"},\"primaryImageOfPage\":{\"@id\":\"https:\\\/\\\/www.reseau-entreprendre.org\\\/drome-ardeche\\\/entreprendre\\\/#primaryimage\"},\"image\":{\"@id\":\"https:\\\/\\\/www.reseau-entreprendre.org\\\/drome-ardeche\\\/entreprendre\\\/#primaryimage\"},\"thumbnailUrl\":\"https:\\\/\\\/www.reseau-entreprendre.org\\\/drome-ardeche\\\/wp-content\\\/uploads\\\/sites\\\/30\\\/2020\\\/10\\\/logo-laur___at-re-dr___me-ard___che-couleur-1.png\",\"datePublished\":\"2017-04-28T10:33:34+00:00\",\"dateModified\":\"2023-01-10T09:50:28+00:00\",\"description\":\"Vous avez un projet de cr\u00e9ation d'entreprise ? R\u00e9seau Entreprendre Dr\u00f4me-Ard\u00e8che vous accompagne gratuitement et dans la dur\u00e9e\",\"breadcrumb\":{\"@id\":\"https:\\\/\\\/www.reseau-entreprendre.org\\\/drome-ardeche\\\/entreprendre\\\/#breadcrumb\"},\"inLanguage\":\"fr-FR\",\"potentialAction\":[{\"@type\":\"ReadAction\",\"target\":[\"https:\\\/\\\/www.reseau-entreprendre.org\\\/drome-ardeche\\\/entreprendre\\\/\"]}]},{\"@type\":\"ImageObject\",\"inLanguage\":\"fr-FR\",\"@id\":\"https:\\\/\\\/www.reseau-entreprendre.org\\\/drome-ardeche\\\/entreprendre\\\/#primaryimage\",\"url\":\"https:\\\/\\\/www.reseau-entreprendre.org\\\/drome-ardeche\\\/wp-content\\\/uploads\\\/sites\\\/30\\\/2020\\\/10\\\/logo-laur___at-re-dr___me-ard___che-couleur-1.png\",\"contentUrl\":\"https:\\\/\\\/www.reseau-entreprendre.org\\\/drome-ardeche\\\/wp-content\\\/uploads\\\/sites\\\/30\\\/2020\\\/10\\\/logo-laur___at-re-dr___me-ard___che-couleur-1.png\",\"width\":200,\"height\":150},{\"@type\":\"BreadcrumbList\",\"@id\":\"https:\\\/\\\/www.reseau-entreprendre.org\\\/drome-ardeche\\\/entreprendre\\\/#breadcrumb\",\"itemListElement\":[{\"@type\":\"ListItem\",\"position\":1,\"name\":\"Accueil\",\"item\":\"https:\\\/\\\/www.reseau-entreprendre.org\\\/drome-ardeche\\\/\"},{\"@type\":\"ListItem\",\"position\":2,\"name\":\"Entreprendre\"}]},{\"@type\":\"WebSite\",\"@id\":\"https:\\\/\\\/www.reseau-entreprendre.org\\\/drome-ardeche\\\/#website\",\"url\":\"https:\\\/\\\/www.reseau-entreprendre.org\\\/drome-ardeche\\\/\",\"name\":\"R\u00e9seau Entreprendre Dr\u00f4me-Ard\u00e8che\",\"description\":\"Un site utilisant Les sites de R\u00e9seau Entreprendre\",\"potentialAction\":[{\"@type\":\"SearchAction\",\"target\":{\"@type\":\"EntryPoint\",\"urlTemplate\":\"https:\\\/\\\/www.reseau-entreprendre.org\\\/drome-ardeche\\\/?s={search_term_string}\"},\"query-input\":{\"@type\":\"PropertyValueSpecification\",\"valueRequired\":true,\"valueName\":\"search_term_string\"}}],\"inLanguage\":\"fr-FR\"}]}<\/script>\n<!-- \/ Yoast SEO plugin. -->","yoast_head_json":{"title":"Entreprendre | Reseau Entreprendre Dr\u00f4me-Ard\u00e8che","description":"Vous avez un projet de cr\u00e9ation d'entreprise ? R\u00e9seau Entreprendre Dr\u00f4me-Ard\u00e8che vous accompagne gratuitement et dans la dur\u00e9e","robots":{"index":"index","follow":"follow","max-snippet":"max-snippet:-1","max-image-preview":"max-image-preview:large","max-video-preview":"max-video-preview:-1"},"canonical":"https:\/\/www.reseau-entreprendre.org\/drome-ardeche\/entreprendre\/","og_locale":"fr_FR","og_type":"article","og_title":"Entreprendre | Reseau Entreprendre Dr\u00f4me-Ard\u00e8che","og_description":"Vous avez un projet de cr\u00e9ation d'entreprise ? R\u00e9seau Entreprendre Dr\u00f4me-Ard\u00e8che vous accompagne gratuitement et dans la dur\u00e9e","og_url":"https:\/\/www.reseau-entreprendre.org\/drome-ardeche\/entreprendre\/","og_site_name":"R\u00e9seau Entreprendre Dr\u00f4me-Ard\u00e8che","article_modified_time":"2023-01-10T09:50:28+00:00","og_image":[{"url":"https:\/\/www.reseau-entreprendre.org\/drome-ardeche\/wp-content\/uploads\/sites\/30\/2020\/10\/logo-laur___at-re-dr___me-ard___che-couleur-1.png","type":"","width":"","height":""}],"twitter_card":"summary_large_image","twitter_misc":{"Dur\u00e9e de lecture estim\u00e9e":"2 minutes"},"schema":{"@context":"https:\/\/schema.org","@graph":[{"@type":"WebPage","@id":"https:\/\/www.reseau-entreprendre.org\/drome-ardeche\/entreprendre\/","url":"https:\/\/www.reseau-entreprendre.org\/drome-ardeche\/entreprendre\/","name":"Entreprendre | Reseau Entreprendre Dr\u00f4me-Ard\u00e8che","isPartOf":{"@id":"https:\/\/www.reseau-entreprendre.org\/drome-ardeche\/#website"},"primaryImageOfPage":{"@id":"https:\/\/www.reseau-entreprendre.org\/drome-ardeche\/entreprendre\/#primaryimage"},"image":{"@id":"https:\/\/www.reseau-entreprendre.org\/drome-ardeche\/entreprendre\/#primaryimage"},"thumbnailUrl":"https:\/\/www.reseau-entreprendre.org\/drome-ardeche\/wp-content\/uploads\/sites\/30\/2020\/10\/logo-laur___at-re-dr___me-ard___che-couleur-1.png","datePublished":"2017-04-28T10:33:34+00:00","dateModified":"2023-01-10T09:50:28+00:00","description":"Vous avez un projet de cr\u00e9ation d'entreprise ? R\u00e9seau Entreprendre Dr\u00f4me-Ard\u00e8che vous accompagne gratuitement et dans la dur\u00e9e","breadcrumb":{"@id":"https:\/\/www.reseau-entreprendre.org\/drome-ardeche\/entreprendre\/#breadcrumb"},"inLanguage":"fr-FR","potentialAction":[{"@type":"ReadAction","target":["https:\/\/www.reseau-entreprendre.org\/drome-ardeche\/entreprendre\/"]}]},{"@type":"ImageObject","inLanguage":"fr-FR","@id":"https:\/\/www.reseau-entreprendre.org\/drome-ardeche\/entreprendre\/#primaryimage","url":"https:\/\/www.reseau-entreprendre.org\/drome-ardeche\/wp-content\/uploads\/sites\/30\/2020\/10\/logo-laur___at-re-dr___me-ard___che-couleur-1.png","contentUrl":"https:\/\/www.reseau-entreprendre.org\/drome-ardeche\/wp-content\/uploads\/sites\/30\/2020\/10\/logo-laur___at-re-dr___me-ard___che-couleur-1.png","width":200,"height":150},{"@type":"BreadcrumbList","@id":"https:\/\/www.reseau-entreprendre.org\/drome-ardeche\/entreprendre\/#breadcrumb","itemListElement":[{"@type":"ListItem","position":1,"name":"Accueil","item":"https:\/\/www.reseau-entreprendre.org\/drome-ardeche\/"},{"@type":"ListItem","position":2,"name":"Entreprendre"}]},{"@type":"WebSite","@id":"https:\/\/www.reseau-entreprendre.org\/drome-ardeche\/#website","url":"https:\/\/www.reseau-entreprendre.org\/drome-ardeche\/","name":"R\u00e9seau Entreprendre Dr\u00f4me-Ard\u00e8che","description":"Un site utilisant Les sites de R\u00e9seau Entreprendre","potentialAction":[{"@type":"SearchAction","target":{"@type":"EntryPoint","urlTemplate":"https:\/\/www.reseau-entreprendre.org\/drome-ardeche\/?s={search_term_string}"},"query-input":{"@type":"PropertyValueSpecification","valueRequired":true,"valueName":"search_term_string"}}],"inLanguage":"fr-FR"}]}},"_links":{"self":[{"href":"https:\/\/www.reseau-entreprendre.org\/drome-ardeche\/wp-json\/wp\/v2\/pages\/13","targetHints":{"allow":["GET"]}}],"collection":[{"href":"https:\/\/www.reseau-entreprendre.org\/drome-ardeche\/wp-json\/wp\/v2\/pages"}],"about":[{"href":"https:\/\/www.reseau-entreprendre.org\/drome-ardeche\/wp-json\/wp\/v2\/types\/page"}],"author":[{"embeddable":true,"href":"https:\/\/www.reseau-entreprendre.org\/drome-ardeche\/wp-json\/wp\/v2\/users\/31"}],"replies":[{"embeddable":true,"href":"https:\/\/www.reseau-entreprendre.org\/drome-ardeche\/wp-json\/wp\/v2\/comments?post=13"}],"version-history":[{"count":0,"href":"https:\/\/www.reseau-entreprendre.org\/drome-ardeche\/wp-json\/wp\/v2\/pages\/13\/revisions"}],"wp:attachment":[{"href":"https:\/\/www.reseau-entreprendre.org\/drome-ardeche\/wp-json\/wp\/v2\/media?parent=13"}],"curies":[{"name":"wp","href":"https:\/\/api.w.org\/{rel}","templated":true}]}}