{"id":861,"date":"2018-06-19T17:11:30","date_gmt":"2018-06-19T15:11:30","guid":{"rendered":"https:\/\/www.reseau-entreprendre.org\/drome-ardeche\/?page_id=861"},"modified":"2023-03-13T11:20:04","modified_gmt":"2023-03-13T10:20:04","slug":"devenez-membres","status":"publish","type":"page","link":"https:\/\/www.reseau-entreprendre.org\/drome-ardeche\/devenez-membres\/","title":{"rendered":"Devenez Membres"},"content":{"rendered":"\n<p><\/p>\n\n\n\n<p><\/p>\n\n\n<div class=\"wp-block-image\">\n<figure class=\"aligncenter size-large is-resized\"><img loading=\"lazy\" decoding=\"async\" src=\"https:\/\/www.reseau-entreprendre.org\/drome-ardeche\/wp-content\/uploads\/sites\/30\/2023\/03\/Membres-Logo-1-1024x832.png\" alt=\"\" class=\"wp-image-2062\" width=\"358\" height=\"291\" srcset=\"https:\/\/www.reseau-entreprendre.org\/drome-ardeche\/wp-content\/uploads\/sites\/30\/2023\/03\/Membres-Logo-1-1024x832.png 1024w, https:\/\/www.reseau-entreprendre.org\/drome-ardeche\/wp-content\/uploads\/sites\/30\/2023\/03\/Membres-Logo-1-300x244.png 300w, https:\/\/www.reseau-entreprendre.org\/drome-ardeche\/wp-content\/uploads\/sites\/30\/2023\/03\/Membres-Logo-1-768x624.png 768w, https:\/\/www.reseau-entreprendre.org\/drome-ardeche\/wp-content\/uploads\/sites\/30\/2023\/03\/Membres-Logo-1-1536x1247.png 1536w, https:\/\/www.reseau-entreprendre.org\/drome-ardeche\/wp-content\/uploads\/sites\/30\/2023\/03\/Membres-Logo-1-160x130.png 160w, https:\/\/www.reseau-entreprendre.org\/drome-ardeche\/wp-content\/uploads\/sites\/30\/2023\/03\/Membres-Logo-1.png 2048w\" sizes=\"auto, (max-width: 358px) 100vw, 358px\" \/><\/figure>\n<\/div>\n\n\n<p>Un chef d\u2019entreprise adh\u00e9rent de R\u00e9seau Entreprendre Dr\u00f4me Ard\u00e8che s\u2019engage personnellement et b\u00e9n\u00e9volement aupr\u00e8s du nouvel entrepreneur pendant 2 \u00e0 3 ans. Il le rencontre mensuellement afin de l\u2019aider \u00e0 exercer son m\u00e9tier de chef d\u2019entreprise et lui offre son exp\u00e9rience, un accompagnement op\u00e9rationnel ainsi que l\u2019appui de son propre r\u00e9seau relationnel. Chaque mois, le rendez-vous avec l\u2019accompagnateur est l\u2019occasion d\u2019aider le jeune cr\u00e9ateur \u00e0 prendre du recul, de faire le point, de mettre \u00e0 jour son tableau de bord et d\u2019affiner les pr\u00e9visions.<\/p>\n\n\n<div class=\"wp-block-image\">\n<figure class=\"aligncenter\"><img loading=\"lazy\" decoding=\"async\" width=\"276\" height=\"165\" src=\"https:\/\/www.reseau-entreprendre.org\/drome-ardeche\/wp-content\/uploads\/sites\/30\/2018\/06\/poign\u00aees-de-mains.png\" alt=\"\" class=\"wp-image-862\" \/><\/figure>\n<\/div>\n\n\n<p>Les agendas des chefs d\u2019entreprises sont tous plus complexes les uns que les autres.<\/p>\n\n\n\n<p>Ainsi notre organisation tient forc\u00e9ment compte de cette contrainte et de ce fait, nous vous proposons un emploi du temps&nbsp;<strong>\u00e0 la carte&nbsp;<\/strong>:<\/p>\n\n\n\n<p>Vous \u00eates sollicit\u00e9, vous pouvez participer ou non, vous \u00eates libre de votre implication. Les diff\u00e9rentes actions auxquelles vous pouvez participer :<\/p>\n\n\n\n<ul class=\"wp-block-list\">\n<li>Validation de projets<\/li>\n\n\n\n<li>Comit\u00e9 d\u2019engagement<\/li>\n\n\n\n<li>Accompagnement<\/li>\n\n\n\n<li>Autres<\/li>\n<\/ul>\n\n\n\n<p class=\"has-text-align-center\"><span style=\"font-size: 21px;color: #268597\"><strong>Validation de projets<\/strong><\/span><\/p>\n\n\n\n<p>Vous serez sollicit\u00e9 au moins deux fois par an pour recevoir en entretien individuel un porteur de projet.<\/p>\n\n\n\n<p>Votre mission est double :<\/p>\n\n\n\n<ul class=\"wp-block-list\">\n<li>Par des \u00e9changes, questions, commentaires : aider le porteur de projet \u00e0 construire son projet, \u00e0 d\u00e9finir par lui-m\u00eame ses choix et orientations strat\u00e9giques tout en lui apportant un \u00e9clairage et des recommandations<\/li>\n\n\n\n<li>Restituer un avis aupr\u00e8s de l\u2019instructeur principal du projet ; cet avis sera mentionn\u00e9 dans le dossier de pr\u00e9sentation au comit\u00e9 :<\/li>\n<\/ul>\n\n\n\n<p>\u2013 Soit pour une appr\u00e9ciation d\u2019ordre g\u00e9n\u00e9ral,<\/p>\n\n\n\n<p>\u2013 Soit en demandant un \u00e9clairage particulier dans son domaine de comp\u00e9tences qui peut lui-m\u00eame se situer<\/p>\n\n\n\n<p>\u2013 Soit sur un champ&nbsp;\u00ab secteur d\u2019activit\u00e9 \u00bb (exemple : secteur automobile)<\/p>\n\n\n\n<p>\u2013 Soit sur un champ \u00ab&nbsp;comp\u00e9tence m\u00e9tier&nbsp;\u00bb (exemple : strat\u00e9gie commerciale).<\/p>\n\n\n\n<p>Chaque porteur de projet rencontre 8 \u00e0 10 chefs d\u2019entreprises ou experts pour cette \u00e9tape de validation. La rencontre avec plusieurs adh\u00e9rents permettra de juxtaposer plusieurs comp\u00e9tences sp\u00e9cifiques.<\/p>\n\n\n\n<p class=\"has-text-align-center\"><span style=\"font-size: 21px;color: #268597\"><strong>Membre de Comit\u00e9s d\u2019Engagement<\/strong><\/span><\/p>\n\n\n\n<ul class=\"wp-block-list\">\n<li>Les comit\u00e9s d\u2019engagements sont un moment aussi fort pour le futur laur\u00e9at que pour les membres qui le constituent.<\/li>\n\n\n\n<li>Un comit\u00e9 d\u2019engagement est constitu\u00e9 lorsqu\u2019un projet est \u00e0 maturit\u00e9 de pr\u00e9sentation. Vous fa\u00eetes alors partie d\u2019un a\u00e9ropage d\u2019une dizaine de membres et participez \u00e0 une organisation tr\u00e8s rythm\u00e9e.<\/li>\n\n\n\n<li>Le format : le comit\u00e9 d\u2019engagement se d\u00e9roule g\u00e9n\u00e9ralement de 18h \u00e0 20h.<\/li>\n\n\n\n<li>Chaque membre donne son avis sur la personne et le projet dans un esprit de bienveillance avant tout. L\u2019avis du comit\u00e9 d\u2019engagement est souverain et rendu \u00e0 l\u2019unanimit\u00e9 !<\/li>\n\n\n\n<li>Le comit\u00e9 d\u2019engagement engage l\u2019association et de l\u2019acceptation des projets pr\u00e9sent\u00e9s.<\/li>\n<\/ul>\n\n\n\n<p>En devenant Membre de&nbsp;<strong>R\u00e9seau Entreprendre Dr\u00f4me Ard\u00e8che<\/strong>&nbsp;vous pourrez participer \u00e0 nos grands moments conviviaux&nbsp;:<\/p>\n\n\n\n<ul class=\"wp-block-list\">\n<li>Une grande f\u00eate annuelle pour mettre \u00e0 l\u2019honneur nos laur\u00e9ats :&nbsp;la F\u00eate des Laur\u00e9ats,<\/li>\n\n\n\n<li>Une soir\u00e9e des membres :&nbsp;l\u2019Assembl\u00e9e G\u00e9n\u00e9rale,<\/li>\n\n\n\n<li>Des&nbsp;Matinales&nbsp;: petits d\u00e9jeuners th\u00e9matiques d\u2019information,<\/li>\n\n\n\n<li>\u00c9changer avec des pairs gr\u00e2ce \u00e0&nbsp;WORKPLACE&nbsp;dont R\u00e9seau Entreprendre a \u00e9t\u00e9 choisi par Facebook pour \u00eatre utilisateur de leur r\u00e9seau social professionnel. Sur WORKPLACE, organis\u00e9 en communaut\u00e9s vous pourrez partager sur votre quotidien d\u2019entrepreneur avec les Membres et Laur\u00e9ats de R\u00e9seau Entreprendre<\/li>\n\n\n\n<li>Et de nombreuses autres occasions de se rencontrer \u2026<\/li>\n<\/ul>\n\n\n\n<p class=\"has-text-align-center\"><\/p>\n","protected":false},"excerpt":{"rendered":"<p>Un chef d\u2019entreprise adh\u00e9rent de R\u00e9seau Entreprendre Dr\u00f4me Ard\u00e8che s\u2019engage<\/p>\n","protected":false},"author":31,"featured_media":0,"parent":0,"menu_order":0,"comment_status":"closed","ping_status":"closed","template":"","meta":{"_acf_changed":false,"_monsterinsights_skip_tracking":false,"_monsterinsights_sitenote_active":false,"_monsterinsights_sitenote_note":"","_monsterinsights_sitenote_category":0,"footnotes":""},"class_list":["post-861","page","type-page","status-publish","hentry"],"acf":[],"yoast_head":"<!-- This site is optimized with the Yoast SEO plugin v27.4 - https:\/\/yoast.com\/product\/yoast-seo-wordpress\/ -->\n<title>Devenez Membres - R\u00e9seau Entreprendre Dr\u00f4me-Ard\u00e8che<\/title>\n<meta name=\"robots\" content=\"index, follow, max-snippet:-1, max-image-preview:large, max-video-preview:-1\" \/>\n<link rel=\"canonical\" href=\"https:\/\/www.reseau-entreprendre.org\/drome-ardeche\/devenez-membres\/\" \/>\n<meta property=\"og:locale\" content=\"fr_FR\" \/>\n<meta property=\"og:type\" content=\"article\" \/>\n<meta property=\"og:title\" content=\"Devenez Membres - R\u00e9seau Entreprendre Dr\u00f4me-Ard\u00e8che\" \/>\n<meta property=\"og:description\" content=\"Un chef d\u2019entreprise adh\u00e9rent de R\u00e9seau Entreprendre Dr\u00f4me Ard\u00e8che s\u2019engage\" \/>\n<meta property=\"og:url\" content=\"https:\/\/www.reseau-entreprendre.org\/drome-ardeche\/devenez-membres\/\" \/>\n<meta property=\"og:site_name\" content=\"R\u00e9seau Entreprendre Dr\u00f4me-Ard\u00e8che\" \/>\n<meta property=\"article:modified_time\" content=\"2023-03-13T10:20:04+00:00\" \/>\n<meta property=\"og:image\" content=\"https:\/\/www.reseau-entreprendre.org\/drome-ardeche\/wp-content\/uploads\/sites\/30\/2017\/06\/REDA_Accompagner_1-300x265.jpg\" \/>\n<meta name=\"twitter:card\" content=\"summary_large_image\" \/>\n<meta name=\"twitter:label1\" content=\"Dur\u00e9e de lecture estim\u00e9e\" \/>\n\t<meta name=\"twitter:data1\" content=\"3 minutes\" \/>\n<script type=\"application\/ld+json\" class=\"yoast-schema-graph\">{\"@context\":\"https:\\\/\\\/schema.org\",\"@graph\":[{\"@type\":\"WebPage\",\"@id\":\"https:\\\/\\\/www.reseau-entreprendre.org\\\/drome-ardeche\\\/devenez-membres\\\/\",\"url\":\"https:\\\/\\\/www.reseau-entreprendre.org\\\/drome-ardeche\\\/devenez-membres\\\/\",\"name\":\"Devenez Membres - R\u00e9seau Entreprendre Dr\u00f4me-Ard\u00e8che\",\"isPartOf\":{\"@id\":\"https:\\\/\\\/www.reseau-entreprendre.org\\\/drome-ardeche\\\/#website\"},\"primaryImageOfPage\":{\"@id\":\"https:\\\/\\\/www.reseau-entreprendre.org\\\/drome-ardeche\\\/devenez-membres\\\/#primaryimage\"},\"image\":{\"@id\":\"https:\\\/\\\/www.reseau-entreprendre.org\\\/drome-ardeche\\\/devenez-membres\\\/#primaryimage\"},\"thumbnailUrl\":\"https:\\\/\\\/www.reseau-entreprendre.org\\\/drome-ardeche\\\/wp-content\\\/uploads\\\/sites\\\/30\\\/2023\\\/03\\\/Membres-Logo-1-1024x832.png\",\"datePublished\":\"2018-06-19T15:11:30+00:00\",\"dateModified\":\"2023-03-13T10:20:04+00:00\",\"breadcrumb\":{\"@id\":\"https:\\\/\\\/www.reseau-entreprendre.org\\\/drome-ardeche\\\/devenez-membres\\\/#breadcrumb\"},\"inLanguage\":\"fr-FR\",\"potentialAction\":[{\"@type\":\"ReadAction\",\"target\":[\"https:\\\/\\\/www.reseau-entreprendre.org\\\/drome-ardeche\\\/devenez-membres\\\/\"]}]},{\"@type\":\"ImageObject\",\"inLanguage\":\"fr-FR\",\"@id\":\"https:\\\/\\\/www.reseau-entreprendre.org\\\/drome-ardeche\\\/devenez-membres\\\/#primaryimage\",\"url\":\"https:\\\/\\\/www.reseau-entreprendre.org\\\/drome-ardeche\\\/wp-content\\\/uploads\\\/sites\\\/30\\\/2023\\\/03\\\/Membres-Logo-1.png\",\"contentUrl\":\"https:\\\/\\\/www.reseau-entreprendre.org\\\/drome-ardeche\\\/wp-content\\\/uploads\\\/sites\\\/30\\\/2023\\\/03\\\/Membres-Logo-1.png\",\"width\":2048,\"height\":1663},{\"@type\":\"BreadcrumbList\",\"@id\":\"https:\\\/\\\/www.reseau-entreprendre.org\\\/drome-ardeche\\\/devenez-membres\\\/#breadcrumb\",\"itemListElement\":[{\"@type\":\"ListItem\",\"position\":1,\"name\":\"Accueil\",\"item\":\"https:\\\/\\\/www.reseau-entreprendre.org\\\/drome-ardeche\\\/\"},{\"@type\":\"ListItem\",\"position\":2,\"name\":\"Devenez Membres\"}]},{\"@type\":\"WebSite\",\"@id\":\"https:\\\/\\\/www.reseau-entreprendre.org\\\/drome-ardeche\\\/#website\",\"url\":\"https:\\\/\\\/www.reseau-entreprendre.org\\\/drome-ardeche\\\/\",\"name\":\"R\u00e9seau Entreprendre Dr\u00f4me-Ard\u00e8che\",\"description\":\"Un site utilisant Les sites de R\u00e9seau Entreprendre\",\"potentialAction\":[{\"@type\":\"SearchAction\",\"target\":{\"@type\":\"EntryPoint\",\"urlTemplate\":\"https:\\\/\\\/www.reseau-entreprendre.org\\\/drome-ardeche\\\/?s={search_term_string}\"},\"query-input\":{\"@type\":\"PropertyValueSpecification\",\"valueRequired\":true,\"valueName\":\"search_term_string\"}}],\"inLanguage\":\"fr-FR\"}]}<\/script>\n<!-- \/ Yoast SEO plugin. -->","yoast_head_json":{"title":"Devenez Membres - R\u00e9seau Entreprendre Dr\u00f4me-Ard\u00e8che","robots":{"index":"index","follow":"follow","max-snippet":"max-snippet:-1","max-image-preview":"max-image-preview:large","max-video-preview":"max-video-preview:-1"},"canonical":"https:\/\/www.reseau-entreprendre.org\/drome-ardeche\/devenez-membres\/","og_locale":"fr_FR","og_type":"article","og_title":"Devenez Membres - R\u00e9seau Entreprendre Dr\u00f4me-Ard\u00e8che","og_description":"Un chef d\u2019entreprise adh\u00e9rent de R\u00e9seau Entreprendre Dr\u00f4me Ard\u00e8che s\u2019engage","og_url":"https:\/\/www.reseau-entreprendre.org\/drome-ardeche\/devenez-membres\/","og_site_name":"R\u00e9seau Entreprendre Dr\u00f4me-Ard\u00e8che","article_modified_time":"2023-03-13T10:20:04+00:00","og_image":[{"url":"https:\/\/www.reseau-entreprendre.org\/drome-ardeche\/wp-content\/uploads\/sites\/30\/2017\/06\/REDA_Accompagner_1-300x265.jpg","type":"","width":"","height":""}],"twitter_card":"summary_large_image","twitter_misc":{"Dur\u00e9e de lecture estim\u00e9e":"3 minutes"},"schema":{"@context":"https:\/\/schema.org","@graph":[{"@type":"WebPage","@id":"https:\/\/www.reseau-entreprendre.org\/drome-ardeche\/devenez-membres\/","url":"https:\/\/www.reseau-entreprendre.org\/drome-ardeche\/devenez-membres\/","name":"Devenez Membres - R\u00e9seau Entreprendre Dr\u00f4me-Ard\u00e8che","isPartOf":{"@id":"https:\/\/www.reseau-entreprendre.org\/drome-ardeche\/#website"},"primaryImageOfPage":{"@id":"https:\/\/www.reseau-entreprendre.org\/drome-ardeche\/devenez-membres\/#primaryimage"},"image":{"@id":"https:\/\/www.reseau-entreprendre.org\/drome-ardeche\/devenez-membres\/#primaryimage"},"thumbnailUrl":"https:\/\/www.reseau-entreprendre.org\/drome-ardeche\/wp-content\/uploads\/sites\/30\/2023\/03\/Membres-Logo-1-1024x832.png","datePublished":"2018-06-19T15:11:30+00:00","dateModified":"2023-03-13T10:20:04+00:00","breadcrumb":{"@id":"https:\/\/www.reseau-entreprendre.org\/drome-ardeche\/devenez-membres\/#breadcrumb"},"inLanguage":"fr-FR","potentialAction":[{"@type":"ReadAction","target":["https:\/\/www.reseau-entreprendre.org\/drome-ardeche\/devenez-membres\/"]}]},{"@type":"ImageObject","inLanguage":"fr-FR","@id":"https:\/\/www.reseau-entreprendre.org\/drome-ardeche\/devenez-membres\/#primaryimage","url":"https:\/\/www.reseau-entreprendre.org\/drome-ardeche\/wp-content\/uploads\/sites\/30\/2023\/03\/Membres-Logo-1.png","contentUrl":"https:\/\/www.reseau-entreprendre.org\/drome-ardeche\/wp-content\/uploads\/sites\/30\/2023\/03\/Membres-Logo-1.png","width":2048,"height":1663},{"@type":"BreadcrumbList","@id":"https:\/\/www.reseau-entreprendre.org\/drome-ardeche\/devenez-membres\/#breadcrumb","itemListElement":[{"@type":"ListItem","position":1,"name":"Accueil","item":"https:\/\/www.reseau-entreprendre.org\/drome-ardeche\/"},{"@type":"ListItem","position":2,"name":"Devenez Membres"}]},{"@type":"WebSite","@id":"https:\/\/www.reseau-entreprendre.org\/drome-ardeche\/#website","url":"https:\/\/www.reseau-entreprendre.org\/drome-ardeche\/","name":"R\u00e9seau Entreprendre Dr\u00f4me-Ard\u00e8che","description":"Un site utilisant Les sites de R\u00e9seau Entreprendre","potentialAction":[{"@type":"SearchAction","target":{"@type":"EntryPoint","urlTemplate":"https:\/\/www.reseau-entreprendre.org\/drome-ardeche\/?s={search_term_string}"},"query-input":{"@type":"PropertyValueSpecification","valueRequired":true,"valueName":"search_term_string"}}],"inLanguage":"fr-FR"}]}},"_links":{"self":[{"href":"https:\/\/www.reseau-entreprendre.org\/drome-ardeche\/wp-json\/wp\/v2\/pages\/861","targetHints":{"allow":["GET"]}}],"collection":[{"href":"https:\/\/www.reseau-entreprendre.org\/drome-ardeche\/wp-json\/wp\/v2\/pages"}],"about":[{"href":"https:\/\/www.reseau-entreprendre.org\/drome-ardeche\/wp-json\/wp\/v2\/types\/page"}],"author":[{"embeddable":true,"href":"https:\/\/www.reseau-entreprendre.org\/drome-ardeche\/wp-json\/wp\/v2\/users\/31"}],"replies":[{"embeddable":true,"href":"https:\/\/www.reseau-entreprendre.org\/drome-ardeche\/wp-json\/wp\/v2\/comments?post=861"}],"version-history":[{"count":0,"href":"https:\/\/www.reseau-entreprendre.org\/drome-ardeche\/wp-json\/wp\/v2\/pages\/861\/revisions"}],"wp:attachment":[{"href":"https:\/\/www.reseau-entreprendre.org\/drome-ardeche\/wp-json\/wp\/v2\/media?parent=861"}],"curies":[{"name":"wp","href":"https:\/\/api.w.org\/{rel}","templated":true}]}}