{"id":3238,"date":"2023-05-17T14:25:24","date_gmt":"2023-05-17T12:25:24","guid":{"rendered":"https:\/\/www.reseau-entreprendre.org\/essonne\/?post_type=mec-events&#038;p=3238"},"modified":"2023-09-07T15:37:08","modified_gmt":"2023-09-07T13:37:08","slug":"breakfast-reseau-938-838-469-334-125-404-875-372-367-849-737-424-925","status":"publish","type":"mec-events","link":"https:\/\/www.reseau-entreprendre.org\/essonne\/events\/breakfast-reseau-938-838-469-334-125-404-875-372-367-849-737-424-925\/","title":{"rendered":"Breakfast &amp; R\u00e9seau &#x1f91d; &#8211; 8h30"},"content":{"rendered":"<h3><\/h3>\n<h4 style=\"text-align: center\"><em>&#8220;Le <span style=\"color: #f34f63\"><strong>Breakfast &amp; R\u00e9seau<\/strong><\/span> est un temps d&#8217;\u00e9changes et de rencontres conviviales autour d&#8217;un petit d\u00e9jeuner entre les diff\u00e9rents membres, laur\u00e9ats, et partenaires du r\u00e9seau.&#8221;<\/em><\/h4>\n<h3><\/h3>\n<h3 style=\"text-align: center\"><div class=\"su-image-carousel  su-image-carousel-has-spacing su-image-carousel-crop su-image-carousel-crop-16-9 su-image-carousel-has-outline su-image-carousel-slides-style-photo su-image-carousel-controls-style-dark su-image-carousel-align-center\" style=\"\" data-flickity-options='{\"groupCells\":true,\"cellSelector\":\".su-image-carousel-item\",\"adaptiveHeight\":false,\"cellAlign\":\"left\",\"prevNextButtons\":false,\"pageDots\":false,\"autoPlay\":3000,\"imagesLoaded\":true,\"contain\":true,\"selectedAttraction\":0.025,\"friction\":0.28}' id=\"su_image_carousel_69f2da45afc1a\"><div class=\"su-image-carousel-item\"><div class=\"su-image-carousel-item-content\"><img loading=\"lazy\" decoding=\"async\" width=\"1024\" height=\"683\" src=\"https:\/\/www.reseau-entreprendre.org\/essonne\/wp-content\/uploads\/sites\/16\/2022\/04\/breakfast-2-modifie-1024x683.png\" class=\"\" alt=\"\" srcset=\"https:\/\/www.reseau-entreprendre.org\/essonne\/wp-content\/uploads\/sites\/16\/2022\/04\/breakfast-2-modifie-1024x683.png 1024w, https:\/\/www.reseau-entreprendre.org\/essonne\/wp-content\/uploads\/sites\/16\/2022\/04\/breakfast-2-modifie-300x200.png 300w, https:\/\/www.reseau-entreprendre.org\/essonne\/wp-content\/uploads\/sites\/16\/2022\/04\/breakfast-2-modifie-768x512.png 768w, https:\/\/www.reseau-entreprendre.org\/essonne\/wp-content\/uploads\/sites\/16\/2022\/04\/breakfast-2-modifie-391x260.png 391w, https:\/\/www.reseau-entreprendre.org\/essonne\/wp-content\/uploads\/sites\/16\/2022\/04\/breakfast-2-modifie-1536x1025.png 1536w, https:\/\/www.reseau-entreprendre.org\/essonne\/wp-content\/uploads\/sites\/16\/2022\/04\/breakfast-2-modifie-2048x1367.png 2048w, https:\/\/www.reseau-entreprendre.org\/essonne\/wp-content\/uploads\/sites\/16\/2022\/04\/breakfast-2-modifie-195x130.png 195w\" sizes=\"auto, (max-width: 1024px) 100vw, 1024px\" \/><\/div><\/div><div class=\"su-image-carousel-item\"><div class=\"su-image-carousel-item-content\"><img loading=\"lazy\" decoding=\"async\" width=\"1024\" height=\"576\" src=\"https:\/\/www.reseau-entreprendre.org\/essonne\/wp-content\/uploads\/sites\/16\/2022\/04\/breakfast-image-de-fonds-F-1024x576.png\" class=\"\" alt=\"\" srcset=\"https:\/\/www.reseau-entreprendre.org\/essonne\/wp-content\/uploads\/sites\/16\/2022\/04\/breakfast-image-de-fonds-F-1024x576.png 1024w, https:\/\/www.reseau-entreprendre.org\/essonne\/wp-content\/uploads\/sites\/16\/2022\/04\/breakfast-image-de-fonds-F-300x169.png 300w, https:\/\/www.reseau-entreprendre.org\/essonne\/wp-content\/uploads\/sites\/16\/2022\/04\/breakfast-image-de-fonds-F-768x432.png 768w, https:\/\/www.reseau-entreprendre.org\/essonne\/wp-content\/uploads\/sites\/16\/2022\/04\/breakfast-image-de-fonds-F-1536x864.png 1536w, https:\/\/www.reseau-entreprendre.org\/essonne\/wp-content\/uploads\/sites\/16\/2022\/04\/breakfast-image-de-fonds-F-2048x1152.png 2048w, https:\/\/www.reseau-entreprendre.org\/essonne\/wp-content\/uploads\/sites\/16\/2022\/04\/breakfast-image-de-fonds-F-210x118.png 210w\" sizes=\"auto, (max-width: 1024px) 100vw, 1024px\" \/><\/div><\/div><\/div><script id=\"su_image_carousel_69f2da45afc1a_script\">if(window.SUImageCarousel){setTimeout(function() {window.SUImageCarousel.initGallery(document.getElementById(\"su_image_carousel_69f2da45afc1a\"))}, 0);}var su_image_carousel_69f2da45afc1a_script=document.getElementById(\"su_image_carousel_69f2da45afc1a_script\");if(su_image_carousel_69f2da45afc1a_script){su_image_carousel_69f2da45afc1a_script.parentNode.removeChild(su_image_carousel_69f2da45afc1a_script);}<\/script><\/h3>\n<h3><\/h3>\n<h3 style=\"text-align: center\">Rendez-vous le <strong><em><span style=\"color: #f34f63\">mercredi 06 septembre <\/span><\/em><\/strong>pour le prochain <strong><em><span style=\"color: #1595bf\">BREAKFAST<\/span><span style=\"color: #f34f63\"> &amp;<\/span> <span style=\"color: #ffbb61\">R\u00c9SEAU<\/span><\/em> !<\/strong><\/h3>\n<p>&nbsp;<\/p>\n<h3 style=\"text-align: center\">Accessible \u00e0 tous \u200b&#x2705;\u200b<\/h3>\n<h3 style=\"text-align: center\">Inscription obligatoire &#x1f6a9;<\/h3>\n<h4 style=\"text-align: center\"><\/h4>\n","protected":false},"excerpt":{"rendered":"<p>&#8220;Le Breakfast &amp; R\u00e9seau est un temps d&#8217;\u00e9changes et de<\/p>\n","protected":false},"author":112,"featured_media":0,"comment_status":"closed","ping_status":"closed","template":"","tags":[],"mec_category":[20],"class_list":["post-3238","mec-events","type-mec-events","status-publish","hentry","mec_category-breakfast-reseau"],"acf":[],"yoast_head":"<!-- This site is optimized with the Yoast SEO plugin v27.4 - https:\/\/yoast.com\/product\/yoast-seo-wordpress\/ -->\n<title>Breakfast &amp; R\u00e9seau &#x1f91d; - 8h30 - R\u00e9seau Entreprendre Essonne<\/title>\n<meta name=\"robots\" content=\"index, follow, max-snippet:-1, max-image-preview:large, max-video-preview:-1\" \/>\n<link rel=\"canonical\" href=\"https:\/\/www.reseau-entreprendre.org\/essonne\/events\/breakfast-reseau-938-838-469-334-125-404-875-372-367-849-737-424-925\/\" \/>\n<meta property=\"og:locale\" content=\"fr_FR\" \/>\n<meta property=\"og:type\" content=\"article\" \/>\n<meta property=\"og:title\" content=\"Breakfast &amp; R\u00e9seau &#x1f91d; - 8h30 - R\u00e9seau Entreprendre Essonne\" \/>\n<meta property=\"og:description\" content=\"&#8220;Le Breakfast &amp; R\u00e9seau est un temps d&#8217;\u00e9changes et de\" \/>\n<meta property=\"og:url\" content=\"https:\/\/www.reseau-entreprendre.org\/essonne\/events\/breakfast-reseau-938-838-469-334-125-404-875-372-367-849-737-424-925\/\" \/>\n<meta property=\"og:site_name\" content=\"R\u00e9seau Entreprendre Essonne\" \/>\n<meta property=\"article:modified_time\" content=\"2023-09-07T13:37:08+00:00\" \/>\n<meta name=\"twitter:card\" content=\"summary_large_image\" \/>\n<meta name=\"twitter:label1\" content=\"Dur\u00e9e de lecture estim\u00e9e\" \/>\n\t<meta name=\"twitter:data1\" content=\"1 minute\" \/>\n<script type=\"application\/ld+json\" class=\"yoast-schema-graph\">{\"@context\":\"https:\\\/\\\/schema.org\",\"@graph\":[{\"@type\":\"WebPage\",\"@id\":\"https:\\\/\\\/www.reseau-entreprendre.org\\\/essonne\\\/events\\\/breakfast-reseau-938-838-469-334-125-404-875-372-367-849-737-424-925\\\/\",\"url\":\"https:\\\/\\\/www.reseau-entreprendre.org\\\/essonne\\\/events\\\/breakfast-reseau-938-838-469-334-125-404-875-372-367-849-737-424-925\\\/\",\"name\":\"Breakfast &amp; R\u00e9seau &#x1f91d; - 8h30 - R\u00e9seau Entreprendre Essonne\",\"isPartOf\":{\"@id\":\"https:\\\/\\\/www.reseau-entreprendre.org\\\/essonne\\\/#website\"},\"datePublished\":\"2023-05-17T12:25:24+00:00\",\"dateModified\":\"2023-09-07T13:37:08+00:00\",\"breadcrumb\":{\"@id\":\"https:\\\/\\\/www.reseau-entreprendre.org\\\/essonne\\\/events\\\/breakfast-reseau-938-838-469-334-125-404-875-372-367-849-737-424-925\\\/#breadcrumb\"},\"inLanguage\":\"fr-FR\",\"potentialAction\":[{\"@type\":\"ReadAction\",\"target\":[\"https:\\\/\\\/www.reseau-entreprendre.org\\\/essonne\\\/events\\\/breakfast-reseau-938-838-469-334-125-404-875-372-367-849-737-424-925\\\/\"]}]},{\"@type\":\"BreadcrumbList\",\"@id\":\"https:\\\/\\\/www.reseau-entreprendre.org\\\/essonne\\\/events\\\/breakfast-reseau-938-838-469-334-125-404-875-372-367-849-737-424-925\\\/#breadcrumb\",\"itemListElement\":[{\"@type\":\"ListItem\",\"position\":1,\"name\":\"Accueil\",\"item\":\"https:\\\/\\\/www.reseau-entreprendre.org\\\/essonne\\\/\"},{\"@type\":\"ListItem\",\"position\":2,\"name\":\"\u00c9venements\",\"item\":\"https:\\\/\\\/www.reseau-entreprendre.org\\\/essonne\\\/events\\\/\"},{\"@type\":\"ListItem\",\"position\":3,\"name\":\"Breakfast &amp; R\u00e9seau &#x1f91d; &#8211; 8h30\"}]},{\"@type\":\"WebSite\",\"@id\":\"https:\\\/\\\/www.reseau-entreprendre.org\\\/essonne\\\/#website\",\"url\":\"https:\\\/\\\/www.reseau-entreprendre.org\\\/essonne\\\/\",\"name\":\"R\u00e9seau Entreprendre Essonne\",\"description\":\"\",\"potentialAction\":[{\"@type\":\"SearchAction\",\"target\":{\"@type\":\"EntryPoint\",\"urlTemplate\":\"https:\\\/\\\/www.reseau-entreprendre.org\\\/essonne\\\/?s={search_term_string}\"},\"query-input\":{\"@type\":\"PropertyValueSpecification\",\"valueRequired\":true,\"valueName\":\"search_term_string\"}}],\"inLanguage\":\"fr-FR\"}]}<\/script>\n<!-- \/ Yoast SEO plugin. -->","yoast_head_json":{"title":"Breakfast &amp; R\u00e9seau &#x1f91d; - 8h30 - R\u00e9seau Entreprendre Essonne","robots":{"index":"index","follow":"follow","max-snippet":"max-snippet:-1","max-image-preview":"max-image-preview:large","max-video-preview":"max-video-preview:-1"},"canonical":"https:\/\/www.reseau-entreprendre.org\/essonne\/events\/breakfast-reseau-938-838-469-334-125-404-875-372-367-849-737-424-925\/","og_locale":"fr_FR","og_type":"article","og_title":"Breakfast &amp; R\u00e9seau &#x1f91d; - 8h30 - R\u00e9seau Entreprendre Essonne","og_description":"&#8220;Le Breakfast &amp; R\u00e9seau est un temps d&#8217;\u00e9changes et de","og_url":"https:\/\/www.reseau-entreprendre.org\/essonne\/events\/breakfast-reseau-938-838-469-334-125-404-875-372-367-849-737-424-925\/","og_site_name":"R\u00e9seau Entreprendre Essonne","article_modified_time":"2023-09-07T13:37:08+00:00","twitter_card":"summary_large_image","twitter_misc":{"Dur\u00e9e de lecture estim\u00e9e":"1 minute"},"schema":{"@context":"https:\/\/schema.org","@graph":[{"@type":"WebPage","@id":"https:\/\/www.reseau-entreprendre.org\/essonne\/events\/breakfast-reseau-938-838-469-334-125-404-875-372-367-849-737-424-925\/","url":"https:\/\/www.reseau-entreprendre.org\/essonne\/events\/breakfast-reseau-938-838-469-334-125-404-875-372-367-849-737-424-925\/","name":"Breakfast &amp; R\u00e9seau &#x1f91d; - 8h30 - R\u00e9seau Entreprendre Essonne","isPartOf":{"@id":"https:\/\/www.reseau-entreprendre.org\/essonne\/#website"},"datePublished":"2023-05-17T12:25:24+00:00","dateModified":"2023-09-07T13:37:08+00:00","breadcrumb":{"@id":"https:\/\/www.reseau-entreprendre.org\/essonne\/events\/breakfast-reseau-938-838-469-334-125-404-875-372-367-849-737-424-925\/#breadcrumb"},"inLanguage":"fr-FR","potentialAction":[{"@type":"ReadAction","target":["https:\/\/www.reseau-entreprendre.org\/essonne\/events\/breakfast-reseau-938-838-469-334-125-404-875-372-367-849-737-424-925\/"]}]},{"@type":"BreadcrumbList","@id":"https:\/\/www.reseau-entreprendre.org\/essonne\/events\/breakfast-reseau-938-838-469-334-125-404-875-372-367-849-737-424-925\/#breadcrumb","itemListElement":[{"@type":"ListItem","position":1,"name":"Accueil","item":"https:\/\/www.reseau-entreprendre.org\/essonne\/"},{"@type":"ListItem","position":2,"name":"\u00c9venements","item":"https:\/\/www.reseau-entreprendre.org\/essonne\/events\/"},{"@type":"ListItem","position":3,"name":"Breakfast &amp; R\u00e9seau &#x1f91d; &#8211; 8h30"}]},{"@type":"WebSite","@id":"https:\/\/www.reseau-entreprendre.org\/essonne\/#website","url":"https:\/\/www.reseau-entreprendre.org\/essonne\/","name":"R\u00e9seau Entreprendre Essonne","description":"","potentialAction":[{"@type":"SearchAction","target":{"@type":"EntryPoint","urlTemplate":"https:\/\/www.reseau-entreprendre.org\/essonne\/?s={search_term_string}"},"query-input":{"@type":"PropertyValueSpecification","valueRequired":true,"valueName":"search_term_string"}}],"inLanguage":"fr-FR"}]}},"_links":{"self":[{"href":"https:\/\/www.reseau-entreprendre.org\/essonne\/wp-json\/wp\/v2\/mec-events\/3238","targetHints":{"allow":["GET"]}}],"collection":[{"href":"https:\/\/www.reseau-entreprendre.org\/essonne\/wp-json\/wp\/v2\/mec-events"}],"about":[{"href":"https:\/\/www.reseau-entreprendre.org\/essonne\/wp-json\/wp\/v2\/types\/mec-events"}],"author":[{"embeddable":true,"href":"https:\/\/www.reseau-entreprendre.org\/essonne\/wp-json\/wp\/v2\/users\/112"}],"replies":[{"embeddable":true,"href":"https:\/\/www.reseau-entreprendre.org\/essonne\/wp-json\/wp\/v2\/comments?post=3238"}],"wp:attachment":[{"href":"https:\/\/www.reseau-entreprendre.org\/essonne\/wp-json\/wp\/v2\/media?parent=3238"}],"wp:term":[{"taxonomy":"post_tag","embeddable":true,"href":"https:\/\/www.reseau-entreprendre.org\/essonne\/wp-json\/wp\/v2\/tags?post=3238"},{"taxonomy":"mec_category","embeddable":true,"href":"https:\/\/www.reseau-entreprendre.org\/essonne\/wp-json\/wp\/v2\/mec_category?post=3238"}],"curies":[{"name":"wp","href":"https:\/\/api.w.org\/{rel}","templated":true}]}}

Breakfast &amp; Réseau &#x1f91d; &#8211; 8h30

<h3></h3>
<h4 style="text-align: center"><em>&#8220;Le <span style="color: #f34f63"><strong>Breakfast &amp; Réseau</strong></span> est un temps d&#8217;échanges et de rencontres conviviales autour d&#8217;un petit déjeuner entre les différents membres, lauréats, et partenaires du réseau.&#8221;</em></h4>
<h3></h3>
<h3 style="text-align: center"><div class="su-image-carousel  su-image-carousel-has-spacing su-image-carousel-crop su-image-carousel-crop-16-9 su-image-carousel-has-outline su-image-carousel-slides-style-photo su-image-carousel-controls-style-dark su-image-carousel-align-center" style="" data-flickity-options='{"groupCells":true,"cellSelector":".su-image-carousel-item","adaptiveHeight":false,"cellAlign":"left","prevNextButtons":false,"pageDots":false,"autoPlay":3000,"imagesLoaded":true,"contain":true,"selectedAttraction":0.025,"friction":0.28}' id="su_image_carousel_69f2da45afc1a"><div class="su-image-carousel-item"><div class="su-image-carousel-item-content"><img loading="lazy" decoding="async" width="1024" height="683" src="https://www.reseau-entreprendre.org/essonne/wp-content/uploads/sites/16/2022/04/breakfast-2-modifie-1024x683.png" class="" alt="" srcset="https://www.reseau-entreprendre.org/essonne/wp-content/uploads/sites/16/2022/04/breakfast-2-modifie-1024x683.png 1024w, https://www.reseau-entreprendre.org/essonne/wp-content/uploads/sites/16/2022/04/breakfast-2-modifie-300x200.png 300w, https://www.reseau-entreprendre.org/essonne/wp-content/uploads/sites/16/2022/04/breakfast-2-modifie-768x512.png 768w, https://www.reseau-entreprendre.org/essonne/wp-content/uploads/sites/16/2022/04/breakfast-2-modifie-391x260.png 391w, https://www.reseau-entreprendre.org/essonne/wp-content/uploads/sites/16/2022/04/breakfast-2-modifie-1536x1025.png 1536w, https://www.reseau-entreprendre.org/essonne/wp-content/uploads/sites/16/2022/04/breakfast-2-modifie-2048x1367.png 2048w, https://www.reseau-entreprendre.org/essonne/wp-content/uploads/sites/16/2022/04/breakfast-2-modifie-195x130.png 195w" sizes="auto, (max-width: 1024px) 100vw, 1024px" /></div></div><div class="su-image-carousel-item"><div class="su-image-carousel-item-content"><img loading="lazy" decoding="async" width="1024" height="576" src="https://www.reseau-entreprendre.org/essonne/wp-content/uploads/sites/16/2022/04/breakfast-image-de-fonds-F-1024x576.png" class="" alt="" srcset="https://www.reseau-entreprendre.org/essonne/wp-content/uploads/sites/16/2022/04/breakfast-image-de-fonds-F-1024x576.png 1024w, https://www.reseau-entreprendre.org/essonne/wp-content/uploads/sites/16/2022/04/breakfast-image-de-fonds-F-300x169.png 300w, https://www.reseau-entreprendre.org/essonne/wp-content/uploads/sites/16/2022/04/breakfast-image-de-fonds-F-768x432.png 768w, https://www.reseau-entreprendre.org/essonne/wp-content/uploads/sites/16/2022/04/breakfast-image-de-fonds-F-1536x864.png 1536w, https://www.reseau-entreprendre.org/essonne/wp-content/uploads/sites/16/2022/04/breakfast-image-de-fonds-F-2048x1152.png 2048w, https://www.reseau-entreprendre.org/essonne/wp-content/uploads/sites/16/2022/04/breakfast-image-de-fonds-F-210x118.png 210w" sizes="auto, (max-width: 1024px) 100vw, 1024px" /></div></div></div><script id="su_image_carousel_69f2da45afc1a_script">if(window.SUImageCarousel){setTimeout(function() {window.SUImageCarousel.initGallery(document.getElementById("su_image_carousel_69f2da45afc1a"))}, 0);}var su_image_carousel_69f2da45afc1a_script=document.getElementById("su_image_carousel_69f2da45afc1a_script");if(su_image_carousel_69f2da45afc1a_script){su_image_carousel_69f2da45afc1a_script.parentNode.removeChild(su_image_carousel_69f2da45afc1a_script);}</script></h3>
<h3></h3>
<h3 style="text-align: center">Rendez-vous le <strong><em><span style="color: #f34f63">mercredi 06 septembre </span></em></strong>pour le prochain <strong><em><span style="color: #1595bf">BREAKFAST</span><span style="color: #f34f63"> &amp;</span> <span style="color: #ffbb61">RÉSEAU</span></em> !</strong></h3>
<p>&nbsp;</p>
<h3 style="text-align: center">Accessible à tous ​&#x2705;​</h3>
<h3 style="text-align: center">Inscription obligatoire &#x1f6a9;</h3>
<h4 style="text-align: center"></h4>

<p>&#8220;Le Breakfast &amp; Réseau est un temps d&#8217;échanges et de</p>

<!-- This site is optimized with the Yoast SEO plugin v27.4 - https://yoast.com/product/yoast-seo-wordpress/ -->
<title>Breakfast &amp; Réseau &#x1f91d; - 8h30 - Réseau Entreprendre Essonne</title>
<meta name="robots" content="index, follow, max-snippet:-1, max-image-preview:large, max-video-preview:-1" />
<link rel="canonical" href="https://www.reseau-entreprendre.org/essonne/events/breakfast-reseau-938-838-469-334-125-404-875-372-367-849-737-424-925/" />
<meta property="og:locale" content="fr_FR" />
<meta property="og:type" content="article" />
<meta property="og:title" content="Breakfast &amp; Réseau &#x1f91d; - 8h30 - Réseau Entreprendre Essonne" />
<meta property="og:description" content="&#8220;Le Breakfast &amp; Réseau est un temps d&#8217;échanges et de" />
<meta property="og:url" content="https://www.reseau-entreprendre.org/essonne/events/breakfast-reseau-938-838-469-334-125-404-875-372-367-849-737-424-925/" />
<meta property="og:site_name" content="Réseau Entreprendre Essonne" />
<meta property="article:modified_time" content="2023-09-07T13:37:08+00:00" />
<meta name="twitter:card" content="summary_large_image" />
<meta name="twitter:label1" content="Durée de lecture estimée" />
	<meta name="twitter:data1" content="1 minute" />
<script type="application/ld+json" class="yoast-schema-graph">{"@context":"https:\/\/schema.org","@graph":[{"@type":"WebPage","@id":"https:\/\/www.reseau-entreprendre.org\/essonne\/events\/breakfast-reseau-938-838-469-334-125-404-875-372-367-849-737-424-925\/","url":"https:\/\/www.reseau-entreprendre.org\/essonne\/events\/breakfast-reseau-938-838-469-334-125-404-875-372-367-849-737-424-925\/","name":"Breakfast &amp; Réseau &#x1f91d; - 8h30 - Réseau Entreprendre Essonne","isPartOf":{"@id":"https:\/\/www.reseau-entreprendre.org\/essonne\/#website"},"datePublished":"2023-05-17T12:25:24+00:00","dateModified":"2023-09-07T13:37:08+00:00","breadcrumb":{"@id":"https:\/\/www.reseau-entreprendre.org\/essonne\/events\/breakfast-reseau-938-838-469-334-125-404-875-372-367-849-737-424-925\/#breadcrumb"},"inLanguage":"fr-FR","potentialAction":[{"@type":"ReadAction","target":["https:\/\/www.reseau-entreprendre.org\/essonne\/events\/breakfast-reseau-938-838-469-334-125-404-875-372-367-849-737-424-925\/"]}]},{"@type":"BreadcrumbList","@id":"https:\/\/www.reseau-entreprendre.org\/essonne\/events\/breakfast-reseau-938-838-469-334-125-404-875-372-367-849-737-424-925\/#breadcrumb","itemListElement":[{"@type":"ListItem","position":1,"name":"Accueil","item":"https:\/\/www.reseau-entreprendre.org\/essonne\/"},{"@type":"ListItem","position":2,"name":"Évenements","item":"https:\/\/www.reseau-entreprendre.org\/essonne\/events\/"},{"@type":"ListItem","position":3,"name":"Breakfast &amp; Réseau &#x1f91d; &#8211; 8h30"}]},{"@type":"WebSite","@id":"https:\/\/www.reseau-entreprendre.org\/essonne\/#website","url":"https:\/\/www.reseau-entreprendre.org\/essonne\/","name":"Réseau Entreprendre Essonne","description":"","potentialAction":[{"@type":"SearchAction","target":{"@type":"EntryPoint","urlTemplate":"https:\/\/www.reseau-entreprendre.org\/essonne\/?s={search_term_string}"},"query-input":{"@type":"PropertyValueSpecification","valueRequired":true,"valueName":"search_term_string"}}],"inLanguage":"fr-FR"}]}</script>
<!-- / Yoast SEO plugin. -->

Breakfast &amp; Réseau &#x1f91d; - 8h30 - Réseau Entreprendre Essonne

&#8220;Le Breakfast &amp; Réseau est un temps d&#8217;échanges et de

Réseau Entreprendre Essonne

Évenements
