{"id":1446,"date":"2019-04-10T11:59:21","date_gmt":"2019-04-10T09:59:21","guid":{"rendered":"https:\/\/www.reseau-entreprendre.org\/franche-comte\/?post_type=mec-events&#038;p=1446"},"modified":"2019-05-06T17:52:50","modified_gmt":"2019-05-06T15:52:50","slug":"assemblee-generale-delfingen-a-anteuil","status":"publish","type":"mec-events","link":"https:\/\/www.reseau-entreprendre.org\/franche-comte\/events\/assemblee-generale-delfingen-a-anteuil\/","title":{"rendered":"Assembl\u00e9e G\u00e9n\u00e9rale &#8211; DELFINGEN \u00e0 ANTEUIL"},"content":{"rendered":"","protected":false},"excerpt":{"rendered":"","protected":false},"author":52,"featured_media":0,"comment_status":"open","ping_status":"closed","template":"","tags":[],"mec_category":[],"class_list":["post-1446","mec-events","type-mec-events","status-publish","hentry"],"acf":[],"yoast_head":"<!-- This site is optimized with the Yoast SEO plugin v27.4 - https:\/\/yoast.com\/product\/yoast-seo-wordpress\/ -->\n<title>Assembl\u00e9e G\u00e9n\u00e9rale - DELFINGEN \u00e0 ANTEUIL - R\u00e9seau Entreprendre Franche-Comt\u00e9<\/title>\n<meta name=\"robots\" content=\"index, follow, max-snippet:-1, max-image-preview:large, max-video-preview:-1\" \/>\n<link rel=\"canonical\" href=\"https:\/\/www.reseau-entreprendre.org\/franche-comte\/events\/assemblee-generale-delfingen-a-anteuil\/\" \/>\n<meta property=\"og:locale\" content=\"fr_FR\" \/>\n<meta property=\"og:type\" content=\"article\" \/>\n<meta property=\"og:title\" content=\"Assembl\u00e9e G\u00e9n\u00e9rale - DELFINGEN \u00e0 ANTEUIL - R\u00e9seau Entreprendre Franche-Comt\u00e9\" \/>\n<meta property=\"og:url\" content=\"https:\/\/www.reseau-entreprendre.org\/franche-comte\/events\/assemblee-generale-delfingen-a-anteuil\/\" \/>\n<meta property=\"og:site_name\" content=\"R\u00e9seau Entreprendre Franche-Comt\u00e9\" \/>\n<meta property=\"article:modified_time\" content=\"2019-05-06T15:52:50+00:00\" \/>\n<meta name=\"twitter:card\" content=\"summary_large_image\" \/>\n<script type=\"application\/ld+json\" class=\"yoast-schema-graph\">{\"@context\":\"https:\\\/\\\/schema.org\",\"@graph\":[{\"@type\":\"WebPage\",\"@id\":\"https:\\\/\\\/www.reseau-entreprendre.org\\\/franche-comte\\\/events\\\/assemblee-generale-delfingen-a-anteuil\\\/\",\"url\":\"https:\\\/\\\/www.reseau-entreprendre.org\\\/franche-comte\\\/events\\\/assemblee-generale-delfingen-a-anteuil\\\/\",\"name\":\"Assembl\u00e9e G\u00e9n\u00e9rale - DELFINGEN \u00e0 ANTEUIL - R\u00e9seau Entreprendre Franche-Comt\u00e9\",\"isPartOf\":{\"@id\":\"https:\\\/\\\/www.reseau-entreprendre.org\\\/franche-comte\\\/#website\"},\"datePublished\":\"2019-04-10T09:59:21+00:00\",\"dateModified\":\"2019-05-06T15:52:50+00:00\",\"breadcrumb\":{\"@id\":\"https:\\\/\\\/www.reseau-entreprendre.org\\\/franche-comte\\\/events\\\/assemblee-generale-delfingen-a-anteuil\\\/#breadcrumb\"},\"inLanguage\":\"fr-FR\",\"potentialAction\":[{\"@type\":\"ReadAction\",\"target\":[\"https:\\\/\\\/www.reseau-entreprendre.org\\\/franche-comte\\\/events\\\/assemblee-generale-delfingen-a-anteuil\\\/\"]}]},{\"@type\":\"BreadcrumbList\",\"@id\":\"https:\\\/\\\/www.reseau-entreprendre.org\\\/franche-comte\\\/events\\\/assemblee-generale-delfingen-a-anteuil\\\/#breadcrumb\",\"itemListElement\":[{\"@type\":\"ListItem\",\"position\":1,\"name\":\"Accueil\",\"item\":\"https:\\\/\\\/www.reseau-entreprendre.org\\\/franche-comte\\\/\"},{\"@type\":\"ListItem\",\"position\":2,\"name\":\"\u00c9venements\",\"item\":\"https:\\\/\\\/www.reseau-entreprendre.org\\\/franche-comte\\\/events\\\/\"},{\"@type\":\"ListItem\",\"position\":3,\"name\":\"Assembl\u00e9e G\u00e9n\u00e9rale &#8211; DELFINGEN \u00e0 ANTEUIL\"}]},{\"@type\":\"WebSite\",\"@id\":\"https:\\\/\\\/www.reseau-entreprendre.org\\\/franche-comte\\\/#website\",\"url\":\"https:\\\/\\\/www.reseau-entreprendre.org\\\/franche-comte\\\/\",\"name\":\"R\u00e9seau Entreprendre Franche-Comt\u00e9\",\"description\":\"Un site utilisant Les sites de R\u00e9seau Entreprendre\",\"potentialAction\":[{\"@type\":\"SearchAction\",\"target\":{\"@type\":\"EntryPoint\",\"urlTemplate\":\"https:\\\/\\\/www.reseau-entreprendre.org\\\/franche-comte\\\/?s={search_term_string}\"},\"query-input\":{\"@type\":\"PropertyValueSpecification\",\"valueRequired\":true,\"valueName\":\"search_term_string\"}}],\"inLanguage\":\"fr-FR\"}]}<\/script>\n<!-- \/ Yoast SEO plugin. -->","yoast_head_json":{"title":"Assembl\u00e9e G\u00e9n\u00e9rale - DELFINGEN \u00e0 ANTEUIL - R\u00e9seau Entreprendre Franche-Comt\u00e9","robots":{"index":"index","follow":"follow","max-snippet":"max-snippet:-1","max-image-preview":"max-image-preview:large","max-video-preview":"max-video-preview:-1"},"canonical":"https:\/\/www.reseau-entreprendre.org\/franche-comte\/events\/assemblee-generale-delfingen-a-anteuil\/","og_locale":"fr_FR","og_type":"article","og_title":"Assembl\u00e9e G\u00e9n\u00e9rale - DELFINGEN \u00e0 ANTEUIL - R\u00e9seau Entreprendre Franche-Comt\u00e9","og_url":"https:\/\/www.reseau-entreprendre.org\/franche-comte\/events\/assemblee-generale-delfingen-a-anteuil\/","og_site_name":"R\u00e9seau Entreprendre Franche-Comt\u00e9","article_modified_time":"2019-05-06T15:52:50+00:00","twitter_card":"summary_large_image","schema":{"@context":"https:\/\/schema.org","@graph":[{"@type":"WebPage","@id":"https:\/\/www.reseau-entreprendre.org\/franche-comte\/events\/assemblee-generale-delfingen-a-anteuil\/","url":"https:\/\/www.reseau-entreprendre.org\/franche-comte\/events\/assemblee-generale-delfingen-a-anteuil\/","name":"Assembl\u00e9e G\u00e9n\u00e9rale - DELFINGEN \u00e0 ANTEUIL - R\u00e9seau Entreprendre Franche-Comt\u00e9","isPartOf":{"@id":"https:\/\/www.reseau-entreprendre.org\/franche-comte\/#website"},"datePublished":"2019-04-10T09:59:21+00:00","dateModified":"2019-05-06T15:52:50+00:00","breadcrumb":{"@id":"https:\/\/www.reseau-entreprendre.org\/franche-comte\/events\/assemblee-generale-delfingen-a-anteuil\/#breadcrumb"},"inLanguage":"fr-FR","potentialAction":[{"@type":"ReadAction","target":["https:\/\/www.reseau-entreprendre.org\/franche-comte\/events\/assemblee-generale-delfingen-a-anteuil\/"]}]},{"@type":"BreadcrumbList","@id":"https:\/\/www.reseau-entreprendre.org\/franche-comte\/events\/assemblee-generale-delfingen-a-anteuil\/#breadcrumb","itemListElement":[{"@type":"ListItem","position":1,"name":"Accueil","item":"https:\/\/www.reseau-entreprendre.org\/franche-comte\/"},{"@type":"ListItem","position":2,"name":"\u00c9venements","item":"https:\/\/www.reseau-entreprendre.org\/franche-comte\/events\/"},{"@type":"ListItem","position":3,"name":"Assembl\u00e9e G\u00e9n\u00e9rale &#8211; DELFINGEN \u00e0 ANTEUIL"}]},{"@type":"WebSite","@id":"https:\/\/www.reseau-entreprendre.org\/franche-comte\/#website","url":"https:\/\/www.reseau-entreprendre.org\/franche-comte\/","name":"R\u00e9seau Entreprendre Franche-Comt\u00e9","description":"Un site utilisant Les sites de R\u00e9seau Entreprendre","potentialAction":[{"@type":"SearchAction","target":{"@type":"EntryPoint","urlTemplate":"https:\/\/www.reseau-entreprendre.org\/franche-comte\/?s={search_term_string}"},"query-input":{"@type":"PropertyValueSpecification","valueRequired":true,"valueName":"search_term_string"}}],"inLanguage":"fr-FR"}]}},"_links":{"self":[{"href":"https:\/\/www.reseau-entreprendre.org\/franche-comte\/wp-json\/wp\/v2\/mec-events\/1446","targetHints":{"allow":["GET"]}}],"collection":[{"href":"https:\/\/www.reseau-entreprendre.org\/franche-comte\/wp-json\/wp\/v2\/mec-events"}],"about":[{"href":"https:\/\/www.reseau-entreprendre.org\/franche-comte\/wp-json\/wp\/v2\/types\/mec-events"}],"author":[{"embeddable":true,"href":"https:\/\/www.reseau-entreprendre.org\/franche-comte\/wp-json\/wp\/v2\/users\/52"}],"replies":[{"embeddable":true,"href":"https:\/\/www.reseau-entreprendre.org\/franche-comte\/wp-json\/wp\/v2\/comments?post=1446"}],"wp:attachment":[{"href":"https:\/\/www.reseau-entreprendre.org\/franche-comte\/wp-json\/wp\/v2\/media?parent=1446"}],"wp:term":[{"taxonomy":"post_tag","embeddable":true,"href":"https:\/\/www.reseau-entreprendre.org\/franche-comte\/wp-json\/wp\/v2\/tags?post=1446"},{"taxonomy":"mec_category","embeddable":true,"href":"https:\/\/www.reseau-entreprendre.org\/franche-comte\/wp-json\/wp\/v2\/mec_category?post=1446"}],"curies":[{"name":"wp","href":"https:\/\/api.w.org\/{rel}","templated":true}]}}

Assemblée Générale &#8211; DELFINGEN à ANTEUIL

<!-- This site is optimized with the Yoast SEO plugin v27.4 - https://yoast.com/product/yoast-seo-wordpress/ -->
<title>Assemblée Générale - DELFINGEN à ANTEUIL - Réseau Entreprendre Franche-Comté</title>
<meta name="robots" content="index, follow, max-snippet:-1, max-image-preview:large, max-video-preview:-1" />
<link rel="canonical" href="https://www.reseau-entreprendre.org/franche-comte/events/assemblee-generale-delfingen-a-anteuil/" />
<meta property="og:locale" content="fr_FR" />
<meta property="og:type" content="article" />
<meta property="og:title" content="Assemblée Générale - DELFINGEN à ANTEUIL - Réseau Entreprendre Franche-Comté" />
<meta property="og:url" content="https://www.reseau-entreprendre.org/franche-comte/events/assemblee-generale-delfingen-a-anteuil/" />
<meta property="og:site_name" content="Réseau Entreprendre Franche-Comté" />
<meta property="article:modified_time" content="2019-05-06T15:52:50+00:00" />
<meta name="twitter:card" content="summary_large_image" />
<script type="application/ld+json" class="yoast-schema-graph">{"@context":"https:\/\/schema.org","@graph":[{"@type":"WebPage","@id":"https:\/\/www.reseau-entreprendre.org\/franche-comte\/events\/assemblee-generale-delfingen-a-anteuil\/","url":"https:\/\/www.reseau-entreprendre.org\/franche-comte\/events\/assemblee-generale-delfingen-a-anteuil\/","name":"Assemblée Générale - DELFINGEN à ANTEUIL - Réseau Entreprendre Franche-Comté","isPartOf":{"@id":"https:\/\/www.reseau-entreprendre.org\/franche-comte\/#website"},"datePublished":"2019-04-10T09:59:21+00:00","dateModified":"2019-05-06T15:52:50+00:00","breadcrumb":{"@id":"https:\/\/www.reseau-entreprendre.org\/franche-comte\/events\/assemblee-generale-delfingen-a-anteuil\/#breadcrumb"},"inLanguage":"fr-FR","potentialAction":[{"@type":"ReadAction","target":["https:\/\/www.reseau-entreprendre.org\/franche-comte\/events\/assemblee-generale-delfingen-a-anteuil\/"]}]},{"@type":"BreadcrumbList","@id":"https:\/\/www.reseau-entreprendre.org\/franche-comte\/events\/assemblee-generale-delfingen-a-anteuil\/#breadcrumb","itemListElement":[{"@type":"ListItem","position":1,"name":"Accueil","item":"https:\/\/www.reseau-entreprendre.org\/franche-comte\/"},{"@type":"ListItem","position":2,"name":"Évenements","item":"https:\/\/www.reseau-entreprendre.org\/franche-comte\/events\/"},{"@type":"ListItem","position":3,"name":"Assemblée Générale &#8211; DELFINGEN à ANTEUIL"}]},{"@type":"WebSite","@id":"https:\/\/www.reseau-entreprendre.org\/franche-comte\/#website","url":"https:\/\/www.reseau-entreprendre.org\/franche-comte\/","name":"Réseau Entreprendre Franche-Comté","description":"Un site utilisant Les sites de Réseau Entreprendre","potentialAction":[{"@type":"SearchAction","target":{"@type":"EntryPoint","urlTemplate":"https:\/\/www.reseau-entreprendre.org\/franche-comte\/?s={search_term_string}"},"query-input":{"@type":"PropertyValueSpecification","valueRequired":true,"valueName":"search_term_string"}}],"inLanguage":"fr-FR"}]}</script>
<!-- / Yoast SEO plugin. -->

Assemblée Générale - DELFINGEN à ANTEUIL - Réseau Entreprendre Franche-Comté

Réseau Entreprendre Franche-Comté

Évenements

Un site utilisant Les sites de Réseau Entreprendre
