{"id":2672,"date":"2020-12-15T12:59:20","date_gmt":"2020-12-15T11:59:20","guid":{"rendered":"https:\/\/re-preprod-entreprendre.fr\/guyane\/?page_id=2672"},"modified":"2026-02-19T15:01:14","modified_gmt":"2026-02-19T14:01:14","slug":"notre-equipe","status":"publish","type":"page","link":"https:\/\/www.reseau-entreprendre.org\/guyane\/notre-equipe\/","title":{"rendered":"Notre \u00e9quipe"},"content":{"rendered":"\n<h2 class=\"wp-block-heading has-text-align-center has-re-red-color has-text-color\"><strong>LE CONSEIL D&#8217;ADMINISTRATION<\/strong><\/h2>\n\n\n\n<hr class=\"wp-block-separator has-alpha-channel-opacity\" \/>\n\n\n\n<hr class=\"wp-block-separator has-alpha-channel-opacity\" \/>\n\n\n\n<h4 class=\"wp-block-heading has-text-align-center has-re-yellow-color has-text-color\"><strong>AU BUREAU<\/strong><\/h4>\n\n\n\n<div class=\"wp-block-columns is-layout-flex wp-container-core-columns-is-layout-9d6595d7 wp-block-columns-is-layout-flex\">\n<div class=\"wp-block-column is-layout-flow wp-block-column-is-layout-flow\"><\/div>\n\n\n\n<div class=\"wp-block-column is-layout-flow wp-block-column-is-layout-flow\"><div data-block_03d5bf9c028976b6b7cd9e6fd0553bfd class=\"re-team-member alignauto\">\n  <figure>\n          <img decoding=\"async\" data-aos=\"fade-right\" src=\"https:\/\/www.reseau-entreprendre.org\/guyane\/wp-content\/uploads\/sites\/35\/2025\/08\/Gregory-tete-sans-fond-245-x-245.png\" alt=\"\">\n      <\/figure>\n  <aside>\n    <h2 class=\"name\">Gr\u00e9gory GLENNIE<\/h2>\n    <div class=\"title\">AXEO SERVICES<\/div>\n    <div class=\"subtitle\">Pr\u00e9sident<\/div>\n\n    \n  <\/aside>\n<\/div>\n<\/div>\n\n\n\n<div class=\"wp-block-column is-layout-flow wp-block-column-is-layout-flow\"><\/div>\n<\/div>\n\n\n\n<div class=\"wp-block-columns is-layout-flex wp-container-core-columns-is-layout-9d6595d7 wp-block-columns-is-layout-flex\">\n<div class=\"wp-block-column is-layout-flow wp-block-column-is-layout-flow\"><\/div>\n\n\n\n<div class=\"wp-block-column is-layout-flow wp-block-column-is-layout-flow\"><\/div>\n<\/div>\n\n\n\n<div class=\"wp-block-columns is-layout-flex wp-container-core-columns-is-layout-9d6595d7 wp-block-columns-is-layout-flex\">\n<div class=\"wp-block-column is-layout-flow wp-block-column-is-layout-flow\"><div data-block_d95abb8206b7afd26857733c036db87b class=\"re-team-member alignauto\">\n  <figure>\n          <img decoding=\"async\" data-aos=\"fade-right\" src=\"https:\/\/www.reseau-entreprendre.org\/guyane\/wp-content\/uploads\/sites\/35\/2025\/05\/Laurence-1-1.png\" alt=\"\">\n      <\/figure>\n  <aside>\n    <h2 class=\"name\">Laurence TOURMEN<\/h2>\n    <div class=\"title\">TROPIC ALIZ\u00c9S<\/div>\n    <div class=\"subtitle\">Vice-pr\u00e9sidente ; Accueil des nouveaux membres<\/div>\n\n    \n  <\/aside>\n<\/div>\n<\/div>\n\n\n\n<div class=\"wp-block-column is-layout-flow wp-block-column-is-layout-flow\"><div data-block_0cfed9dfb64b7a0052a5d84f9c3602f4 class=\"re-team-member alignauto\">\n  <figure>\n          <img decoding=\"async\" data-aos=\"fade-right\" src=\"https:\/\/www.reseau-entreprendre.org\/guyane\/wp-content\/uploads\/sites\/35\/2025\/05\/Romain-1-1.png\" alt=\"\">\n      <\/figure>\n  <aside>\n    <h2 class=\"name\">Romain POINTE<\/h2>\n    <div class=\"title\">AXVERT<\/div>\n    <div class=\"subtitle\">Vice-pr\u00e9sident ; Accompagnement Collectif<\/div>\n\n    \n  <\/aside>\n<\/div>\n<\/div>\n\n\n\n<div class=\"wp-block-column is-layout-flow wp-block-column-is-layout-flow\"><div data-block_fe7bbb4f93c034ecd0ebcadc4d165787 class=\"re-team-member alignauto\">\n  <figure>\n          <img decoding=\"async\" data-aos=\"fade-right\" src=\"https:\/\/www.reseau-entreprendre.org\/guyane\/wp-content\/uploads\/sites\/35\/2025\/07\/Faiser-2.png\" alt=\"\">\n      <\/figure>\n  <aside>\n    <h2 class=\"name\">Faiser SOEWA<\/h2>\n    <div class=\"title\">ESPACE PERMIS<\/div>\n    <div class=\"subtitle\">Vice-pr\u00e9sident ; D\u00e9veloppement de l&#039;Ouest<\/div>\n\n    \n  <\/aside>\n<\/div>\n<\/div>\n<\/div>\n\n\n\n<div class=\"wp-block-columns is-layout-flex wp-container-core-columns-is-layout-9d6595d7 wp-block-columns-is-layout-flex\">\n<div class=\"wp-block-column is-layout-flow wp-block-column-is-layout-flow\">\n<div class=\"wp-block-columns is-layout-flex wp-container-core-columns-is-layout-9d6595d7 wp-block-columns-is-layout-flex\">\n<div class=\"wp-block-column is-layout-flow wp-block-column-is-layout-flow\"><div data-block_95435c798b042849ad15a03fe9ffe9c5 class=\"re-team-member alignauto\">\n  <figure>\n          <img decoding=\"async\" data-aos=\"fade-right\" src=\"https:\/\/www.reseau-entreprendre.org\/guyane\/wp-content\/uploads\/sites\/35\/2025\/05\/Yann-1.jpg\" alt=\"\">\n      <\/figure>\n  <aside>\n    <h2 class=\"name\">Yann ROBIN<\/h2>\n    <div class=\"title\">CABINET YANN ROBIN<\/div>\n    <div class=\"subtitle\">Tr\u00e9sorier<\/div>\n\n    \n  <\/aside>\n<\/div>\n<\/div>\n\n\n\n<div class=\"wp-block-column is-layout-flow wp-block-column-is-layout-flow\"><\/div>\n\n\n\n<div class=\"wp-block-column is-layout-flow wp-block-column-is-layout-flow\"><div data-block_3e57fc96435d7ed7a6225809abcbeb90 class=\"re-team-member alignauto\">\n  <figure>\n          <img decoding=\"async\" data-aos=\"fade-right\" src=\"https:\/\/www.reseau-entreprendre.org\/guyane\/wp-content\/uploads\/sites\/35\/2025\/05\/olivier-alfred-1-1.png\" alt=\"\">\n      <\/figure>\n  <aside>\n    <h2 class=\"name\">Olivier ALFRED<\/h2>\n    <div class=\"title\">LES P&#039;TITES BOUILLES<\/div>\n    <div class=\"subtitle\">Secr\u00e9taire<\/div>\n\n    \n  <\/aside>\n<\/div>\n<\/div>\n<\/div>\n<\/div>\n<\/div>\n\n\n\n<div class=\"wp-block-columns is-layout-flex wp-container-core-columns-is-layout-9d6595d7 wp-block-columns-is-layout-flex\">\n<div class=\"wp-block-column is-layout-flow wp-block-column-is-layout-flow\"><div data-block_f34aa6847bbfe7a237bff9e5b53868cf class=\"re-team-member alignauto\">\n  <figure>\n          <img decoding=\"async\" data-aos=\"fade-right\" src=\"https:\/\/www.reseau-entreprendre.org\/guyane\/wp-content\/uploads\/sites\/35\/2025\/05\/Christian_400X400-1.png\" alt=\"\">\n      <\/figure>\n  <aside>\n    <h2 class=\"name\">Christian AGN\u00c8S<\/h2>\n    <div class=\"title\"><\/div>\n    <div class=\"subtitle\">Pr\u00e9sident des Comit\u00e9s d&#039;Engagement ; \u00c9thique<\/div>\n\n    \n  <\/aside>\n<\/div>\n<\/div>\n\n\n\n<div class=\"wp-block-column is-layout-flow wp-block-column-is-layout-flow\"><\/div>\n\n\n\n<div class=\"wp-block-column is-layout-flow wp-block-column-is-layout-flow\"><div data-block_e6e3300d1c3821647a095c11a3f353d5 class=\"re-team-member alignauto\">\n  <figure>\n          <img decoding=\"async\" data-aos=\"fade-right\" src=\"https:\/\/www.reseau-entreprendre.org\/guyane\/wp-content\/uploads\/sites\/35\/2025\/05\/T.-MIRANDE_sans-arriere-plan-1-1.png\" alt=\"\">\n      <\/figure>\n  <aside>\n    <h2 class=\"name\">Tony MIRANDE<\/h2>\n    <div class=\"title\">GUY HOQUET L&#039;IMMOBILIER<\/div>\n    <div class=\"subtitle\">Promotion et Communication<\/div>\n\n    \n  <\/aside>\n<\/div>\n<\/div>\n<\/div>\n\n\n\n<h4 class=\"wp-block-heading has-text-align-center has-re-yellow-color has-text-color\"><strong>LES AUTRES ADMINISTRATEURS<\/strong><\/h4>\n\n\n\n<div class=\"wp-block-columns is-layout-flex wp-container-core-columns-is-layout-9d6595d7 wp-block-columns-is-layout-flex\">\n<div class=\"wp-block-column is-layout-flow wp-block-column-is-layout-flow\"><div data-block_702fc905205d6cd5a76c563359e8f092 class=\"re-team-member alignauto\">\n  <figure>\n          <img decoding=\"async\" data-aos=\"fade-right\" src=\"https:\/\/www.reseau-entreprendre.org\/guyane\/wp-content\/uploads\/sites\/35\/2025\/05\/Gilles-1-1-1.png\" alt=\"\">\n      <\/figure>\n  <aside>\n    <h2 class=\"name\">Gilles AYANNE<\/h2>\n    <div class=\"title\">L&#039;AGENCE POINT PUB<\/div>\n    <div class=\"subtitle\">Programme LES ENTREP&#039;<\/div>\n\n    \n  <\/aside>\n<\/div>\n<\/div>\n\n\n\n<div class=\"wp-block-column is-layout-flow wp-block-column-is-layout-flow\"><div data-block_d603cdba9d3901f8ec69a54af4852965 class=\"re-team-member alignauto\">\n  <figure>\n          <img decoding=\"async\" data-aos=\"fade-right\" src=\"https:\/\/www.reseau-entreprendre.org\/guyane\/wp-content\/uploads\/sites\/35\/2025\/05\/V.-BANTIFO_sans-arriere-plan-1.png\" alt=\"\">\n      <\/figure>\n  <aside>\n    <h2 class=\"name\">Victor BANTIFO<\/h2>\n    <div class=\"title\">NORD OUEST TRANSPORTS<\/div>\n    <div class=\"subtitle\"><\/div>\n\n    \n  <\/aside>\n<\/div>\n<\/div>\n\n\n\n<div class=\"wp-block-column is-layout-flow wp-block-column-is-layout-flow\"><div data-block_05fd75cc1a182beb2af54a247d2e6455 class=\"re-team-member alignauto\">\n  <figure>\n          <img decoding=\"async\" data-aos=\"fade-right\" src=\"https:\/\/www.reseau-entreprendre.org\/guyane\/wp-content\/uploads\/sites\/35\/2025\/05\/Celiane_400-X-400-1.jpeg\" alt=\"\">\n      <\/figure>\n  <aside>\n    <h2 class=\"name\">C\u00e9liane CIMADURE<\/h2>\n    <div class=\"title\">BUREAU VALL\u00c9E<\/div>\n    <div class=\"subtitle\">Accompagnement Individuel<\/div>\n\n    \n  <\/aside>\n<\/div>\n<\/div>\n<\/div>\n\n\n\n<div class=\"wp-block-columns is-layout-flex wp-container-core-columns-is-layout-9d6595d7 wp-block-columns-is-layout-flex\">\n<div class=\"wp-block-column is-layout-flow wp-block-column-is-layout-flow\"><div data-block_259311c9354b763dcaeae698b1e9e3c0 class=\"re-team-member alignauto\">\n  <figure>\n          <img decoding=\"async\" data-aos=\"fade-right\" src=\"https:\/\/www.reseau-entreprendre.org\/guyane\/wp-content\/uploads\/sites\/35\/2025\/05\/GOUBET-P.A.-1.png\" alt=\"\">\n      <\/figure>\n  <aside>\n    <h2 class=\"name\">Pierre-Antoine GOUBET<\/h2>\n    <div class=\"title\"><\/div>\n    <div class=\"subtitle\">Programme PASSER LE CAP<\/div>\n\n    \n  <\/aside>\n<\/div>\n<\/div>\n\n\n\n<div class=\"wp-block-column is-layout-flow wp-block-column-is-layout-flow\"><\/div>\n\n\n\n<div class=\"wp-block-column is-layout-flow wp-block-column-is-layout-flow\"><div data-block_b51707bbe6d7ef2961df3d79d5306a5e class=\"re-team-member alignauto\">\n  <figure>\n          <img decoding=\"async\" data-aos=\"fade-right\" src=\"https:\/\/www.reseau-entreprendre.org\/guyane\/wp-content\/uploads\/sites\/35\/2025\/05\/myriam-jacques-1-1.png\" alt=\"\">\n      <\/figure>\n  <aside>\n    <h2 class=\"name\">Myriam JACQUES<\/h2>\n    <div class=\"title\">GUYANE AUTOMOBILE<\/div>\n    <div class=\"subtitle\">Programme IMPACT<\/div>\n\n    \n  <\/aside>\n<\/div>\n<\/div>\n<\/div>\n\n\n\n<div class=\"wp-block-columns is-layout-flex wp-container-core-columns-is-layout-9d6595d7 wp-block-columns-is-layout-flex\">\n<div class=\"wp-block-column is-layout-flow wp-block-column-is-layout-flow\"><div data-block_c3decfabeab8970e62ceba458471e811 class=\"re-team-member alignauto\">\n  <figure>\n          <img decoding=\"async\" data-aos=\"fade-right\" src=\"https:\/\/www.reseau-entreprendre.org\/guyane\/wp-content\/uploads\/sites\/35\/2025\/05\/amandine-jauze11-1.png\" alt=\"\">\n      <\/figure>\n  <aside>\n    <h2 class=\"name\">Amandine JAUZE<\/h2>\n    <div class=\"title\">SOLUTIONS D&#039;ENTREPRISES<\/div>\n    <div class=\"subtitle\">Programme WOM&#039;ENERGY ; Responsable CEP<\/div>\n\n    \n  <\/aside>\n<\/div>\n<\/div>\n\n\n\n<div class=\"wp-block-column is-layout-flow wp-block-column-is-layout-flow\"><\/div>\n\n\n\n<div class=\"wp-block-column is-layout-flow wp-block-column-is-layout-flow\"><div data-block_2ad17edac1b62fc84c12eb5475299482 class=\"re-team-member alignauto\">\n  <figure>\n          <img decoding=\"async\" data-aos=\"fade-right\" src=\"https:\/\/www.reseau-entreprendre.org\/guyane\/wp-content\/uploads\/sites\/35\/2025\/05\/Jerome-PERPONT-S3T-1-1.jpg\" alt=\"\">\n      <\/figure>\n  <aside>\n    <h2 class=\"name\">J\u00e9r\u00f4me PERPONT<\/h2>\n    <div class=\"title\">S3T<\/div>\n    <div class=\"subtitle\">Programme IMPACT<\/div>\n\n    \n  <\/aside>\n<\/div>\n<\/div>\n<\/div>\n\n\n\n<div style=\"height:100px\" aria-hidden=\"true\" class=\"wp-block-spacer\"><\/div>\n\n\n\n<h2 class=\"wp-block-heading has-text-align-center has-re-red-color has-text-color\"><strong>L&#8217;\u00c9QUIPE OP\u00c9RATIONNELLE<\/strong><\/h2>\n\n\n\n<hr class=\"wp-block-separator has-alpha-channel-opacity\" \/>\n\n\n\n<div class=\"wp-block-columns is-layout-flex wp-container-core-columns-is-layout-9d6595d7 wp-block-columns-is-layout-flex\">\n<div class=\"wp-block-column is-layout-flow wp-block-column-is-layout-flow\"><div data-block_1c377480032b93ea1328b55e22904918 class=\"re-team-member alignauto\">\n  <figure>\n          <img decoding=\"async\" data-aos=\"fade-right\" src=\"https:\/\/www.reseau-entreprendre.org\/guyane\/wp-content\/uploads\/sites\/35\/2023\/06\/MHAC-2021121-300x300.jpg\" alt=\"\">\n      <\/figure>\n  <aside>\n    <h2 class=\"name\">Marc HO-A-CHUCK<\/h2>\n    <div class=\"title\">Directeur<\/div>\n    <div class=\"subtitle\"><\/div>\n\n    \n  <\/aside>\n<\/div>\n<\/div>\n\n\n\n<div class=\"wp-block-column is-layout-flow wp-block-column-is-layout-flow\"><div data-block_9830b177f27e924a840bf9d2e17e164e class=\"re-team-member alignauto\">\n  <figure>\n          <img decoding=\"async\" data-aos=\"fade-right\" src=\"https:\/\/www.reseau-entreprendre.org\/guyane\/wp-content\/uploads\/sites\/35\/2023\/06\/AG_7211-300x300.jpg\" alt=\"\">\n      <\/figure>\n  <aside>\n    <h2 class=\"name\">Muriel TREMBLAY<\/h2>\n    <div class=\"title\">Assistante de direction<\/div>\n    <div class=\"subtitle\"><\/div>\n\n    \n  <\/aside>\n<\/div>\n<\/div>\n\n\n\n<div class=\"wp-block-column is-layout-flow wp-block-column-is-layout-flow\"><div data-block_3b66c7c8525157f2b13c83c139280e9e class=\"re-team-member alignauto\">\n  <figure>\n          <img decoding=\"async\" data-aos=\"fade-right\" src=\"https:\/\/www.reseau-entreprendre.org\/guyane\/wp-content\/uploads\/sites\/35\/2024\/02\/WhatsApp-Image-2024-02-21-a-10.09.50_c27dda7d-1-300x300.jpg\" alt=\"\">\n      <\/figure>\n  <aside>\n    <h2 class=\"name\">Tracy ROUBAUD<\/h2>\n    <div class=\"title\">Charg\u00e9e de communication et \u00e9v\u00e8nementiel<\/div>\n    <div class=\"subtitle\"><\/div>\n\n    \n  <\/aside>\n<\/div>\n<\/div>\n<\/div>\n\n\n\n<div class=\"wp-block-columns is-layout-flex wp-container-core-columns-is-layout-9d6595d7 wp-block-columns-is-layout-flex\">\n<div class=\"wp-block-column is-layout-flow wp-block-column-is-layout-flow\"><div data-block_36548e2dc26c5bbc64d7570a5b45a34a class=\"re-team-member alignauto\">\n  <figure>\n          <img decoding=\"async\" data-aos=\"fade-right\" src=\"https:\/\/www.reseau-entreprendre.org\/guyane\/wp-content\/uploads\/sites\/35\/2023\/06\/annie111.jpg\" alt=\"\">\n      <\/figure>\n  <aside>\n    <h2 class=\"name\">Annie FRADET<\/h2>\n    <div class=\"title\">Responsable Antenne de l&#039;Ouest<\/div>\n    <div class=\"subtitle\"><\/div>\n\n    \n  <\/aside>\n<\/div>\n<\/div>\n\n\n\n<div class=\"wp-block-column is-layout-flow wp-block-column-is-layout-flow\"><\/div>\n\n\n\n<div class=\"wp-block-column is-layout-flow wp-block-column-is-layout-flow\"><div data-block_c5a630cd9ace7dd8c625c5b0feabe412 class=\"re-team-member alignauto\">\n  <figure>\n          <img decoding=\"async\" data-aos=\"fade-right\" src=\"https:\/\/www.reseau-entreprendre.org\/guyane\/wp-content\/uploads\/sites\/35\/2026\/02\/Armelle_400-x-400-300x300.png\" alt=\"\">\n      <\/figure>\n  <aside>\n    <h2 class=\"name\">Armelle PANSA<\/h2>\n    <div class=\"title\">Assistante Antenne de l&#039;Ouest<\/div>\n    <div class=\"subtitle\">en alternance<\/div>\n\n    \n  <\/aside>\n<\/div>\n<\/div>\n<\/div>\n","protected":false},"excerpt":{"rendered":"<p>LE CONSEIL D&#8217;ADMINISTRATION AU BUREAU LES AUTRES ADMINISTRATEURS L&#8217;\u00c9QUIPE OP\u00c9RATIONNELLE<\/p>\n","protected":false},"author":36,"featured_media":0,"parent":0,"menu_order":0,"comment_status":"closed","ping_status":"closed","template":"","meta":{"_acf_changed":false,"_monsterinsights_skip_tracking":false,"_monsterinsights_sitenote_active":false,"_monsterinsights_sitenote_note":"","_monsterinsights_sitenote_category":0,"footnotes":""},"class_list":["post-2672","page","type-page","status-publish","hentry"],"acf":[],"yoast_head":"<!-- This site is optimized with the Yoast SEO plugin v27.4 - https:\/\/yoast.com\/product\/yoast-seo-wordpress\/ -->\n<title>Notre \u00e9quipe - R\u00e9seau Entreprendre Guyane<\/title>\n<meta name=\"robots\" content=\"index, follow, max-snippet:-1, max-image-preview:large, max-video-preview:-1\" \/>\n<link rel=\"canonical\" href=\"https:\/\/www.reseau-entreprendre.org\/guyane\/notre-equipe\/\" \/>\n<meta property=\"og:locale\" content=\"fr_FR\" \/>\n<meta property=\"og:type\" content=\"article\" \/>\n<meta property=\"og:title\" content=\"Notre \u00e9quipe - R\u00e9seau Entreprendre Guyane\" \/>\n<meta property=\"og:description\" content=\"LE CONSEIL D&#8217;ADMINISTRATION AU BUREAU LES AUTRES ADMINISTRATEURS L&#8217;\u00c9QUIPE OP\u00c9RATIONNELLE\" \/>\n<meta property=\"og:url\" content=\"https:\/\/www.reseau-entreprendre.org\/guyane\/notre-equipe\/\" \/>\n<meta property=\"og:site_name\" content=\"R\u00e9seau Entreprendre Guyane\" \/>\n<meta property=\"article:modified_time\" content=\"2026-02-19T14:01:14+00:00\" \/>\n<meta name=\"twitter:card\" content=\"summary_large_image\" \/>\n<meta name=\"twitter:label1\" content=\"Dur\u00e9e de lecture estim\u00e9e\" \/>\n\t<meta name=\"twitter:data1\" content=\"1 minute\" \/>\n<script type=\"application\/ld+json\" class=\"yoast-schema-graph\">{\"@context\":\"https:\\\/\\\/schema.org\",\"@graph\":[{\"@type\":\"WebPage\",\"@id\":\"https:\\\/\\\/www.reseau-entreprendre.org\\\/guyane\\\/notre-equipe\\\/\",\"url\":\"https:\\\/\\\/www.reseau-entreprendre.org\\\/guyane\\\/notre-equipe\\\/\",\"name\":\"Notre \u00e9quipe - R\u00e9seau Entreprendre Guyane\",\"isPartOf\":{\"@id\":\"https:\\\/\\\/www.reseau-entreprendre.org\\\/guyane\\\/#website\"},\"datePublished\":\"2020-12-15T11:59:20+00:00\",\"dateModified\":\"2026-02-19T14:01:14+00:00\",\"breadcrumb\":{\"@id\":\"https:\\\/\\\/www.reseau-entreprendre.org\\\/guyane\\\/notre-equipe\\\/#breadcrumb\"},\"inLanguage\":\"fr-FR\",\"potentialAction\":[{\"@type\":\"ReadAction\",\"target\":[\"https:\\\/\\\/www.reseau-entreprendre.org\\\/guyane\\\/notre-equipe\\\/\"]}]},{\"@type\":\"BreadcrumbList\",\"@id\":\"https:\\\/\\\/www.reseau-entreprendre.org\\\/guyane\\\/notre-equipe\\\/#breadcrumb\",\"itemListElement\":[{\"@type\":\"ListItem\",\"position\":1,\"name\":\"Accueil\",\"item\":\"https:\\\/\\\/www.reseau-entreprendre.org\\\/guyane\\\/\"},{\"@type\":\"ListItem\",\"position\":2,\"name\":\"Notre \u00e9quipe\"}]},{\"@type\":\"WebSite\",\"@id\":\"https:\\\/\\\/www.reseau-entreprendre.org\\\/guyane\\\/#website\",\"url\":\"https:\\\/\\\/www.reseau-entreprendre.org\\\/guyane\\\/\",\"name\":\"R\u00e9seau Entreprendre Guyane\",\"description\":\"Un site utilisant Les sites de R\u00e9seau Entreprendre\",\"potentialAction\":[{\"@type\":\"SearchAction\",\"target\":{\"@type\":\"EntryPoint\",\"urlTemplate\":\"https:\\\/\\\/www.reseau-entreprendre.org\\\/guyane\\\/?s={search_term_string}\"},\"query-input\":{\"@type\":\"PropertyValueSpecification\",\"valueRequired\":true,\"valueName\":\"search_term_string\"}}],\"inLanguage\":\"fr-FR\"}]}<\/script>\n<!-- \/ Yoast SEO plugin. -->","yoast_head_json":{"title":"Notre \u00e9quipe - R\u00e9seau Entreprendre Guyane","robots":{"index":"index","follow":"follow","max-snippet":"max-snippet:-1","max-image-preview":"max-image-preview:large","max-video-preview":"max-video-preview:-1"},"canonical":"https:\/\/www.reseau-entreprendre.org\/guyane\/notre-equipe\/","og_locale":"fr_FR","og_type":"article","og_title":"Notre \u00e9quipe - R\u00e9seau Entreprendre Guyane","og_description":"LE CONSEIL D&#8217;ADMINISTRATION AU BUREAU LES AUTRES ADMINISTRATEURS L&#8217;\u00c9QUIPE OP\u00c9RATIONNELLE","og_url":"https:\/\/www.reseau-entreprendre.org\/guyane\/notre-equipe\/","og_site_name":"R\u00e9seau Entreprendre Guyane","article_modified_time":"2026-02-19T14:01:14+00:00","twitter_card":"summary_large_image","twitter_misc":{"Dur\u00e9e de lecture estim\u00e9e":"1 minute"},"schema":{"@context":"https:\/\/schema.org","@graph":[{"@type":"WebPage","@id":"https:\/\/www.reseau-entreprendre.org\/guyane\/notre-equipe\/","url":"https:\/\/www.reseau-entreprendre.org\/guyane\/notre-equipe\/","name":"Notre \u00e9quipe - R\u00e9seau Entreprendre Guyane","isPartOf":{"@id":"https:\/\/www.reseau-entreprendre.org\/guyane\/#website"},"datePublished":"2020-12-15T11:59:20+00:00","dateModified":"2026-02-19T14:01:14+00:00","breadcrumb":{"@id":"https:\/\/www.reseau-entreprendre.org\/guyane\/notre-equipe\/#breadcrumb"},"inLanguage":"fr-FR","potentialAction":[{"@type":"ReadAction","target":["https:\/\/www.reseau-entreprendre.org\/guyane\/notre-equipe\/"]}]},{"@type":"BreadcrumbList","@id":"https:\/\/www.reseau-entreprendre.org\/guyane\/notre-equipe\/#breadcrumb","itemListElement":[{"@type":"ListItem","position":1,"name":"Accueil","item":"https:\/\/www.reseau-entreprendre.org\/guyane\/"},{"@type":"ListItem","position":2,"name":"Notre \u00e9quipe"}]},{"@type":"WebSite","@id":"https:\/\/www.reseau-entreprendre.org\/guyane\/#website","url":"https:\/\/www.reseau-entreprendre.org\/guyane\/","name":"R\u00e9seau Entreprendre Guyane","description":"Un site utilisant Les sites de R\u00e9seau Entreprendre","potentialAction":[{"@type":"SearchAction","target":{"@type":"EntryPoint","urlTemplate":"https:\/\/www.reseau-entreprendre.org\/guyane\/?s={search_term_string}"},"query-input":{"@type":"PropertyValueSpecification","valueRequired":true,"valueName":"search_term_string"}}],"inLanguage":"fr-FR"}]}},"_links":{"self":[{"href":"https:\/\/www.reseau-entreprendre.org\/guyane\/wp-json\/wp\/v2\/pages\/2672","targetHints":{"allow":["GET"]}}],"collection":[{"href":"https:\/\/www.reseau-entreprendre.org\/guyane\/wp-json\/wp\/v2\/pages"}],"about":[{"href":"https:\/\/www.reseau-entreprendre.org\/guyane\/wp-json\/wp\/v2\/types\/page"}],"author":[{"embeddable":true,"href":"https:\/\/www.reseau-entreprendre.org\/guyane\/wp-json\/wp\/v2\/users\/36"}],"replies":[{"embeddable":true,"href":"https:\/\/www.reseau-entreprendre.org\/guyane\/wp-json\/wp\/v2\/comments?post=2672"}],"version-history":[{"count":0,"href":"https:\/\/www.reseau-entreprendre.org\/guyane\/wp-json\/wp\/v2\/pages\/2672\/revisions"}],"wp:attachment":[{"href":"https:\/\/www.reseau-entreprendre.org\/guyane\/wp-json\/wp\/v2\/media?parent=2672"}],"curies":[{"name":"wp","href":"https:\/\/api.w.org\/{rel}","templated":true}]}}