{"id":4404,"date":"2024-02-20T15:33:44","date_gmt":"2024-02-20T14:33:44","guid":{"rendered":"https:\/\/www.reseau-entreprendre.org\/hainaut\/?page_id=4404"},"modified":"2024-02-20T15:33:45","modified_gmt":"2024-02-20T14:33:45","slug":"laureats-2023","status":"publish","type":"page","link":"https:\/\/www.reseau-entreprendre.org\/hainaut\/laureats-2023\/","title":{"rendered":"Laur\u00e9ats 2023"},"content":{"rendered":"\n<p><\/p>\n\n\n\n<p class=\"has-re-blue-color has-text-color has-link-color has-x-large-font-size wp-elements-bff5904fdfd4e0898c6c55126e3f1a9f\"><strong>Mahfoud Hassani<\/strong><\/p>\n\n\n\n<p class=\"has-re-yellow-color has-text-color has-link-color wp-elements-b04a8d5113aefa13781aca7d4e3cfacf\"><strong>BOOSTER\u00a0<\/strong>: SAS PRO-MEAT   <img loading=\"lazy\" decoding=\"async\" width=\"89\" height=\"36\" src=\"https:\/\/lh7-us.googleusercontent.com\/fLqkYQe0SLUo-d0CyvxXb3pIUJFWzhaJaVbjpXBT93wiJgis5gYeUncIU6dur8fzPBcwdC0lsue6e1Do863pRcWj0tcN-OEyk1MBVlM1p2RP5XqpKaCfN7UcS35iPuuNf_F8y0u4H2-yFJHo0AfmjVo\"><\/p>\n\n\n<div class=\"wp-block-image\">\n<figure class=\"alignright size-full is-resized\"><img loading=\"lazy\" decoding=\"async\" width=\"662\" height=\"666\" src=\"https:\/\/www.reseau-entreprendre.org\/hainaut\/wp-content\/uploads\/sites\/39\/2024\/02\/Capture-decran-2024-02-20-a-15.33.17.png\" alt=\"\" class=\"wp-image-4405\" style=\"width:246px;height:auto\" srcset=\"https:\/\/www.reseau-entreprendre.org\/hainaut\/wp-content\/uploads\/sites\/39\/2024\/02\/Capture-decran-2024-02-20-a-15.33.17.png 662w, https:\/\/www.reseau-entreprendre.org\/hainaut\/wp-content\/uploads\/sites\/39\/2024\/02\/Capture-decran-2024-02-20-a-15.33.17-298x300.png 298w, https:\/\/www.reseau-entreprendre.org\/hainaut\/wp-content\/uploads\/sites\/39\/2024\/02\/Capture-decran-2024-02-20-a-15.33.17-150x150.png 150w, https:\/\/www.reseau-entreprendre.org\/hainaut\/wp-content\/uploads\/sites\/39\/2024\/02\/Capture-decran-2024-02-20-a-15.33.17-129x130.png 129w\" sizes=\"auto, (max-width: 662px) 100vw, 662px\" \/><\/figure>\n<\/div>\n\n\n<p>Transformation et Production de produits \u00e9labor\u00e9s \u00e0 base de viande.<\/p>\n\n\n\n<p>Fabrication de divers produits hach\u00e9s \u00e0 base de b\u0153uf, d\u00e9coupe et conservation de viande. (Steaks hach\u00e9s frais et surgel\u00e9s, viandes sous vide, etc)<\/p>\n","protected":false},"excerpt":{"rendered":"<p>Mahfoud Hassani BOOSTER\u00a0: SAS PRO-MEAT Transformation et Production de produits<\/p>\n","protected":false},"author":41,"featured_media":0,"parent":0,"menu_order":0,"comment_status":"closed","ping_status":"closed","template":"","meta":{"_acf_changed":false,"_monsterinsights_skip_tracking":false,"_monsterinsights_sitenote_active":false,"_monsterinsights_sitenote_note":"","_monsterinsights_sitenote_category":0,"footnotes":""},"class_list":["post-4404","page","type-page","status-publish","hentry"],"acf":[],"yoast_head":"<!-- This site is optimized with the Yoast SEO plugin v27.4 - https:\/\/yoast.com\/product\/yoast-seo-wordpress\/ -->\n<title>Laur\u00e9ats 2023 - R\u00e9seau Entreprendre Hainaut<\/title>\n<meta name=\"robots\" content=\"index, follow, max-snippet:-1, max-image-preview:large, max-video-preview:-1\" \/>\n<link rel=\"canonical\" href=\"https:\/\/www.reseau-entreprendre.org\/hainaut\/laureats-2023\/\" \/>\n<meta property=\"og:locale\" content=\"fr_FR\" \/>\n<meta property=\"og:type\" content=\"article\" \/>\n<meta property=\"og:title\" content=\"Laur\u00e9ats 2023 - R\u00e9seau Entreprendre Hainaut\" \/>\n<meta property=\"og:description\" content=\"Mahfoud Hassani BOOSTER\u00a0: SAS PRO-MEAT Transformation et Production de produits\" \/>\n<meta property=\"og:url\" content=\"https:\/\/www.reseau-entreprendre.org\/hainaut\/laureats-2023\/\" \/>\n<meta property=\"og:site_name\" content=\"R\u00e9seau Entreprendre Hainaut\" \/>\n<meta property=\"article:modified_time\" content=\"2024-02-20T14:33:45+00:00\" \/>\n<meta property=\"og:image\" content=\"https:\/\/lh7-us.googleusercontent.com\/fLqkYQe0SLUo-d0CyvxXb3pIUJFWzhaJaVbjpXBT93wiJgis5gYeUncIU6dur8fzPBcwdC0lsue6e1Do863pRcWj0tcN-OEyk1MBVlM1p2RP5XqpKaCfN7UcS35iPuuNf_F8y0u4H2-yFJHo0AfmjVo\" \/>\n<meta name=\"twitter:card\" content=\"summary_large_image\" \/>\n<script type=\"application\/ld+json\" class=\"yoast-schema-graph\">{\"@context\":\"https:\\\/\\\/schema.org\",\"@graph\":[{\"@type\":\"WebPage\",\"@id\":\"https:\\\/\\\/www.reseau-entreprendre.org\\\/hainaut\\\/laureats-2023\\\/\",\"url\":\"https:\\\/\\\/www.reseau-entreprendre.org\\\/hainaut\\\/laureats-2023\\\/\",\"name\":\"Laur\u00e9ats 2023 - R\u00e9seau Entreprendre Hainaut\",\"isPartOf\":{\"@id\":\"https:\\\/\\\/www.reseau-entreprendre.org\\\/hainaut\\\/#website\"},\"primaryImageOfPage\":{\"@id\":\"https:\\\/\\\/www.reseau-entreprendre.org\\\/hainaut\\\/laureats-2023\\\/#primaryimage\"},\"image\":{\"@id\":\"https:\\\/\\\/www.reseau-entreprendre.org\\\/hainaut\\\/laureats-2023\\\/#primaryimage\"},\"thumbnailUrl\":\"https:\\\/\\\/lh7-us.googleusercontent.com\\\/fLqkYQe0SLUo-d0CyvxXb3pIUJFWzhaJaVbjpXBT93wiJgis5gYeUncIU6dur8fzPBcwdC0lsue6e1Do863pRcWj0tcN-OEyk1MBVlM1p2RP5XqpKaCfN7UcS35iPuuNf_F8y0u4H2-yFJHo0AfmjVo\",\"datePublished\":\"2024-02-20T14:33:44+00:00\",\"dateModified\":\"2024-02-20T14:33:45+00:00\",\"breadcrumb\":{\"@id\":\"https:\\\/\\\/www.reseau-entreprendre.org\\\/hainaut\\\/laureats-2023\\\/#breadcrumb\"},\"inLanguage\":\"fr-FR\",\"potentialAction\":[{\"@type\":\"ReadAction\",\"target\":[\"https:\\\/\\\/www.reseau-entreprendre.org\\\/hainaut\\\/laureats-2023\\\/\"]}]},{\"@type\":\"ImageObject\",\"inLanguage\":\"fr-FR\",\"@id\":\"https:\\\/\\\/www.reseau-entreprendre.org\\\/hainaut\\\/laureats-2023\\\/#primaryimage\",\"url\":\"https:\\\/\\\/lh7-us.googleusercontent.com\\\/fLqkYQe0SLUo-d0CyvxXb3pIUJFWzhaJaVbjpXBT93wiJgis5gYeUncIU6dur8fzPBcwdC0lsue6e1Do863pRcWj0tcN-OEyk1MBVlM1p2RP5XqpKaCfN7UcS35iPuuNf_F8y0u4H2-yFJHo0AfmjVo\",\"contentUrl\":\"https:\\\/\\\/lh7-us.googleusercontent.com\\\/fLqkYQe0SLUo-d0CyvxXb3pIUJFWzhaJaVbjpXBT93wiJgis5gYeUncIU6dur8fzPBcwdC0lsue6e1Do863pRcWj0tcN-OEyk1MBVlM1p2RP5XqpKaCfN7UcS35iPuuNf_F8y0u4H2-yFJHo0AfmjVo\"},{\"@type\":\"BreadcrumbList\",\"@id\":\"https:\\\/\\\/www.reseau-entreprendre.org\\\/hainaut\\\/laureats-2023\\\/#breadcrumb\",\"itemListElement\":[{\"@type\":\"ListItem\",\"position\":1,\"name\":\"Accueil\",\"item\":\"https:\\\/\\\/www.reseau-entreprendre.org\\\/hainaut\\\/\"},{\"@type\":\"ListItem\",\"position\":2,\"name\":\"Laur\u00e9ats 2023\"}]},{\"@type\":\"WebSite\",\"@id\":\"https:\\\/\\\/www.reseau-entreprendre.org\\\/hainaut\\\/#website\",\"url\":\"https:\\\/\\\/www.reseau-entreprendre.org\\\/hainaut\\\/\",\"name\":\"R\u00e9seau Entreprendre Hainaut\",\"description\":\"Un site utilisant Les sites de R\u00e9seau Entreprendre\",\"potentialAction\":[{\"@type\":\"SearchAction\",\"target\":{\"@type\":\"EntryPoint\",\"urlTemplate\":\"https:\\\/\\\/www.reseau-entreprendre.org\\\/hainaut\\\/?s={search_term_string}\"},\"query-input\":{\"@type\":\"PropertyValueSpecification\",\"valueRequired\":true,\"valueName\":\"search_term_string\"}}],\"inLanguage\":\"fr-FR\"}]}<\/script>\n<!-- \/ Yoast SEO plugin. -->","yoast_head_json":{"title":"Laur\u00e9ats 2023 - R\u00e9seau Entreprendre Hainaut","robots":{"index":"index","follow":"follow","max-snippet":"max-snippet:-1","max-image-preview":"max-image-preview:large","max-video-preview":"max-video-preview:-1"},"canonical":"https:\/\/www.reseau-entreprendre.org\/hainaut\/laureats-2023\/","og_locale":"fr_FR","og_type":"article","og_title":"Laur\u00e9ats 2023 - R\u00e9seau Entreprendre Hainaut","og_description":"Mahfoud Hassani BOOSTER\u00a0: SAS PRO-MEAT Transformation et Production de produits","og_url":"https:\/\/www.reseau-entreprendre.org\/hainaut\/laureats-2023\/","og_site_name":"R\u00e9seau Entreprendre Hainaut","article_modified_time":"2024-02-20T14:33:45+00:00","og_image":[{"url":"https:\/\/lh7-us.googleusercontent.com\/fLqkYQe0SLUo-d0CyvxXb3pIUJFWzhaJaVbjpXBT93wiJgis5gYeUncIU6dur8fzPBcwdC0lsue6e1Do863pRcWj0tcN-OEyk1MBVlM1p2RP5XqpKaCfN7UcS35iPuuNf_F8y0u4H2-yFJHo0AfmjVo","type":"","width":"","height":""}],"twitter_card":"summary_large_image","schema":{"@context":"https:\/\/schema.org","@graph":[{"@type":"WebPage","@id":"https:\/\/www.reseau-entreprendre.org\/hainaut\/laureats-2023\/","url":"https:\/\/www.reseau-entreprendre.org\/hainaut\/laureats-2023\/","name":"Laur\u00e9ats 2023 - R\u00e9seau Entreprendre Hainaut","isPartOf":{"@id":"https:\/\/www.reseau-entreprendre.org\/hainaut\/#website"},"primaryImageOfPage":{"@id":"https:\/\/www.reseau-entreprendre.org\/hainaut\/laureats-2023\/#primaryimage"},"image":{"@id":"https:\/\/www.reseau-entreprendre.org\/hainaut\/laureats-2023\/#primaryimage"},"thumbnailUrl":"https:\/\/lh7-us.googleusercontent.com\/fLqkYQe0SLUo-d0CyvxXb3pIUJFWzhaJaVbjpXBT93wiJgis5gYeUncIU6dur8fzPBcwdC0lsue6e1Do863pRcWj0tcN-OEyk1MBVlM1p2RP5XqpKaCfN7UcS35iPuuNf_F8y0u4H2-yFJHo0AfmjVo","datePublished":"2024-02-20T14:33:44+00:00","dateModified":"2024-02-20T14:33:45+00:00","breadcrumb":{"@id":"https:\/\/www.reseau-entreprendre.org\/hainaut\/laureats-2023\/#breadcrumb"},"inLanguage":"fr-FR","potentialAction":[{"@type":"ReadAction","target":["https:\/\/www.reseau-entreprendre.org\/hainaut\/laureats-2023\/"]}]},{"@type":"ImageObject","inLanguage":"fr-FR","@id":"https:\/\/www.reseau-entreprendre.org\/hainaut\/laureats-2023\/#primaryimage","url":"https:\/\/lh7-us.googleusercontent.com\/fLqkYQe0SLUo-d0CyvxXb3pIUJFWzhaJaVbjpXBT93wiJgis5gYeUncIU6dur8fzPBcwdC0lsue6e1Do863pRcWj0tcN-OEyk1MBVlM1p2RP5XqpKaCfN7UcS35iPuuNf_F8y0u4H2-yFJHo0AfmjVo","contentUrl":"https:\/\/lh7-us.googleusercontent.com\/fLqkYQe0SLUo-d0CyvxXb3pIUJFWzhaJaVbjpXBT93wiJgis5gYeUncIU6dur8fzPBcwdC0lsue6e1Do863pRcWj0tcN-OEyk1MBVlM1p2RP5XqpKaCfN7UcS35iPuuNf_F8y0u4H2-yFJHo0AfmjVo"},{"@type":"BreadcrumbList","@id":"https:\/\/www.reseau-entreprendre.org\/hainaut\/laureats-2023\/#breadcrumb","itemListElement":[{"@type":"ListItem","position":1,"name":"Accueil","item":"https:\/\/www.reseau-entreprendre.org\/hainaut\/"},{"@type":"ListItem","position":2,"name":"Laur\u00e9ats 2023"}]},{"@type":"WebSite","@id":"https:\/\/www.reseau-entreprendre.org\/hainaut\/#website","url":"https:\/\/www.reseau-entreprendre.org\/hainaut\/","name":"R\u00e9seau Entreprendre Hainaut","description":"Un site utilisant Les sites de R\u00e9seau Entreprendre","potentialAction":[{"@type":"SearchAction","target":{"@type":"EntryPoint","urlTemplate":"https:\/\/www.reseau-entreprendre.org\/hainaut\/?s={search_term_string}"},"query-input":{"@type":"PropertyValueSpecification","valueRequired":true,"valueName":"search_term_string"}}],"inLanguage":"fr-FR"}]}},"_links":{"self":[{"href":"https:\/\/www.reseau-entreprendre.org\/hainaut\/wp-json\/wp\/v2\/pages\/4404","targetHints":{"allow":["GET"]}}],"collection":[{"href":"https:\/\/www.reseau-entreprendre.org\/hainaut\/wp-json\/wp\/v2\/pages"}],"about":[{"href":"https:\/\/www.reseau-entreprendre.org\/hainaut\/wp-json\/wp\/v2\/types\/page"}],"author":[{"embeddable":true,"href":"https:\/\/www.reseau-entreprendre.org\/hainaut\/wp-json\/wp\/v2\/users\/41"}],"replies":[{"embeddable":true,"href":"https:\/\/www.reseau-entreprendre.org\/hainaut\/wp-json\/wp\/v2\/comments?post=4404"}],"version-history":[{"count":0,"href":"https:\/\/www.reseau-entreprendre.org\/hainaut\/wp-json\/wp\/v2\/pages\/4404\/revisions"}],"wp:attachment":[{"href":"https:\/\/www.reseau-entreprendre.org\/hainaut\/wp-json\/wp\/v2\/media?parent=4404"}],"curies":[{"name":"wp","href":"https:\/\/api.w.org\/{rel}","templated":true}]}}