{"id":15,"date":"2017-04-28T12:33:47","date_gmt":"2017-04-28T10:33:47","guid":{"rendered":"http:\/\/re-preprod-entreprendre.fr\/isere\/?page_id=15"},"modified":"2026-03-04T09:49:25","modified_gmt":"2026-03-04T08:49:25","slug":"accompagner","status":"publish","type":"page","link":"https:\/\/www.reseau-entreprendre.org\/isere\/accompagner\/","title":{"rendered":"Accompagner"},"content":{"rendered":"\n<h2 class=\"wp-block-heading\"><strong><img loading=\"lazy\" decoding=\"async\" class=\"alignright wp-image-2217\" src=\"https:\/\/www.reseau-entreprendre.org\/isere\/wp-content\/uploads\/sites\/29\/2021\/06\/Sans-titre-2-1.png\" alt=\"\" width=\"347\" height=\"347\" srcset=\"https:\/\/www.reseau-entreprendre.org\/isere\/wp-content\/uploads\/sites\/29\/2021\/06\/Sans-titre-2-1.png 500w, https:\/\/www.reseau-entreprendre.org\/isere\/wp-content\/uploads\/sites\/29\/2021\/06\/Sans-titre-2-1-300x300.png 300w, https:\/\/www.reseau-entreprendre.org\/isere\/wp-content\/uploads\/sites\/29\/2021\/06\/Sans-titre-2-1-150x150.png 150w\" sizes=\"auto, (max-width: 347px) 100vw, 347px\" \/><\/strong><\/h2>\n\n\n\n<h2 class=\"wp-block-heading\"><strong>Accompagner<br><\/strong><\/h2>\n\n\n\n<h2 class=\"wp-block-heading\">&nbsp;<\/h2>\n\n\n\n<h2 class=\"wp-block-heading\">Si pour vous, l&#8217;humain est ce qui fait la diff\u00e9rence dans l&#8217;entrepreneuriat, alors rejoignez notre r\u00e9seau d&#8217;entrepreneurs engag\u00e9s en Is\u00e8re !<\/h2>\n\n\n\n<hr class=\"wp-block-separator has-css-opacity\" \/>\n\n\n\n<h2 class=\"wp-block-heading\"><span style=\"font-size: 28px;color: #d70635\">Pourquoi rejoindre R\u00e9seau Entreprendre\u00ae Is\u00e8re ?<\/span><\/h2>\n\n\n\n<div class=\"wp-block-media-text alignwide is-stacked-on-mobile is-image-fill-element\" style=\"grid-template-columns:32% auto\"><figure class=\"wp-block-media-text__media\"><img loading=\"lazy\" decoding=\"async\" width=\"1024\" height=\"683\" src=\"https:\/\/www.reseau-entreprendre.org\/isere\/wp-content\/uploads\/sites\/29\/2024\/08\/A7403778-1024x683.jpg\" alt=\"\" class=\"wp-image-3361 size-full\" style=\"object-position:50% 50%\" srcset=\"https:\/\/www.reseau-entreprendre.org\/isere\/wp-content\/uploads\/sites\/29\/2024\/08\/A7403778-1024x683.jpg 1024w, https:\/\/www.reseau-entreprendre.org\/isere\/wp-content\/uploads\/sites\/29\/2024\/08\/A7403778-300x200.jpg 300w, https:\/\/www.reseau-entreprendre.org\/isere\/wp-content\/uploads\/sites\/29\/2024\/08\/A7403778-768x512.jpg 768w, https:\/\/www.reseau-entreprendre.org\/isere\/wp-content\/uploads\/sites\/29\/2024\/08\/A7403778-391x260.jpg 391w, https:\/\/www.reseau-entreprendre.org\/isere\/wp-content\/uploads\/sites\/29\/2024\/08\/A7403778-1536x1024.jpg 1536w, https:\/\/www.reseau-entreprendre.org\/isere\/wp-content\/uploads\/sites\/29\/2024\/08\/A7403778-2048x1365.jpg 2048w, https:\/\/www.reseau-entreprendre.org\/isere\/wp-content\/uploads\/sites\/29\/2024\/08\/A7403778-195x130.jpg 195w, https:\/\/www.reseau-entreprendre.org\/isere\/wp-content\/uploads\/sites\/29\/2024\/08\/A7403778-100x67.jpg 100w\" sizes=\"auto, (max-width: 1024px) 100vw, 1024px\" \/><\/figure><div class=\"wp-block-media-text__content\">\n<p><span style=\"color: #676767\">Nos chefs d\u2019entreprise partagent nos motivations :<\/span><\/p>\n\n\n\n<ul class=\"wp-block-list\">\n<li><span style=\"color: #676767\">Contribuer au d\u00e9veloppement \u00e9conomique local en favorisant la p\u00e9rennit\u00e9 des entreprises et la cr\u00e9ation d\u2019emplois sur le territoire is\u00e9rois,<\/span><\/li>\n\n\n\n<li><span style=\"color: #676767\">Animer, t\u00e9moigner et transmettre la passion d\u2019entreprendre,<\/span><\/li>\n\n\n\n<li><span style=\"color: #676767\">Grandir au contact de cr\u00e9ateurs, repreneurs et d\u00e9veloppeurs d\u2019entreprise,<\/span><\/li>\n\n\n\n<li><span style=\"color: #676767\">\u00c9changer avec ses pairs et profiter d\u2019un r\u00e9seau de plus de 250 chefs d\u2019entreprise partageant les m\u00eames valeurs.<\/span><\/li>\n<\/ul>\n<\/div><\/div>\n\n\n\n<p class=\"has-small-font-size\">Cr\u00e9dit Robin Sforza<span style=\"color: #000000\"><\/span><\/p>\n\n\n\n<hr class=\"wp-block-separator has-css-opacity\" \/>\n\n\n\n<h2 class=\"wp-block-heading\"><span style=\"font-size: 28px;color: #d70635\">Qui sont nos membres ?<\/span><\/h2>\n\n\n\n<p><span style=\"color: #676767\">L&#8217;engagement de nos membres au sein de R\u00e9seau Entreprendre\u00ae Is\u00e8re est aliment\u00e9 par leur passion de l&#8217;entrepreneuriat et leur envie de la transmettre \u00e0 de nouveaux entrepreneurs dans un esprit de citoyennet\u00e9 \u00e9conomique. Dirigeants d\u2019entreprise exp\u00e9riment\u00e9s ou experts, nos membres sont des <\/span><span style=\"font-size: 21px;color: #ff971d\"><strong>b\u00e9n\u00e9voles<\/strong><\/span> <span style=\"color: #676767\">qui proposent de donner de leur temps pour aider de futurs entrepreneurs \u00e0 grandir dans leur projet.<\/span><\/p>\n\n\n\n<hr class=\"wp-block-separator has-css-opacity\" \/>\n\n\n\n<h2 class=\"wp-block-heading\"><span style=\"font-size: 28px;color: #d70635\">Quel est le r\u00f4le de nos membres ?<\/span><\/h2>\n\n\n\n<p><span style=\"color: #676767\">L&#8217;engagement de nos membres aupr\u00e8s des futurs entrepreneurs est LA valeur ajout\u00e9e de notre association. Selon leur temps, leurs comp\u00e9tences et leurs envies, les chefs d\u2019entreprise vont choisir ce sur quoi ils vont s\u2019impliquer.<\/span><\/p>\n\n\n\n<div class=\"wp-block-media-text alignwide is-stacked-on-mobile is-vertically-aligned-center is-image-fill-element\" style=\"grid-template-columns:18% auto\"><figure class=\"wp-block-media-text__media\"><img loading=\"lazy\" decoding=\"async\" width=\"500\" height=\"500\" src=\"https:\/\/www.reseau-entreprendre.org\/isere\/wp-content\/uploads\/sites\/29\/2021\/06\/6.png\" alt=\"\" class=\"wp-image-2181 size-full\" style=\"object-position:50% 50%\" srcset=\"https:\/\/www.reseau-entreprendre.org\/isere\/wp-content\/uploads\/sites\/29\/2021\/06\/6.png 500w, https:\/\/www.reseau-entreprendre.org\/isere\/wp-content\/uploads\/sites\/29\/2021\/06\/6-300x300.png 300w, https:\/\/www.reseau-entreprendre.org\/isere\/wp-content\/uploads\/sites\/29\/2021\/06\/6-150x150.png 150w\" sizes=\"auto, (max-width: 500px) 100vw, 500px\" \/><\/figure><div class=\"wp-block-media-text__content\">\n<p><span style=\"color: #ff971d;font-size: 18px\"><strong>M\u00fbrir<\/strong><\/span><\/p>\n\n\n\n<p><span style=\"color: #676767\">Rencontres individuelles avec les porteurs de projet, cr\u00e9ateurs, repreneurs ou d\u00e9veloppeurs lors du parcours de maturation afin de donner leur avis sur le projet et lui apporter des conseils.<\/span><\/p>\n<\/div><\/div>\n\n\n\n<div class=\"wp-block-media-text alignwide is-stacked-on-mobile is-vertically-aligned-center is-image-fill-element\" style=\"grid-template-columns:18% auto\"><figure class=\"wp-block-media-text__media\"><img loading=\"lazy\" decoding=\"async\" width=\"500\" height=\"500\" src=\"https:\/\/www.reseau-entreprendre.org\/isere\/wp-content\/uploads\/sites\/29\/2021\/06\/7.png\" alt=\"\" class=\"wp-image-2182 size-full\" style=\"object-position:50% 50%\" srcset=\"https:\/\/www.reseau-entreprendre.org\/isere\/wp-content\/uploads\/sites\/29\/2021\/06\/7.png 500w, https:\/\/www.reseau-entreprendre.org\/isere\/wp-content\/uploads\/sites\/29\/2021\/06\/7-300x300.png 300w, https:\/\/www.reseau-entreprendre.org\/isere\/wp-content\/uploads\/sites\/29\/2021\/06\/7-150x150.png 150w\" sizes=\"auto, (max-width: 500px) 100vw, 500px\" \/><\/figure><div class=\"wp-block-media-text__content\">\n<p><span style=\"color: #ff971d;font-size: 18px\"><strong>D\u00e9cider<\/strong><\/span><\/p>\n\n\n\n<p><span style=\"color: #676767\">Participer au Comit\u00e9 d\u2019Engagement et d\u00e9cider de l\u2019octroi du pr\u00eat d\u2019honneur aux porteurs de projet.<\/span><\/p>\n<\/div><\/div>\n\n\n\n<div class=\"wp-block-media-text alignwide is-stacked-on-mobile is-vertically-aligned-center is-image-fill-element\" style=\"grid-template-columns:18% auto\"><figure class=\"wp-block-media-text__media\"><img loading=\"lazy\" decoding=\"async\" width=\"500\" height=\"500\" src=\"https:\/\/www.reseau-entreprendre.org\/isere\/wp-content\/uploads\/sites\/29\/2021\/06\/7.png\" alt=\"\" class=\"wp-image-2182 size-full\" style=\"object-position:50% 50%\" srcset=\"https:\/\/www.reseau-entreprendre.org\/isere\/wp-content\/uploads\/sites\/29\/2021\/06\/7.png 500w, https:\/\/www.reseau-entreprendre.org\/isere\/wp-content\/uploads\/sites\/29\/2021\/06\/7-300x300.png 300w, https:\/\/www.reseau-entreprendre.org\/isere\/wp-content\/uploads\/sites\/29\/2021\/06\/7-150x150.png 150w\" sizes=\"auto, (max-width: 500px) 100vw, 500px\" \/><\/figure><div class=\"wp-block-media-text__content\">\n<p><span style=\"color: #000000\"><strong><span style=\"color: #ff971d;font-size: 18px\">Accompagner<\/span><\/strong><\/span><\/p>\n\n\n\n<ul class=\"wp-block-list\">\n<li><span style=\"color: #676767\">Devenir accompagnateur d\u2019un laur\u00e9at pendant 3 ans pour lui apporter son exp\u00e9rience de chef d\u2019entreprise,<\/span><\/li>\n\n\n\n<li><span style=\"color: #676767\">T\u00e9moigner en Club de laur\u00e9ats pour transmettre ses comp\u00e9tences,<\/span><\/li>\n\n\n\n<li><span style=\"color: #676767\">Participer \u00e0 une commission exceptionnelle pour orienter une jeune entreprise qui se retrouve face \u00e0 des probl\u00e9matiques ou challenger une entreprise en situation de croissance.<\/span><\/li>\n<\/ul>\n<\/div><\/div>\n\n\n\n<p><span style=\"color: #000000\"><strong><\/strong><\/span><\/p>\n\n\n\n<p><span style=\"color: #000000\"><strong>&nbsp;&nbsp;<\/strong><\/span><\/p>\n\n\n\n<p><span style=\"color: #676767\"><strong><br>Et plus encore :<br><\/strong><\/span><\/p>\n\n\n\n<ul class=\"wp-block-list\">\n<li><span style=\"color: #676767\">S\u2019impliquer dans le fonctionnement de l\u2019association : devenir administrateurs, ambassadeurs sur votre territoire, participer \u00e0 des groupes de travail,<\/span><\/li>\n\n\n\n<li><span style=\"color: #676767\">Participer aux \u00e9v\u00e8nements : rencontrer les membres, laur\u00e9ats et partenaires de l\u2019association sur nos \u00e9v\u00e8nements majeurs ou r\u00e9seautage.<\/span><\/li>\n<\/ul>\n\n\n\n<hr class=\"wp-block-separator has-css-opacity\" \/>\n\n\n\n<h2 class=\"wp-block-heading\"><span style=\"font-size: 28px;color: #d70635\">Une \u00e9quipe \u00e0 votre disposition<\/span><strong><br><\/strong><\/h2>\n\n\n\n<p><span style=\"color: #676767\">Nos nouveaux membres vont suivre un parcours d\u2019int\u00e9gration, afin que chacun trouve sa place dans l\u2019association.<\/span><\/p>\n\n\n\n<p class=\"has-text-align-center\"><span style=\"color: #ff971d\">Vous \u00eates chef d\u2019entreprise et souhaitez accompagner de futurs entrepreneurs ?<\/span><br><span style=\"color: #ff971d\">Rejoignez un r\u00e9seau unique d\u2019entraide entrepreneuriale !<\/span><\/p>\n\n\n\n<div class=\"wp-block-buttons is-horizontal is-content-justification-center is-layout-flex wp-container-core-buttons-is-layout-499968f5 wp-block-buttons-is-layout-flex\">\n<div class=\"wp-block-button is-style-fill\"><a class=\"wp-block-button__link has-re-yellow-background-color has-background wp-element-button\" href=\"https:\/\/www.reseau-entreprendre.org\/isere\/formulaire-benevole\/\">VOUS SOUHAITEZ DEVENIR MEMBRE ?<\/a><\/div>\n<\/div>\n\n\n\n<p class=\"has-text-align-center\"><\/p>\n\n\n\n<h2 class=\"wp-block-heading\"><strong>&nbsp;<\/strong><\/h2>\n","protected":false},"excerpt":{"rendered":"<p>Accompagner &nbsp; Si pour vous, l&#8217;humain est ce qui fait<\/p>\n","protected":false},"author":30,"featured_media":0,"parent":0,"menu_order":0,"comment_status":"closed","ping_status":"closed","template":"","meta":{"_acf_changed":false,"_monsterinsights_skip_tracking":false,"_monsterinsights_sitenote_active":false,"_monsterinsights_sitenote_note":"","_monsterinsights_sitenote_category":0,"footnotes":""},"class_list":["post-15","page","type-page","status-publish","hentry"],"acf":[],"yoast_head":"<!-- This site is optimized with the Yoast SEO plugin v27.4 - https:\/\/yoast.com\/product\/yoast-seo-wordpress\/ -->\n<title>Accompagner| Reseau Entreprendre Is\u00e8re<\/title>\n<meta name=\"description\" content=\"Vous \u00eates chef d&#039;entreprise et souhaitez accompagner de nouveaux entrepreneurs ? Devenez membre b\u00e9n\u00e9vole de R\u00e9seau Entreprendre Is\u00e8re !\" \/>\n<meta name=\"robots\" content=\"index, follow, max-snippet:-1, max-image-preview:large, max-video-preview:-1\" \/>\n<link rel=\"canonical\" href=\"https:\/\/www.reseau-entreprendre.org\/isere\/accompagner\/\" \/>\n<meta property=\"og:locale\" content=\"fr_FR\" \/>\n<meta property=\"og:type\" content=\"article\" \/>\n<meta property=\"og:title\" content=\"Accompagner| Reseau Entreprendre Is\u00e8re\" \/>\n<meta property=\"og:description\" content=\"Vous \u00eates chef d&#039;entreprise et souhaitez accompagner de nouveaux entrepreneurs ? Devenez membre b\u00e9n\u00e9vole de R\u00e9seau Entreprendre Is\u00e8re !\" \/>\n<meta property=\"og:url\" content=\"https:\/\/www.reseau-entreprendre.org\/isere\/accompagner\/\" \/>\n<meta property=\"og:site_name\" content=\"R\u00e9seau Entreprendre Is\u00e8re\" \/>\n<meta property=\"article:modified_time\" content=\"2026-03-04T08:49:25+00:00\" \/>\n<meta property=\"og:image\" content=\"https:\/\/www.reseau-entreprendre.org\/isere\/wp-content\/uploads\/sites\/29\/2021\/06\/Sans-titre-2-1.png\" \/>\n\t<meta property=\"og:image:width\" content=\"500\" \/>\n\t<meta property=\"og:image:height\" content=\"500\" \/>\n\t<meta property=\"og:image:type\" content=\"image\/png\" \/>\n<meta name=\"twitter:card\" content=\"summary_large_image\" \/>\n<meta name=\"twitter:label1\" content=\"Dur\u00e9e de lecture estim\u00e9e\" \/>\n\t<meta name=\"twitter:data1\" content=\"3 minutes\" \/>\n<script type=\"application\/ld+json\" class=\"yoast-schema-graph\">{\"@context\":\"https:\\\/\\\/schema.org\",\"@graph\":[{\"@type\":\"WebPage\",\"@id\":\"https:\\\/\\\/www.reseau-entreprendre.org\\\/isere\\\/accompagner\\\/\",\"url\":\"https:\\\/\\\/www.reseau-entreprendre.org\\\/isere\\\/accompagner\\\/\",\"name\":\"Accompagner| Reseau Entreprendre Is\u00e8re\",\"isPartOf\":{\"@id\":\"https:\\\/\\\/www.reseau-entreprendre.org\\\/isere\\\/#website\"},\"primaryImageOfPage\":{\"@id\":\"https:\\\/\\\/www.reseau-entreprendre.org\\\/isere\\\/accompagner\\\/#primaryimage\"},\"image\":{\"@id\":\"https:\\\/\\\/www.reseau-entreprendre.org\\\/isere\\\/accompagner\\\/#primaryimage\"},\"thumbnailUrl\":\"https:\\\/\\\/www.reseau-entreprendre.org\\\/isere\\\/wp-content\\\/uploads\\\/sites\\\/29\\\/2021\\\/06\\\/Sans-titre-2-1.png\",\"datePublished\":\"2017-04-28T10:33:47+00:00\",\"dateModified\":\"2026-03-04T08:49:25+00:00\",\"description\":\"Vous \u00eates chef d'entreprise et souhaitez accompagner de nouveaux entrepreneurs ? Devenez membre b\u00e9n\u00e9vole de R\u00e9seau Entreprendre Is\u00e8re !\",\"breadcrumb\":{\"@id\":\"https:\\\/\\\/www.reseau-entreprendre.org\\\/isere\\\/accompagner\\\/#breadcrumb\"},\"inLanguage\":\"fr-FR\",\"potentialAction\":[{\"@type\":\"ReadAction\",\"target\":[\"https:\\\/\\\/www.reseau-entreprendre.org\\\/isere\\\/accompagner\\\/\"]}]},{\"@type\":\"ImageObject\",\"inLanguage\":\"fr-FR\",\"@id\":\"https:\\\/\\\/www.reseau-entreprendre.org\\\/isere\\\/accompagner\\\/#primaryimage\",\"url\":\"https:\\\/\\\/www.reseau-entreprendre.org\\\/isere\\\/wp-content\\\/uploads\\\/sites\\\/29\\\/2021\\\/06\\\/Sans-titre-2-1.png\",\"contentUrl\":\"https:\\\/\\\/www.reseau-entreprendre.org\\\/isere\\\/wp-content\\\/uploads\\\/sites\\\/29\\\/2021\\\/06\\\/Sans-titre-2-1.png\",\"width\":500,\"height\":500},{\"@type\":\"BreadcrumbList\",\"@id\":\"https:\\\/\\\/www.reseau-entreprendre.org\\\/isere\\\/accompagner\\\/#breadcrumb\",\"itemListElement\":[{\"@type\":\"ListItem\",\"position\":1,\"name\":\"Accueil\",\"item\":\"https:\\\/\\\/www.reseau-entreprendre.org\\\/isere\\\/\"},{\"@type\":\"ListItem\",\"position\":2,\"name\":\"Accompagner\"}]},{\"@type\":\"WebSite\",\"@id\":\"https:\\\/\\\/www.reseau-entreprendre.org\\\/isere\\\/#website\",\"url\":\"https:\\\/\\\/www.reseau-entreprendre.org\\\/isere\\\/\",\"name\":\"R\u00e9seau Entreprendre Is\u00e8re\",\"description\":\"Un site utilisant Les sites de R\u00e9seau Entreprendre\",\"potentialAction\":[{\"@type\":\"SearchAction\",\"target\":{\"@type\":\"EntryPoint\",\"urlTemplate\":\"https:\\\/\\\/www.reseau-entreprendre.org\\\/isere\\\/?s={search_term_string}\"},\"query-input\":{\"@type\":\"PropertyValueSpecification\",\"valueRequired\":true,\"valueName\":\"search_term_string\"}}],\"inLanguage\":\"fr-FR\"}]}<\/script>\n<!-- \/ Yoast SEO plugin. -->","yoast_head_json":{"title":"Accompagner| Reseau Entreprendre Is\u00e8re","description":"Vous \u00eates chef d'entreprise et souhaitez accompagner de nouveaux entrepreneurs ? Devenez membre b\u00e9n\u00e9vole de R\u00e9seau Entreprendre Is\u00e8re !","robots":{"index":"index","follow":"follow","max-snippet":"max-snippet:-1","max-image-preview":"max-image-preview:large","max-video-preview":"max-video-preview:-1"},"canonical":"https:\/\/www.reseau-entreprendre.org\/isere\/accompagner\/","og_locale":"fr_FR","og_type":"article","og_title":"Accompagner| Reseau Entreprendre Is\u00e8re","og_description":"Vous \u00eates chef d'entreprise et souhaitez accompagner de nouveaux entrepreneurs ? Devenez membre b\u00e9n\u00e9vole de R\u00e9seau Entreprendre Is\u00e8re !","og_url":"https:\/\/www.reseau-entreprendre.org\/isere\/accompagner\/","og_site_name":"R\u00e9seau Entreprendre Is\u00e8re","article_modified_time":"2026-03-04T08:49:25+00:00","og_image":[{"width":500,"height":500,"url":"https:\/\/www.reseau-entreprendre.org\/isere\/wp-content\/uploads\/sites\/29\/2021\/06\/Sans-titre-2-1.png","type":"image\/png"}],"twitter_card":"summary_large_image","twitter_misc":{"Dur\u00e9e de lecture estim\u00e9e":"3 minutes"},"schema":{"@context":"https:\/\/schema.org","@graph":[{"@type":"WebPage","@id":"https:\/\/www.reseau-entreprendre.org\/isere\/accompagner\/","url":"https:\/\/www.reseau-entreprendre.org\/isere\/accompagner\/","name":"Accompagner| Reseau Entreprendre Is\u00e8re","isPartOf":{"@id":"https:\/\/www.reseau-entreprendre.org\/isere\/#website"},"primaryImageOfPage":{"@id":"https:\/\/www.reseau-entreprendre.org\/isere\/accompagner\/#primaryimage"},"image":{"@id":"https:\/\/www.reseau-entreprendre.org\/isere\/accompagner\/#primaryimage"},"thumbnailUrl":"https:\/\/www.reseau-entreprendre.org\/isere\/wp-content\/uploads\/sites\/29\/2021\/06\/Sans-titre-2-1.png","datePublished":"2017-04-28T10:33:47+00:00","dateModified":"2026-03-04T08:49:25+00:00","description":"Vous \u00eates chef d'entreprise et souhaitez accompagner de nouveaux entrepreneurs ? Devenez membre b\u00e9n\u00e9vole de R\u00e9seau Entreprendre Is\u00e8re !","breadcrumb":{"@id":"https:\/\/www.reseau-entreprendre.org\/isere\/accompagner\/#breadcrumb"},"inLanguage":"fr-FR","potentialAction":[{"@type":"ReadAction","target":["https:\/\/www.reseau-entreprendre.org\/isere\/accompagner\/"]}]},{"@type":"ImageObject","inLanguage":"fr-FR","@id":"https:\/\/www.reseau-entreprendre.org\/isere\/accompagner\/#primaryimage","url":"https:\/\/www.reseau-entreprendre.org\/isere\/wp-content\/uploads\/sites\/29\/2021\/06\/Sans-titre-2-1.png","contentUrl":"https:\/\/www.reseau-entreprendre.org\/isere\/wp-content\/uploads\/sites\/29\/2021\/06\/Sans-titre-2-1.png","width":500,"height":500},{"@type":"BreadcrumbList","@id":"https:\/\/www.reseau-entreprendre.org\/isere\/accompagner\/#breadcrumb","itemListElement":[{"@type":"ListItem","position":1,"name":"Accueil","item":"https:\/\/www.reseau-entreprendre.org\/isere\/"},{"@type":"ListItem","position":2,"name":"Accompagner"}]},{"@type":"WebSite","@id":"https:\/\/www.reseau-entreprendre.org\/isere\/#website","url":"https:\/\/www.reseau-entreprendre.org\/isere\/","name":"R\u00e9seau Entreprendre Is\u00e8re","description":"Un site utilisant Les sites de R\u00e9seau Entreprendre","potentialAction":[{"@type":"SearchAction","target":{"@type":"EntryPoint","urlTemplate":"https:\/\/www.reseau-entreprendre.org\/isere\/?s={search_term_string}"},"query-input":{"@type":"PropertyValueSpecification","valueRequired":true,"valueName":"search_term_string"}}],"inLanguage":"fr-FR"}]}},"_links":{"self":[{"href":"https:\/\/www.reseau-entreprendre.org\/isere\/wp-json\/wp\/v2\/pages\/15","targetHints":{"allow":["GET"]}}],"collection":[{"href":"https:\/\/www.reseau-entreprendre.org\/isere\/wp-json\/wp\/v2\/pages"}],"about":[{"href":"https:\/\/www.reseau-entreprendre.org\/isere\/wp-json\/wp\/v2\/types\/page"}],"author":[{"embeddable":true,"href":"https:\/\/www.reseau-entreprendre.org\/isere\/wp-json\/wp\/v2\/users\/30"}],"replies":[{"embeddable":true,"href":"https:\/\/www.reseau-entreprendre.org\/isere\/wp-json\/wp\/v2\/comments?post=15"}],"version-history":[{"count":0,"href":"https:\/\/www.reseau-entreprendre.org\/isere\/wp-json\/wp\/v2\/pages\/15\/revisions"}],"wp:attachment":[{"href":"https:\/\/www.reseau-entreprendre.org\/isere\/wp-json\/wp\/v2\/media?parent=15"}],"curies":[{"name":"wp","href":"https:\/\/api.w.org\/{rel}","templated":true}]}}