{"id":1975,"date":"2020-10-13T11:34:59","date_gmt":"2020-10-13T09:34:59","guid":{"rendered":"https:\/\/re-preprod-entreprendre.fr\/isere\/?page_id=1975"},"modified":"2024-09-10T14:35:21","modified_gmt":"2024-09-10T12:35:21","slug":"new-le-suivi-experts","status":"publish","type":"page","link":"https:\/\/www.reseau-entreprendre.org\/isere\/new-le-suivi-experts\/","title":{"rendered":"Le dispositif Experts !"},"content":{"rendered":"\n<h3 class=\"wp-block-heading\"><span style=\"color: #d70635\"><strong>Profitez de l&#8217;expertise d&#8217;un grand groupe !<\/strong><\/span><\/h3>\n\n\n\n<div class=\"wp-block-media-text alignwide has-media-on-the-right is-stacked-on-mobile is-image-fill\"><div class=\"wp-block-media-text__content\">\n<p><span style=\"font-size: 16px\"><strong>Forte de ses valeurs d\u2019entrepreneuriat et d\u2019innovation, et dans le cadre de sa participation active en faveur du d\u00e9veloppement \u00e9conomique local, R\u00e9seau Entreprendre\u00ae Is\u00e8re a sign\u00e9 plusieurs conventions de partenariat avec de grands groupes : HP, Schneider Electric&#8230; <\/strong><\/span><\/p>\n\n\n\n<p><span style=\"font-size: 16px\">Ensemble, ils ont imagin\u00e9 des formes d\u2019accompagnement in\u00e9dites \u00e0 l\u2019intention des candidats et laur\u00e9ats de R\u00e9seau : un apport de m\u00e9thodes et outils Grand Groupe adapt\u00e9s aux PME.<\/span><\/p>\n\n\n\n<p>Comme toujours chez R\u00e9seau Entreprendre, ces accompagnements sont gratuits, les experts \u00e9tant volontaires b\u00e9n\u00e9voles !<strong><br><\/strong><\/p>\n<\/div><figure class=\"wp-block-media-text__media\" style=\"background-image:url(https:\/\/www.reseau-entreprendre.org\/isere\/wp-content\/uploads\/sites\/29\/2020\/10\/AdobeStock_197144753_bdef.jpg);background-position:50% 50%\"><img loading=\"lazy\" decoding=\"async\" width=\"1000\" height=\"667\" src=\"https:\/\/www.reseau-entreprendre.org\/isere\/wp-content\/uploads\/sites\/29\/2020\/10\/AdobeStock_197144753_bdef.jpg\" alt=\"Suivi Experts\" class=\"wp-image-2012 size-full\" srcset=\"https:\/\/www.reseau-entreprendre.org\/isere\/wp-content\/uploads\/sites\/29\/2020\/10\/AdobeStock_197144753_bdef.jpg 1000w, https:\/\/www.reseau-entreprendre.org\/isere\/wp-content\/uploads\/sites\/29\/2020\/10\/AdobeStock_197144753_bdef-300x200.jpg 300w, https:\/\/www.reseau-entreprendre.org\/isere\/wp-content\/uploads\/sites\/29\/2020\/10\/AdobeStock_197144753_bdef-768x512.jpg 768w\" sizes=\"auto, (max-width: 1000px) 100vw, 1000px\" \/><\/figure><\/div>\n\n\n\n<div style=\"height:30px\" aria-hidden=\"true\" class=\"wp-block-spacer\"><\/div>\n\n\n\n<p><\/p>\n\n\n\n<p><span style=\"font-size: 16px\"><strong><\/strong><\/span><\/p>\n\n\n\n<h5 class=\"wp-block-heading\"><span style=\"color: #d70635\">Dispositif experts : deux formules<\/span><\/h5>\n\n\n\n<div style=\"height:30px\" aria-hidden=\"true\" class=\"wp-block-spacer\"><\/div>\n\n\n\n<div class=\"wp-block-columns is-layout-flex wp-container-core-columns-is-layout-9d6595d7 wp-block-columns-is-layout-flex\">\n<div class=\"wp-block-column is-layout-flow wp-block-column-is-layout-flow\">\n<p><strong>Point EXPERT<\/strong><br><strong>Cible<\/strong>\u00a0: Candidat en phase d\u2019\u00e9tude de projet<br><strong>Objectif<\/strong>\u00a0: Confronter des aspects techniques du projet du candidat avec le point de vue de l\u2019expert Grand Groupe pour challenger et professionnaliser son projet.<br><strong>Qui<\/strong>\u00a0: Un expert Grand Groupe<br><strong>Dur\u00e9e<\/strong>\u00a0: 2 heures environ<\/p>\n<\/div>\n\n\n\n<div class=\"wp-block-column is-layout-flow wp-block-column-is-layout-flow\">\n<p><strong>Mission EXPERT<\/strong><br><strong>Cible<\/strong>\u00a0: Laur\u00e9at R\u00e9seau Entreprendre Is\u00e8re<br><strong>Objectif<\/strong>\u00a0: R\u00e9aliser une mission d\u2019expertise pour accompagner le laur\u00e9at dans son d\u00e9veloppement : aide au suivi des co\u00fbts, pilotage d\u2019une analyse concurrentielle, conseils sur une orientation technologique, coaching d\u2019un plan commercial, etc.<br><strong>Qui <\/strong>:\u00a0Deux experts Grand Groupe<br><strong>Dur\u00e9e<\/strong>\u00a0: \u00bd journ\u00e9e par mois pendant 6 mois<\/p>\n<\/div>\n<\/div>\n\n\n\n<div style=\"height:30px\" aria-hidden=\"true\" class=\"wp-block-spacer\"><\/div>\n\n\n\n<h5 class=\"wp-block-heading\"><span style=\"color: #d70635\">Ce qu&#8217;ils en pensent<\/span><\/h5>\n\n\n\n<p><strong>C\u00f4t\u00e9 laur\u00e9ats<\/strong><\/p>\n\n\n\n<p class=\"has-text-align-center\"><em>Le principal b\u00e9n\u00e9fice que nous en avons tir\u00e9 est la combinaison d\u2019une expertise et d\u2019un regard ext\u00e9rieur. L\u2019expertise est clairement un plus dans la mesure o\u00f9 nous ne l\u2019avons pas. Quant au regard ext\u00e9rieur, il est particuli\u00e8rement pr\u00e9cieux dans la mesure o\u00f9 Odit-e est dans une phase de transformation permanente<\/em>.&nbsp; Philippe DESCHAMPS, ODIT-e<\/p>\n\n\n\n<div style=\"height:30px\" aria-hidden=\"true\" class=\"wp-block-spacer\"><\/div>\n\n\n\n<p><\/p>\n\n\n\n<p class=\"has-text-align-center\"><em>En quelques semaines, j\u2019ai accompli ces nouvelles actions qui m\u2019ont beaucoup appris, fait grandir et \u00e9vit\u00e9 de faire appel \u00e0 un entrepreneur ext\u00e9rieur. A ce jour, je suis devenu autonome sur ces nouvelles t\u00e2ches, et suis tr\u00e8s contente !<\/em>&nbsp;Emilie PERRET, Cuisine PERRET et Convivialit\u00e9<\/p>\n\n\n\n<p><strong><strong>C\u00f4t\u00e9 experts<\/strong><\/strong><\/p>\n\n\n\n<p class=\"has-text-align-center\"><em><em>J\u2019ai \u00e9t\u00e9 surprise de voir que les outils utilis\u00e9s dans une grande structure comme HP (fiche de poste, plan de d\u00e9veloppement, m\u00e9thode de conduite d\u2019entretiens individuels, d\u00e9finition des objectifs \u2026) peuvent facilement s\u2019adapter \u00e0 une petite entreprise locale. On peut aider rapidement et tr\u00e8s facilement avec un investissement en temps raisonnable<\/em>. Dominique LANGE, HP<\/em><\/p>\n\n\n\n<div style=\"height:30px\" aria-hidden=\"true\" class=\"wp-block-spacer\"><\/div>\n\n\n\n<p><\/p>\n\n\n\n<p class=\"has-text-align-center\"><em><em>Le partenariat avec R\u00e9seau Entreprendre Is\u00e8re m\u2019apporte de magnifiques opportunit\u00e9s de d\u00e9veloppement personnel gr\u00e2ce \u00e0 la richesse des partages d\u2019exp\u00e9riences et de comp\u00e9tences lors des rencontres des dirigeants de Start up &amp; PME. La valorisation des m\u00e9thodes et des outils utilis\u00e9s par les Multinationales comme HP au profit des Laur\u00e9ats de R\u00e9seau Entreprendre Is\u00e8re est vraiment vertueuse !\u00a0<\/em>\u00a0Fr\u00e9d\u00e9ric SURMELY, HP<\/em><\/p>\n\n\n\n<div style=\"height:30px\" aria-hidden=\"true\" class=\"wp-block-spacer\"><\/div>\n\n\n\n<p><span style=\"font-size: 14px\"><strong>Merci \u00e0 nos partenaires :<\/strong><\/span><\/p>\n\n\n\n<div class=\"wp-block-columns is-layout-flex wp-container-core-columns-is-layout-9d6595d7 wp-block-columns-is-layout-flex\">\n<div class=\"wp-block-column is-layout-flow wp-block-column-is-layout-flow\"><div class=\"wp-block-image\">\n<figure class=\"aligncenter size-full is-resized\"><img loading=\"lazy\" decoding=\"async\" width=\"256\" height=\"255\" src=\"https:\/\/www.reseau-entreprendre.org\/isere\/wp-content\/uploads\/sites\/29\/2022\/04\/HP.png\" alt=\"\" class=\"wp-image-3086\" style=\"width:141px;height:140px\" srcset=\"https:\/\/www.reseau-entreprendre.org\/isere\/wp-content\/uploads\/sites\/29\/2022\/04\/HP.png 256w, https:\/\/www.reseau-entreprendre.org\/isere\/wp-content\/uploads\/sites\/29\/2022\/04\/HP-150x150.png 150w, https:\/\/www.reseau-entreprendre.org\/isere\/wp-content\/uploads\/sites\/29\/2022\/04\/HP-131x130.png 131w\" sizes=\"auto, (max-width: 256px) 100vw, 256px\" \/><\/figure>\n<\/div>\n\n<div class=\"wp-block-image\">\n<figure class=\"aligncenter size-full is-resized\"><img loading=\"lazy\" decoding=\"async\" width=\"385\" height=\"115\" src=\"https:\/\/www.reseau-entreprendre.org\/isere\/wp-content\/uploads\/sites\/29\/2022\/04\/Schneider.png\" alt=\"\" class=\"wp-image-3088\" style=\"width:282px;height:84px\" srcset=\"https:\/\/www.reseau-entreprendre.org\/isere\/wp-content\/uploads\/sites\/29\/2022\/04\/Schneider.png 385w, https:\/\/www.reseau-entreprendre.org\/isere\/wp-content\/uploads\/sites\/29\/2022\/04\/Schneider-300x90.png 300w, https:\/\/www.reseau-entreprendre.org\/isere\/wp-content\/uploads\/sites\/29\/2022\/04\/Schneider-210x63.png 210w\" sizes=\"auto, (max-width: 385px) 100vw, 385px\" \/><\/figure>\n<\/div><\/div>\n<\/div>\n","protected":false},"excerpt":{"rendered":"<p>Profitez de l&#8217;expertise d&#8217;un grand groupe ! Forte de ses<\/p>\n","protected":false},"author":30,"featured_media":0,"parent":0,"menu_order":0,"comment_status":"closed","ping_status":"closed","template":"","meta":{"_acf_changed":false,"_monsterinsights_skip_tracking":false,"_monsterinsights_sitenote_active":false,"_monsterinsights_sitenote_note":"","_monsterinsights_sitenote_category":0,"footnotes":""},"class_list":["post-1975","page","type-page","status-publish","hentry"],"acf":[],"yoast_head":"<!-- This site is optimized with the Yoast SEO plugin v27.4 - https:\/\/yoast.com\/product\/yoast-seo-wordpress\/ -->\n<title>Le dispositif Experts ! - R\u00e9seau Entreprendre Is\u00e8re<\/title>\n<meta name=\"robots\" content=\"index, follow, max-snippet:-1, max-image-preview:large, max-video-preview:-1\" \/>\n<link rel=\"canonical\" href=\"https:\/\/www.reseau-entreprendre.org\/isere\/new-le-suivi-experts\/\" \/>\n<meta property=\"og:locale\" content=\"fr_FR\" \/>\n<meta property=\"og:type\" content=\"article\" \/>\n<meta property=\"og:title\" content=\"Le dispositif Experts ! - R\u00e9seau Entreprendre Is\u00e8re\" \/>\n<meta property=\"og:description\" content=\"Profitez de l&#8217;expertise d&#8217;un grand groupe ! Forte de ses\" \/>\n<meta property=\"og:url\" content=\"https:\/\/www.reseau-entreprendre.org\/isere\/new-le-suivi-experts\/\" \/>\n<meta property=\"og:site_name\" content=\"R\u00e9seau Entreprendre Is\u00e8re\" \/>\n<meta property=\"article:modified_time\" content=\"2024-09-10T12:35:21+00:00\" \/>\n<meta property=\"og:image\" content=\"https:\/\/www.reseau-entreprendre.org\/isere\/wp-content\/uploads\/sites\/29\/2020\/10\/AdobeStock_197144753_bdef.jpg\" \/>\n<meta name=\"twitter:card\" content=\"summary_large_image\" \/>\n<meta name=\"twitter:label1\" content=\"Dur\u00e9e de lecture estim\u00e9e\" \/>\n\t<meta name=\"twitter:data1\" content=\"3 minutes\" \/>\n<script type=\"application\/ld+json\" class=\"yoast-schema-graph\">{\"@context\":\"https:\\\/\\\/schema.org\",\"@graph\":[{\"@type\":\"WebPage\",\"@id\":\"https:\\\/\\\/www.reseau-entreprendre.org\\\/isere\\\/new-le-suivi-experts\\\/\",\"url\":\"https:\\\/\\\/www.reseau-entreprendre.org\\\/isere\\\/new-le-suivi-experts\\\/\",\"name\":\"Le dispositif Experts ! - R\u00e9seau Entreprendre Is\u00e8re\",\"isPartOf\":{\"@id\":\"https:\\\/\\\/www.reseau-entreprendre.org\\\/isere\\\/#website\"},\"primaryImageOfPage\":{\"@id\":\"https:\\\/\\\/www.reseau-entreprendre.org\\\/isere\\\/new-le-suivi-experts\\\/#primaryimage\"},\"image\":{\"@id\":\"https:\\\/\\\/www.reseau-entreprendre.org\\\/isere\\\/new-le-suivi-experts\\\/#primaryimage\"},\"thumbnailUrl\":\"https:\\\/\\\/www.reseau-entreprendre.org\\\/isere\\\/wp-content\\\/uploads\\\/sites\\\/29\\\/2020\\\/10\\\/AdobeStock_197144753_bdef.jpg\",\"datePublished\":\"2020-10-13T09:34:59+00:00\",\"dateModified\":\"2024-09-10T12:35:21+00:00\",\"breadcrumb\":{\"@id\":\"https:\\\/\\\/www.reseau-entreprendre.org\\\/isere\\\/new-le-suivi-experts\\\/#breadcrumb\"},\"inLanguage\":\"fr-FR\",\"potentialAction\":[{\"@type\":\"ReadAction\",\"target\":[\"https:\\\/\\\/www.reseau-entreprendre.org\\\/isere\\\/new-le-suivi-experts\\\/\"]}]},{\"@type\":\"ImageObject\",\"inLanguage\":\"fr-FR\",\"@id\":\"https:\\\/\\\/www.reseau-entreprendre.org\\\/isere\\\/new-le-suivi-experts\\\/#primaryimage\",\"url\":\"https:\\\/\\\/www.reseau-entreprendre.org\\\/isere\\\/wp-content\\\/uploads\\\/sites\\\/29\\\/2020\\\/10\\\/AdobeStock_197144753_bdef.jpg\",\"contentUrl\":\"https:\\\/\\\/www.reseau-entreprendre.org\\\/isere\\\/wp-content\\\/uploads\\\/sites\\\/29\\\/2020\\\/10\\\/AdobeStock_197144753_bdef.jpg\",\"width\":1000,\"height\":667,\"caption\":\"Suivi Experts\"},{\"@type\":\"BreadcrumbList\",\"@id\":\"https:\\\/\\\/www.reseau-entreprendre.org\\\/isere\\\/new-le-suivi-experts\\\/#breadcrumb\",\"itemListElement\":[{\"@type\":\"ListItem\",\"position\":1,\"name\":\"Accueil\",\"item\":\"https:\\\/\\\/www.reseau-entreprendre.org\\\/isere\\\/\"},{\"@type\":\"ListItem\",\"position\":2,\"name\":\"Le dispositif Experts !\"}]},{\"@type\":\"WebSite\",\"@id\":\"https:\\\/\\\/www.reseau-entreprendre.org\\\/isere\\\/#website\",\"url\":\"https:\\\/\\\/www.reseau-entreprendre.org\\\/isere\\\/\",\"name\":\"R\u00e9seau Entreprendre Is\u00e8re\",\"description\":\"Un site utilisant Les sites de R\u00e9seau Entreprendre\",\"potentialAction\":[{\"@type\":\"SearchAction\",\"target\":{\"@type\":\"EntryPoint\",\"urlTemplate\":\"https:\\\/\\\/www.reseau-entreprendre.org\\\/isere\\\/?s={search_term_string}\"},\"query-input\":{\"@type\":\"PropertyValueSpecification\",\"valueRequired\":true,\"valueName\":\"search_term_string\"}}],\"inLanguage\":\"fr-FR\"}]}<\/script>\n<!-- \/ Yoast SEO plugin. -->","yoast_head_json":{"title":"Le dispositif Experts ! - R\u00e9seau Entreprendre Is\u00e8re","robots":{"index":"index","follow":"follow","max-snippet":"max-snippet:-1","max-image-preview":"max-image-preview:large","max-video-preview":"max-video-preview:-1"},"canonical":"https:\/\/www.reseau-entreprendre.org\/isere\/new-le-suivi-experts\/","og_locale":"fr_FR","og_type":"article","og_title":"Le dispositif Experts ! - R\u00e9seau Entreprendre Is\u00e8re","og_description":"Profitez de l&#8217;expertise d&#8217;un grand groupe ! Forte de ses","og_url":"https:\/\/www.reseau-entreprendre.org\/isere\/new-le-suivi-experts\/","og_site_name":"R\u00e9seau Entreprendre Is\u00e8re","article_modified_time":"2024-09-10T12:35:21+00:00","og_image":[{"url":"https:\/\/www.reseau-entreprendre.org\/isere\/wp-content\/uploads\/sites\/29\/2020\/10\/AdobeStock_197144753_bdef.jpg","type":"","width":"","height":""}],"twitter_card":"summary_large_image","twitter_misc":{"Dur\u00e9e de lecture estim\u00e9e":"3 minutes"},"schema":{"@context":"https:\/\/schema.org","@graph":[{"@type":"WebPage","@id":"https:\/\/www.reseau-entreprendre.org\/isere\/new-le-suivi-experts\/","url":"https:\/\/www.reseau-entreprendre.org\/isere\/new-le-suivi-experts\/","name":"Le dispositif Experts ! - R\u00e9seau Entreprendre Is\u00e8re","isPartOf":{"@id":"https:\/\/www.reseau-entreprendre.org\/isere\/#website"},"primaryImageOfPage":{"@id":"https:\/\/www.reseau-entreprendre.org\/isere\/new-le-suivi-experts\/#primaryimage"},"image":{"@id":"https:\/\/www.reseau-entreprendre.org\/isere\/new-le-suivi-experts\/#primaryimage"},"thumbnailUrl":"https:\/\/www.reseau-entreprendre.org\/isere\/wp-content\/uploads\/sites\/29\/2020\/10\/AdobeStock_197144753_bdef.jpg","datePublished":"2020-10-13T09:34:59+00:00","dateModified":"2024-09-10T12:35:21+00:00","breadcrumb":{"@id":"https:\/\/www.reseau-entreprendre.org\/isere\/new-le-suivi-experts\/#breadcrumb"},"inLanguage":"fr-FR","potentialAction":[{"@type":"ReadAction","target":["https:\/\/www.reseau-entreprendre.org\/isere\/new-le-suivi-experts\/"]}]},{"@type":"ImageObject","inLanguage":"fr-FR","@id":"https:\/\/www.reseau-entreprendre.org\/isere\/new-le-suivi-experts\/#primaryimage","url":"https:\/\/www.reseau-entreprendre.org\/isere\/wp-content\/uploads\/sites\/29\/2020\/10\/AdobeStock_197144753_bdef.jpg","contentUrl":"https:\/\/www.reseau-entreprendre.org\/isere\/wp-content\/uploads\/sites\/29\/2020\/10\/AdobeStock_197144753_bdef.jpg","width":1000,"height":667,"caption":"Suivi Experts"},{"@type":"BreadcrumbList","@id":"https:\/\/www.reseau-entreprendre.org\/isere\/new-le-suivi-experts\/#breadcrumb","itemListElement":[{"@type":"ListItem","position":1,"name":"Accueil","item":"https:\/\/www.reseau-entreprendre.org\/isere\/"},{"@type":"ListItem","position":2,"name":"Le dispositif Experts !"}]},{"@type":"WebSite","@id":"https:\/\/www.reseau-entreprendre.org\/isere\/#website","url":"https:\/\/www.reseau-entreprendre.org\/isere\/","name":"R\u00e9seau Entreprendre Is\u00e8re","description":"Un site utilisant Les sites de R\u00e9seau Entreprendre","potentialAction":[{"@type":"SearchAction","target":{"@type":"EntryPoint","urlTemplate":"https:\/\/www.reseau-entreprendre.org\/isere\/?s={search_term_string}"},"query-input":{"@type":"PropertyValueSpecification","valueRequired":true,"valueName":"search_term_string"}}],"inLanguage":"fr-FR"}]}},"_links":{"self":[{"href":"https:\/\/www.reseau-entreprendre.org\/isere\/wp-json\/wp\/v2\/pages\/1975","targetHints":{"allow":["GET"]}}],"collection":[{"href":"https:\/\/www.reseau-entreprendre.org\/isere\/wp-json\/wp\/v2\/pages"}],"about":[{"href":"https:\/\/www.reseau-entreprendre.org\/isere\/wp-json\/wp\/v2\/types\/page"}],"author":[{"embeddable":true,"href":"https:\/\/www.reseau-entreprendre.org\/isere\/wp-json\/wp\/v2\/users\/30"}],"replies":[{"embeddable":true,"href":"https:\/\/www.reseau-entreprendre.org\/isere\/wp-json\/wp\/v2\/comments?post=1975"}],"version-history":[{"count":0,"href":"https:\/\/www.reseau-entreprendre.org\/isere\/wp-json\/wp\/v2\/pages\/1975\/revisions"}],"wp:attachment":[{"href":"https:\/\/www.reseau-entreprendre.org\/isere\/wp-json\/wp\/v2\/media?parent=1975"}],"curies":[{"name":"wp","href":"https:\/\/api.w.org\/{rel}","templated":true}]}}