{"id":13,"date":"2017-04-28T12:33:34","date_gmt":"2017-04-28T10:33:34","guid":{"rendered":"http:\/\/re-preprod-entreprendre.fr\/limousin\/?page_id=13"},"modified":"2024-07-19T16:23:58","modified_gmt":"2024-07-19T14:23:58","slug":"entreprendre","status":"publish","type":"page","link":"https:\/\/www.reseau-entreprendre.org\/limousin\/entreprendre\/","title":{"rendered":"Entreprendre"},"content":{"rendered":"\n<p>Le c\u0153ur de m\u00e9tier de l\u2019association est l\u2019accompagnement entrepreneurial&nbsp;: nos chefs d\u2019entreprise accompagnent les nouveaux entrepreneurs \u00e0 tous les stades de d\u00e9veloppement.<\/p>\n\n\n\n<div style=\"height:25px\" aria-hidden=\"true\" class=\"wp-block-spacer\"><\/div>\n\n\n\n<p>L\u2019objectif \u00e9tant de faire r\u00e9ussir des entrepreneurs \u00e0 potentiel de cr\u00e9ation d\u2019emplois en leur transmettant le savoir-\u00eatre et l\u2019exp\u00e9rience de chefs d\u2019entreprise, au travers d\u2019\u00e9changes de pairs \u00e0 pairs.<\/p>\n\n\n\n<div style=\"height:40px\" aria-hidden=\"true\" class=\"wp-block-spacer\"><\/div>\n\n\n\n<h3 class=\"wp-block-heading has-re-red-color has-text-color\"><strong>3 fondamentaux de notre offre d\u2019accompagnement&nbsp;<\/strong><\/h3>\n\n\n\n<div style=\"height:25px\" aria-hidden=\"true\" class=\"wp-block-spacer\"><\/div>\n\n\n\n<h4 class=\"wp-block-heading has-re-red-color has-text-color\"><strong>Accompagner :<\/strong> un accompagnement b\u00e9n\u00e9vole par des chefs d\u2019entreprise durant 2 \u00e0 3 ans<\/h4>\n\n\n\n<ul class=\"wp-block-list\">\n<li>Enrichissement et s\u00e9curisation du business plan<\/li>\n\n\n\n<li>Conseils et exp\u00e9riences pour piloter l\u2019entreprise au quotidien tous les mois pendant 2 \u00e0 3 ans<\/li>\n<\/ul>\n\n\n\n<div style=\"height:25px\" aria-hidden=\"true\" class=\"wp-block-spacer\"><\/div>\n\n\n\n<h4 class=\"wp-block-heading has-re-red-color has-text-color\"><strong>Financer<\/strong><\/h4>\n\n\n\n<ul class=\"wp-block-list\">\n<li>Pr\u00eat d\u2019honneur de 15 \u00e0 40 000 \u20ac sans int\u00e9r\u00eat ni garantie \u2013 ce pr\u00eat d\u2019honneur est propos\u00e9 sur d\u00e9cision d\u2019un comit\u00e9 d\u2019engagement pour renforcer l\u2019apport personnel du porteur de projet et permettre un effet de levier de 1 \u00e0 14 sur les financements bancaires<\/li>\n\n\n\n<li>Acc\u00e8s facilit\u00e9 aux 6 banques qui soutiennent l\u2019association<\/li>\n<\/ul>\n\n\n\n<div style=\"height:25px\" aria-hidden=\"true\" class=\"wp-block-spacer\"><\/div>\n\n\n\n<h4 class=\"wp-block-heading has-re-red-color has-text-color\"><strong>Connecter<\/strong><\/h4>\n\n\n\n<ul class=\"wp-block-list\">\n<li>Clubs mensuels entre pairs pour progresser et s\u2019entraider avec diff\u00e9rentes th\u00e9matiques d\u2019intervention&nbsp;: pilotage\/tableaux de bord, les RH dans les TPE\/PME, l\u2019entretien professionnel annuel, le contrat de travail, le marketing, le management, formation web, le co-d\u00e9veloppement, la gestion du temps\u2026<\/li>\n\n\n\n<li>Moments de partage et de convivialit\u00e9&nbsp;:\n<ul class=\"wp-block-list\">\n<li>Soir\u00e9es conviviales organis\u00e9es r\u00e9guli\u00e8rement<\/li>\n\n\n\n<li>Lancement festif de l\u2019accompagnement et de la remise de ch\u00e8que<\/li>\n\n\n\n<li>Ev\u00e8nement annuel phare : la f\u00eate des laur\u00e9ats et des accompagnateurs qui r\u00e9unit chaque ann\u00e9e + de 200 invit\u00e9s chefs d\u2019entreprises, m\u00e9c\u00e8nes, contacts institutionnels, \u00e9lus et d\u00e9cideurs locaux<\/li>\n<\/ul>\n<\/li>\n\n\n\n<li>Acc\u00e8s \u00e0 une communaut\u00e9 nationale et internationale\n<ul class=\"wp-block-list\">\n<li>Tous nos membres et laur\u00e9ats acc\u00e8dent au r\u00e9seau social interne Worplace permettant d\u2019entrer en contact avec un r\u00e9seau de 14\u00a0500 chefs d\u2019entreprise<\/li>\n<\/ul>\n<\/li>\n<\/ul>\n\n\n\n<div style=\"height:25px\" aria-hidden=\"true\" class=\"wp-block-spacer\"><\/div>\n\n\n<div class=\"wp-block-image\">\n<figure class=\"aligncenter\"><img loading=\"lazy\" decoding=\"async\" width=\"1024\" height=\"614\" src=\"https:\/\/www.reseau-entreprendre.org\/wp-content\/uploads\/sites\/62\/2017\/04\/3-REL-RUBRIQUE-ENTREPRENDRE-PAGE4-PHOTO-1-1024x614.png\" alt=\"\" class=\"wp-image-523\" srcset=\"https:\/\/www.reseau-entreprendre.org\/limousin\/wp-content\/uploads\/sites\/62\/2017\/04\/3-REL-RUBRIQUE-ENTREPRENDRE-PAGE4-PHOTO-1-1024x614.png 1024w, https:\/\/www.reseau-entreprendre.org\/limousin\/wp-content\/uploads\/sites\/62\/2017\/04\/3-REL-RUBRIQUE-ENTREPRENDRE-PAGE4-PHOTO-1-300x180.png 300w, https:\/\/www.reseau-entreprendre.org\/limousin\/wp-content\/uploads\/sites\/62\/2017\/04\/3-REL-RUBRIQUE-ENTREPRENDRE-PAGE4-PHOTO-1-768x460.png 768w\" sizes=\"auto, (max-width: 1024px) 100vw, 1024px\" \/><\/figure>\n<\/div>","protected":false},"excerpt":{"rendered":"<p>Le c\u0153ur de m\u00e9tier de l\u2019association est l\u2019accompagnement entrepreneurial&nbsp;: nos<\/p>\n","protected":false},"author":63,"featured_media":0,"parent":0,"menu_order":0,"comment_status":"closed","ping_status":"closed","template":"","meta":{"_acf_changed":false,"_monsterinsights_skip_tracking":false,"_monsterinsights_sitenote_active":false,"_monsterinsights_sitenote_note":"","_monsterinsights_sitenote_category":0,"footnotes":""},"class_list":["post-13","page","type-page","status-publish","hentry"],"acf":[],"yoast_head":"<!-- This site is optimized with the Yoast SEO plugin v27.4 - https:\/\/yoast.com\/product\/yoast-seo-wordpress\/ -->\n<title>Entreprendre | Reseau Entreprendre Limousin<\/title>\n<meta name=\"description\" content=\"Vous avez un projet de cr\u00e9ation d&#039;entreprise ? R\u00e9seau Entreprendre Limousin vous accompagne gratuitement et dans la dur\u00e9e\" \/>\n<meta name=\"robots\" content=\"index, follow, max-snippet:-1, max-image-preview:large, max-video-preview:-1\" \/>\n<link rel=\"canonical\" href=\"https:\/\/www.reseau-entreprendre.org\/limousin\/entreprendre\/\" \/>\n<meta property=\"og:locale\" content=\"fr_FR\" \/>\n<meta property=\"og:type\" content=\"article\" \/>\n<meta property=\"og:title\" content=\"Entreprendre | Reseau Entreprendre Limousin\" \/>\n<meta property=\"og:description\" content=\"Vous avez un projet de cr\u00e9ation d&#039;entreprise ? R\u00e9seau Entreprendre Limousin vous accompagne gratuitement et dans la dur\u00e9e\" \/>\n<meta property=\"og:url\" content=\"https:\/\/www.reseau-entreprendre.org\/limousin\/entreprendre\/\" \/>\n<meta property=\"og:site_name\" content=\"R\u00e9seau Entreprendre Limousin\" \/>\n<meta property=\"article:modified_time\" content=\"2024-07-19T14:23:58+00:00\" \/>\n<meta property=\"og:image\" content=\"https:\/\/www.reseau-entreprendre.org\/wp-content\/uploads\/sites\/62\/2017\/04\/3-REL-RUBRIQUE-ENTREPRENDRE-PAGE4-PHOTO-1-1024x614.png\" \/>\n<meta name=\"twitter:card\" content=\"summary_large_image\" \/>\n<meta name=\"twitter:label1\" content=\"Dur\u00e9e de lecture estim\u00e9e\" \/>\n\t<meta name=\"twitter:data1\" content=\"2 minutes\" \/>\n<script type=\"application\/ld+json\" class=\"yoast-schema-graph\">{\"@context\":\"https:\\\/\\\/schema.org\",\"@graph\":[{\"@type\":\"WebPage\",\"@id\":\"https:\\\/\\\/www.reseau-entreprendre.org\\\/limousin\\\/entreprendre\\\/\",\"url\":\"https:\\\/\\\/www.reseau-entreprendre.org\\\/limousin\\\/entreprendre\\\/\",\"name\":\"Entreprendre | Reseau Entreprendre Limousin\",\"isPartOf\":{\"@id\":\"https:\\\/\\\/www.reseau-entreprendre.org\\\/limousin\\\/#website\"},\"primaryImageOfPage\":{\"@id\":\"https:\\\/\\\/www.reseau-entreprendre.org\\\/limousin\\\/entreprendre\\\/#primaryimage\"},\"image\":{\"@id\":\"https:\\\/\\\/www.reseau-entreprendre.org\\\/limousin\\\/entreprendre\\\/#primaryimage\"},\"thumbnailUrl\":\"https:\\\/\\\/www.reseau-entreprendre.org\\\/wp-content\\\/uploads\\\/sites\\\/62\\\/2017\\\/04\\\/3-REL-RUBRIQUE-ENTREPRENDRE-PAGE4-PHOTO-1-1024x614.png\",\"datePublished\":\"2017-04-28T10:33:34+00:00\",\"dateModified\":\"2024-07-19T14:23:58+00:00\",\"description\":\"Vous avez un projet de cr\u00e9ation d'entreprise ? R\u00e9seau Entreprendre Limousin vous accompagne gratuitement et dans la dur\u00e9e\",\"breadcrumb\":{\"@id\":\"https:\\\/\\\/www.reseau-entreprendre.org\\\/limousin\\\/entreprendre\\\/#breadcrumb\"},\"inLanguage\":\"fr-FR\",\"potentialAction\":[{\"@type\":\"ReadAction\",\"target\":[\"https:\\\/\\\/www.reseau-entreprendre.org\\\/limousin\\\/entreprendre\\\/\"]}]},{\"@type\":\"ImageObject\",\"inLanguage\":\"fr-FR\",\"@id\":\"https:\\\/\\\/www.reseau-entreprendre.org\\\/limousin\\\/entreprendre\\\/#primaryimage\",\"url\":\"https:\\\/\\\/www.reseau-entreprendre.org\\\/wp-content\\\/uploads\\\/sites\\\/62\\\/2017\\\/04\\\/3-REL-RUBRIQUE-ENTREPRENDRE-PAGE4-PHOTO-1-1024x614.png\",\"contentUrl\":\"https:\\\/\\\/www.reseau-entreprendre.org\\\/wp-content\\\/uploads\\\/sites\\\/62\\\/2017\\\/04\\\/3-REL-RUBRIQUE-ENTREPRENDRE-PAGE4-PHOTO-1-1024x614.png\"},{\"@type\":\"BreadcrumbList\",\"@id\":\"https:\\\/\\\/www.reseau-entreprendre.org\\\/limousin\\\/entreprendre\\\/#breadcrumb\",\"itemListElement\":[{\"@type\":\"ListItem\",\"position\":1,\"name\":\"Accueil\",\"item\":\"https:\\\/\\\/www.reseau-entreprendre.org\\\/limousin\\\/\"},{\"@type\":\"ListItem\",\"position\":2,\"name\":\"Entreprendre\"}]},{\"@type\":\"WebSite\",\"@id\":\"https:\\\/\\\/www.reseau-entreprendre.org\\\/limousin\\\/#website\",\"url\":\"https:\\\/\\\/www.reseau-entreprendre.org\\\/limousin\\\/\",\"name\":\"R\u00e9seau Entreprendre Limousin\",\"description\":\"Un site utilisant Les sites de R\u00e9seau Entreprendre\",\"potentialAction\":[{\"@type\":\"SearchAction\",\"target\":{\"@type\":\"EntryPoint\",\"urlTemplate\":\"https:\\\/\\\/www.reseau-entreprendre.org\\\/limousin\\\/?s={search_term_string}\"},\"query-input\":{\"@type\":\"PropertyValueSpecification\",\"valueRequired\":true,\"valueName\":\"search_term_string\"}}],\"inLanguage\":\"fr-FR\"}]}<\/script>\n<!-- \/ Yoast SEO plugin. -->","yoast_head_json":{"title":"Entreprendre | Reseau Entreprendre Limousin","description":"Vous avez un projet de cr\u00e9ation d'entreprise ? R\u00e9seau Entreprendre Limousin vous accompagne gratuitement et dans la dur\u00e9e","robots":{"index":"index","follow":"follow","max-snippet":"max-snippet:-1","max-image-preview":"max-image-preview:large","max-video-preview":"max-video-preview:-1"},"canonical":"https:\/\/www.reseau-entreprendre.org\/limousin\/entreprendre\/","og_locale":"fr_FR","og_type":"article","og_title":"Entreprendre | Reseau Entreprendre Limousin","og_description":"Vous avez un projet de cr\u00e9ation d'entreprise ? R\u00e9seau Entreprendre Limousin vous accompagne gratuitement et dans la dur\u00e9e","og_url":"https:\/\/www.reseau-entreprendre.org\/limousin\/entreprendre\/","og_site_name":"R\u00e9seau Entreprendre Limousin","article_modified_time":"2024-07-19T14:23:58+00:00","og_image":[{"url":"https:\/\/www.reseau-entreprendre.org\/wp-content\/uploads\/sites\/62\/2017\/04\/3-REL-RUBRIQUE-ENTREPRENDRE-PAGE4-PHOTO-1-1024x614.png","type":"","width":"","height":""}],"twitter_card":"summary_large_image","twitter_misc":{"Dur\u00e9e de lecture estim\u00e9e":"2 minutes"},"schema":{"@context":"https:\/\/schema.org","@graph":[{"@type":"WebPage","@id":"https:\/\/www.reseau-entreprendre.org\/limousin\/entreprendre\/","url":"https:\/\/www.reseau-entreprendre.org\/limousin\/entreprendre\/","name":"Entreprendre | Reseau Entreprendre Limousin","isPartOf":{"@id":"https:\/\/www.reseau-entreprendre.org\/limousin\/#website"},"primaryImageOfPage":{"@id":"https:\/\/www.reseau-entreprendre.org\/limousin\/entreprendre\/#primaryimage"},"image":{"@id":"https:\/\/www.reseau-entreprendre.org\/limousin\/entreprendre\/#primaryimage"},"thumbnailUrl":"https:\/\/www.reseau-entreprendre.org\/wp-content\/uploads\/sites\/62\/2017\/04\/3-REL-RUBRIQUE-ENTREPRENDRE-PAGE4-PHOTO-1-1024x614.png","datePublished":"2017-04-28T10:33:34+00:00","dateModified":"2024-07-19T14:23:58+00:00","description":"Vous avez un projet de cr\u00e9ation d'entreprise ? R\u00e9seau Entreprendre Limousin vous accompagne gratuitement et dans la dur\u00e9e","breadcrumb":{"@id":"https:\/\/www.reseau-entreprendre.org\/limousin\/entreprendre\/#breadcrumb"},"inLanguage":"fr-FR","potentialAction":[{"@type":"ReadAction","target":["https:\/\/www.reseau-entreprendre.org\/limousin\/entreprendre\/"]}]},{"@type":"ImageObject","inLanguage":"fr-FR","@id":"https:\/\/www.reseau-entreprendre.org\/limousin\/entreprendre\/#primaryimage","url":"https:\/\/www.reseau-entreprendre.org\/wp-content\/uploads\/sites\/62\/2017\/04\/3-REL-RUBRIQUE-ENTREPRENDRE-PAGE4-PHOTO-1-1024x614.png","contentUrl":"https:\/\/www.reseau-entreprendre.org\/wp-content\/uploads\/sites\/62\/2017\/04\/3-REL-RUBRIQUE-ENTREPRENDRE-PAGE4-PHOTO-1-1024x614.png"},{"@type":"BreadcrumbList","@id":"https:\/\/www.reseau-entreprendre.org\/limousin\/entreprendre\/#breadcrumb","itemListElement":[{"@type":"ListItem","position":1,"name":"Accueil","item":"https:\/\/www.reseau-entreprendre.org\/limousin\/"},{"@type":"ListItem","position":2,"name":"Entreprendre"}]},{"@type":"WebSite","@id":"https:\/\/www.reseau-entreprendre.org\/limousin\/#website","url":"https:\/\/www.reseau-entreprendre.org\/limousin\/","name":"R\u00e9seau Entreprendre Limousin","description":"Un site utilisant Les sites de R\u00e9seau Entreprendre","potentialAction":[{"@type":"SearchAction","target":{"@type":"EntryPoint","urlTemplate":"https:\/\/www.reseau-entreprendre.org\/limousin\/?s={search_term_string}"},"query-input":{"@type":"PropertyValueSpecification","valueRequired":true,"valueName":"search_term_string"}}],"inLanguage":"fr-FR"}]}},"_links":{"self":[{"href":"https:\/\/www.reseau-entreprendre.org\/limousin\/wp-json\/wp\/v2\/pages\/13","targetHints":{"allow":["GET"]}}],"collection":[{"href":"https:\/\/www.reseau-entreprendre.org\/limousin\/wp-json\/wp\/v2\/pages"}],"about":[{"href":"https:\/\/www.reseau-entreprendre.org\/limousin\/wp-json\/wp\/v2\/types\/page"}],"author":[{"embeddable":true,"href":"https:\/\/www.reseau-entreprendre.org\/limousin\/wp-json\/wp\/v2\/users\/63"}],"replies":[{"embeddable":true,"href":"https:\/\/www.reseau-entreprendre.org\/limousin\/wp-json\/wp\/v2\/comments?post=13"}],"version-history":[{"count":0,"href":"https:\/\/www.reseau-entreprendre.org\/limousin\/wp-json\/wp\/v2\/pages\/13\/revisions"}],"wp:attachment":[{"href":"https:\/\/www.reseau-entreprendre.org\/limousin\/wp-json\/wp\/v2\/media?parent=13"}],"curies":[{"name":"wp","href":"https:\/\/api.w.org\/{rel}","templated":true}]}}