{"id":13,"date":"2017-04-28T12:33:34","date_gmt":"2017-04-28T10:33:34","guid":{"rendered":"https:\/\/www.reseau-entreprendre.org\/mayenne\/?page_id=13"},"modified":"2022-12-07T17:15:20","modified_gmt":"2022-12-07T16:15:20","slug":"entreprendre","status":"publish","type":"page","link":"https:\/\/www.reseau-entreprendre.org\/mayenne\/entreprendre\/","title":{"rendered":"\u00catre accompagn\u00e9"},"content":{"rendered":"\n<h1 class=\"alignfull has-text-align-center has-re-blue-color has-text-color wp-block-heading\" style=\"font-size:40px;font-style:normal;font-weight:600\"><strong>Vous faire accompagner dans votre projet<\/strong> par des chefs d&#8217;entreprise<\/h1>\n\n\n\n<h2 class=\"has-text-align-center has-re-yellow-color has-text-color wp-block-heading\" style=\"font-size:25px;font-style:normal;font-weight:800\"><strong>Vous \u00eates un cr\u00e9ateur ou repreneur d&#8217;entreprise ? Vous souhaitez cr\u00e9er de l&#8217;emploi en Mayenne et vous avez besoin d&#8217;accompagnement ? Alors R\u00e9seau Entreprendre Mayenne est la<\/strong> solution !<\/h2>\n\n\n\n<p style=\"font-size:18px\">L\u2019ADN de R\u00e9seau Entreprendre\u00ae vu par son fondateur Andr\u00e9 MULLIEZ est <strong>\u00ab&nbsp;l\u2019accompagnement de nouveaux chefs d\u2019entreprise, par des chefs d\u2019entreprise en activit\u00e9, et avec des m\u00e9thodes d\u2019entreprise&nbsp;\u00bb<\/strong>. C\u2019est notre savoir-faire, celui qui fait la diff\u00e9rence avec tous les autres dispositifs existants et qui nous permet d\u2019afficher des r\u00e9sultats nationaux de <strong>p\u00e9rennisation des projets de 93% \u00e0 3 ans et de 84% \u00e0 5 ans.<\/strong><\/p>\n\n\n\n<div style=\"height:23px\" aria-hidden=\"true\" class=\"wp-block-spacer\"><\/div>\n\n\n\n<h1 class=\"has-text-align-center has-re-blue-color has-text-color wp-block-heading\" style=\"font-size:40px;font-style:normal;font-weight:700\"><strong> B\u00e9n\u00e9ficiez<br>d\u2019un accompagnement adapt\u00e9 de 2 ans<\/strong><\/h1>\n\n\n\n<div style=\"height:26px\" aria-hidden=\"true\" class=\"wp-block-spacer\"><\/div>\n\n\n\n<h2 class=\"has-text-align-center has-re-yellow-color has-text-color wp-block-heading\" style=\"font-size:25px\"><strong>Un dirigeant d&#8217;entreprise \u00e0 votre \u00e9coute<\/strong> <\/h2>\n\n\n\n<p class=\"has-text-align-center has-medium-font-size\">Lors de votre rencontre mensuelle ou trimestrielle, il va vous aider \u00e0 prendre du recul, jouer le r\u00f4le de \u00ab miroir \u00bb, s\u00e9curiser vos prises de d\u00e9cision et partager son exp\u00e9rience.<\/p>\n\n\n\n<div style=\"height:17px\" aria-hidden=\"true\" class=\"wp-block-spacer\"><\/div>\n\n\n\n<h2 class=\"has-text-align-center has-re-yellow-color has-text-color wp-block-heading\" style=\"font-size:25px;font-style:normal;font-weight:800\"><strong>Un suivi 100% personnalis\u00e9 <\/strong><\/h2>\n\n\n\n<p class=\"has-text-align-center has-medium-font-size\">Vous serez accompagn\u00e9 dans la mise en place des tableaux de bord n\u00e9cessaires au bon pilotage de l\u2019activit\u00e9, avec un suivi mensuel de leur \u00e9volution pour anticiper les actions correctives. Votre entreprise est en croissance ? Vous b\u00e9n\u00e9ficierez d&#8217;un comit\u00e9 d&#8217;accompagnement compos\u00e9 de plusieurs chefs d&#8217;entreprise exp\u00e9riment\u00e9 que vous rencontrez tous les 3 mois.<\/p>\n\n\n\n<div style=\"height:17px\" aria-hidden=\"true\" class=\"wp-block-spacer\"><\/div>\n\n\n\n<h2 class=\"has-text-align-center has-re-yellow-color has-text-color wp-block-heading\" style=\"font-size:25px\"><strong>Un accompagnement<\/strong> <strong>collectif<\/strong><\/h2>\n\n\n\n<p class=\"has-text-align-center has-medium-font-size\">Devenu Laur\u00e9at, vous participez aux club des Laur\u00e9ats, espace de formation, d\u2019\u00e9changes, d\u2019entraide et de professionnalisation.<\/p>\n\n\n\n<div style=\"height:17px\" aria-hidden=\"true\" class=\"wp-block-spacer\"><\/div>\n\n\n\n<h2 class=\"has-text-align-center has-re-yellow-color has-text-color wp-block-heading\" style=\"font-size:25px\"><strong>Un accompagnement financier<\/strong><\/h2>\n\n\n\n<p class=\"has-text-align-center has-medium-font-size\">Vous b\u00e9n\u00e9ficiez&nbsp;<strong>d\u2019un pr\u00eat d\u2019honneur de 15k \u00e0 90k, ou d&#8217;un pr\u00eat BPI France d&#8217;une valeur compris entre 100k \u00e0 300k \u20ac sans int\u00e9r\u00eat sur une dur\u00e9e de 5 ans.<\/strong><\/p>\n\n\n\n<h1 class=\"has-text-align-center has-re-blue-color has-text-color has-x-large-font-size wp-block-heading\"><strong>Crit\u00e8res d\u2019\u00e9ligibilit\u00e9s pour candidater \u00e0 nos parcours <\/strong><\/h1>\n\n\n\n<div style=\"height:27px\" aria-hidden=\"true\" class=\"wp-block-spacer\"><\/div>\n\n\n\n<div class=\"wp-block-columns is-layout-flex wp-container-core-columns-is-layout-9d6595d7 wp-block-columns-is-layout-flex\">\n<div class=\"wp-block-column is-layout-flow wp-block-column-is-layout-flow\"><div class=\"wp-block-image is-style-default\">\n<figure class=\"aligncenter size-full\"><a href=\"https:\/\/www.reseau-entreprendre.org\/mayenne\/entreprendre\/start-2\/\" target=\"_blank\" rel=\"noreferrer noopener\"><img loading=\"lazy\" decoding=\"async\" width=\"246\" height=\"131\" src=\"https:\/\/www.reseau-entreprendre.org\/mayenne\/wp-content\/uploads\/sites\/47\/2022\/09\/starte.png\" alt=\"Accompagnement Start by r\u00e9seau entreprendre\" class=\"wp-image-1093\" srcset=\"https:\/\/www.reseau-entreprendre.org\/mayenne\/wp-content\/uploads\/sites\/47\/2022\/09\/starte.png 246w, https:\/\/www.reseau-entreprendre.org\/mayenne\/wp-content\/uploads\/sites\/47\/2022\/09\/starte-210x112.png 210w\" sizes=\"auto, (max-width: 246px) 100vw, 246px\" \/><\/a><\/figure>\n<\/div>\n\n\n<h2 class=\"has-text-align-center has-re-blue-color has-text-color wp-block-heading\" style=\"font-size:25px\"><strong>Vous \u00eates cr\u00e9ateur<\/strong> <strong>ou repreneur d\u2019entreprise<\/strong><\/h2>\n\n\n\n<hr class=\"wp-block-separator has-alpha-channel-opacity\" \/>\n\n\n\n<div style=\"height:40px\" aria-hidden=\"true\" class=\"wp-block-spacer\"><\/div>\n\n\n\n<ul class=\"wp-block-list\">\n<li>Accompagnement individuel par un chef d&#8217;entreprise chaque mois pendant 2 ans<\/li>\n\n\n\n<li>Cr\u00e9ation de<strong> 5 emplois  \u00e0 3 ans<\/strong><\/li>\n\n\n\n<li>Pr\u00eat d&#8217;honneur de <strong>15 \u00e0 50 k\u20ac<\/strong> sans int\u00e9r\u00eat<\/li>\n\n\n\n<li>Volont\u00e9 d\u2019op\u00e9rer un d\u00e9veloppement<\/li>\n<\/ul>\n<\/div>\n\n\n\n<div class=\"wp-block-column is-layout-flow wp-block-column-is-layout-flow\"><div class=\"wp-block-image\">\n<figure class=\"aligncenter size-full\"><a href=\"https:\/\/www.reseau-entreprendre.org\/mayenne\/entreprendre\/booster-2\/\" target=\"_blank\" rel=\"noreferrer noopener\"><img loading=\"lazy\" decoding=\"async\" width=\"314\" height=\"134\" src=\"https:\/\/www.reseau-entreprendre.org\/mayenne\/wp-content\/uploads\/sites\/47\/2022\/09\/booster.png\" alt=\"\" class=\"wp-image-1090\" srcset=\"https:\/\/www.reseau-entreprendre.org\/mayenne\/wp-content\/uploads\/sites\/47\/2022\/09\/booster.png 314w, https:\/\/www.reseau-entreprendre.org\/mayenne\/wp-content\/uploads\/sites\/47\/2022\/09\/booster-300x128.png 300w, https:\/\/www.reseau-entreprendre.org\/mayenne\/wp-content\/uploads\/sites\/47\/2022\/09\/booster-210x90.png 210w\" sizes=\"auto, (max-width: 314px) 100vw, 314px\" \/><\/a><\/figure>\n<\/div>\n\n\n<h2 class=\"has-text-align-center has-re-yellow-color has-text-color wp-block-heading\" style=\"font-size:25px\"><strong>Passez un cap de d\u00e9veloppement de votre entreprise<\/strong><\/h2>\n\n\n\n<hr class=\"wp-block-separator has-alpha-channel-opacity\" \/>\n\n\n\n<div style=\"height:5px\" aria-hidden=\"true\" class=\"wp-block-spacer\"><\/div>\n\n\n\n<ul class=\"wp-block-list\">\n<li>Accompagnement bimestriel en mode projet, par <strong>3 chefs d&#8217;entreprises<\/strong>, pendant 2 ans<\/li>\n\n\n\n<li>Minimum de <strong>5 salari\u00e9s<\/strong> avec pour objectif de passer le cap des<strong> <\/strong>10 emplois<\/li>\n\n\n\n<li>Pr\u00eat d&#8217;honneur de <strong>30 \u00e0 90 k\u20ac<\/strong> sans int\u00e9r\u00eat<\/li>\n\n\n\n<li>Minimum chiffre d&#8217;affaires<strong> <\/strong>&gt; <strong>500k\u20ac<\/strong><\/li>\n\n\n\n<li>Fonds propres coh\u00e9rents avec le besoin de financement<\/li>\n<\/ul>\n<\/div>\n\n\n\n<div class=\"wp-block-column is-layout-flow wp-block-column-is-layout-flow\"><div class=\"wp-block-image\">\n<figure class=\"aligncenter size-full\"><a href=\"https:\/\/www.reseau-entreprendre.org\/mayenne\/entreprendre\/booster-2-2\/\" target=\"_blank\" rel=\"noreferrer noopener\"><img loading=\"lazy\" decoding=\"async\" width=\"320\" height=\"131\" src=\"https:\/\/www.reseau-entreprendre.org\/mayenne\/wp-content\/uploads\/sites\/47\/2022\/09\/Ambition-1.png\" alt=\"\" class=\"wp-image-1091\" srcset=\"https:\/\/www.reseau-entreprendre.org\/mayenne\/wp-content\/uploads\/sites\/47\/2022\/09\/Ambition-1.png 320w, https:\/\/www.reseau-entreprendre.org\/mayenne\/wp-content\/uploads\/sites\/47\/2022\/09\/Ambition-1-300x123.png 300w, https:\/\/www.reseau-entreprendre.org\/mayenne\/wp-content\/uploads\/sites\/47\/2022\/09\/Ambition-1-210x86.png 210w\" sizes=\"auto, (max-width: 320px) 100vw, 320px\" \/><\/a><\/figure>\n<\/div>\n\n\n<h2 class=\"has-text-align-center has-re-red-color has-text-color wp-block-heading\" style=\"font-size:25px\"><strong>Changez d&#8217;\u00e9chelle et doublez l&#8217;activit\u00e9 <\/strong><\/h2>\n\n\n\n<hr class=\"wp-block-separator has-alpha-channel-opacity\" \/>\n\n\n\n<div style=\"height:37px\" aria-hidden=\"true\" class=\"wp-block-spacer\"><\/div>\n\n\n\n<ul class=\"wp-block-list\">\n<li>Accompagnement trimestriel en mode projet, par <strong>4 chefs d&#8217;entreprises<\/strong>, pendant 2 ans<\/li>\n\n\n\n<li>Pr\u00eat BPI France  \u00e0 l&#8217;entreprise <strong>100-300 k\u20ac<\/strong>, au taux en vigueur, effet de levier 4<\/li>\n\n\n\n<li>Minimum de <strong>15<\/strong> salari\u00e9s<\/li>\n\n\n\n<li>Minimum chiffre d&#8217;affaires <strong>&gt; 1 M\u20ac<\/strong><\/li>\n<\/ul>\n<\/div>\n<\/div>\n\n\n\n<p class=\"has-medium-font-size\"><em>Dans les trois cas, c\u2019est l\u2019entrepreneur que nous accompagnons avant son projet.<\/em><strong> <\/strong>Il est donc majoritaire au capital de son entreprise et exprime le besoin d\u2019\u00eatre accompagn\u00e9.&nbsp;Parlez-nous de votre projet, m\u00eame si vous ne remplissez pas tous les crit\u00e8res d\u2019\u00e9ligibilit\u00e9&nbsp;!<\/p>\n\n\n\n<div style=\"height:5px\" aria-hidden=\"true\" class=\"wp-block-spacer\"><\/div>\n\n\n\n<div class=\"wp-block-buttons is-content-justification-center is-layout-flex wp-container-core-buttons-is-layout-16018d1d wp-block-buttons-is-layout-flex\">\n<div class=\"wp-block-button aligncenter has-custom-width wp-block-button__width-25 has-custom-font-size is-style-outline is-style-outline--1\" style=\"font-size:25px\"><a class=\"wp-block-button__link has-re-blue-color has-text-color wp-element-button\" href=\"https:\/\/www.reseau-entreprendre.org\/fr\/entreprendre\/formulaire-porteur-projet\/\" style=\"border-radius:4px\"><strong>CANDIDATER<\/strong><\/a><\/div>\n<\/div>\n\n\n\n<div style=\"height:94px\" aria-hidden=\"true\" class=\"wp-block-spacer\"><\/div>\n\n\n\n<figure class=\"wp-block-image size-large\"><img loading=\"lazy\" decoding=\"async\" width=\"1024\" height=\"527\" src=\"https:\/\/www.reseau-entreprendre.org\/mayenne\/wp-content\/uploads\/sites\/47\/2021\/10\/point-detape-winmed-reseau-entreprendre-mayennejpg-1024x527.jpg\" alt=\"\" class=\"wp-image-996\" srcset=\"https:\/\/www.reseau-entreprendre.org\/mayenne\/wp-content\/uploads\/sites\/47\/2021\/10\/point-detape-winmed-reseau-entreprendre-mayennejpg-1024x527.jpg 1024w, https:\/\/www.reseau-entreprendre.org\/mayenne\/wp-content\/uploads\/sites\/47\/2021\/10\/point-detape-winmed-reseau-entreprendre-mayennejpg-300x154.jpg 300w, https:\/\/www.reseau-entreprendre.org\/mayenne\/wp-content\/uploads\/sites\/47\/2021\/10\/point-detape-winmed-reseau-entreprendre-mayennejpg-768x395.jpg 768w, https:\/\/www.reseau-entreprendre.org\/mayenne\/wp-content\/uploads\/sites\/47\/2021\/10\/point-detape-winmed-reseau-entreprendre-mayennejpg-1536x790.jpg 1536w, https:\/\/www.reseau-entreprendre.org\/mayenne\/wp-content\/uploads\/sites\/47\/2021\/10\/point-detape-winmed-reseau-entreprendre-mayennejpg-2048x1054.jpg 2048w, https:\/\/www.reseau-entreprendre.org\/mayenne\/wp-content\/uploads\/sites\/47\/2021\/10\/point-detape-winmed-reseau-entreprendre-mayennejpg-scaled.jpg 1140w\" sizes=\"auto, (max-width: 1024px) 100vw, 1024px\" \/><\/figure>\n\n\n\n<p class=\"has-re-blue-color has-text-color\"><strong>Devenir laur\u00e9at de R\u00e9seau Entreprendre\u00ae Mayenne est un beau parcours.&nbsp;Tous les porteurs de projets qui franchissent toutes les \u00e9tapes peuvent \u00eatre tr\u00e8s fiers&nbsp;!<\/strong><\/p>\n\n\n\n<p><\/p>\n","protected":false},"excerpt":{"rendered":"<p>Vous faire accompagner dans votre projet par des chefs d&#8217;entreprise<\/p>\n","protected":false},"author":48,"featured_media":0,"parent":0,"menu_order":0,"comment_status":"closed","ping_status":"closed","template":"","meta":{"_acf_changed":false,"_monsterinsights_skip_tracking":false,"_monsterinsights_sitenote_active":false,"_monsterinsights_sitenote_note":"","_monsterinsights_sitenote_category":0,"footnotes":""},"class_list":["post-13","page","type-page","status-publish","hentry"],"acf":[],"yoast_head":"<!-- This site is optimized with the Yoast SEO plugin v27.4 - https:\/\/yoast.com\/product\/yoast-seo-wordpress\/ -->\n<title>Entreprendre | Reseau Entreprendre Mayenne<\/title>\n<meta name=\"description\" content=\"Vous avez un projet de cr\u00e9ation d&#039;entreprise ? R\u00e9seau Entreprendre Mayenne vous accompagne gratuitement et dans la dur\u00e9e.\" \/>\n<meta name=\"robots\" content=\"index, follow, max-snippet:-1, max-image-preview:large, max-video-preview:-1\" \/>\n<link rel=\"canonical\" href=\"https:\/\/www.reseau-entreprendre.org\/mayenne\/entreprendre\/\" \/>\n<meta property=\"og:locale\" content=\"fr_FR\" \/>\n<meta property=\"og:type\" content=\"article\" \/>\n<meta property=\"og:title\" content=\"Entreprendre | Reseau Entreprendre Mayenne\" \/>\n<meta property=\"og:description\" content=\"Vous avez un projet de cr\u00e9ation d&#039;entreprise ? R\u00e9seau Entreprendre Mayenne vous accompagne gratuitement et dans la dur\u00e9e.\" \/>\n<meta property=\"og:url\" content=\"https:\/\/www.reseau-entreprendre.org\/mayenne\/entreprendre\/\" \/>\n<meta property=\"og:site_name\" content=\"R\u00e9seau Entreprendre Mayenne\" \/>\n<meta property=\"article:modified_time\" content=\"2022-12-07T16:15:20+00:00\" \/>\n<meta property=\"og:image\" content=\"https:\/\/www.reseau-entreprendre.org\/mayenne\/wp-content\/uploads\/sites\/47\/2022\/09\/starte.png\" \/>\n<meta name=\"twitter:card\" content=\"summary_large_image\" \/>\n<meta name=\"twitter:label1\" content=\"Dur\u00e9e de lecture estim\u00e9e\" \/>\n\t<meta name=\"twitter:data1\" content=\"4 minutes\" \/>\n<script type=\"application\/ld+json\" class=\"yoast-schema-graph\">{\"@context\":\"https:\\\/\\\/schema.org\",\"@graph\":[{\"@type\":\"WebPage\",\"@id\":\"https:\\\/\\\/www.reseau-entreprendre.org\\\/mayenne\\\/entreprendre\\\/\",\"url\":\"https:\\\/\\\/www.reseau-entreprendre.org\\\/mayenne\\\/entreprendre\\\/\",\"name\":\"Entreprendre | Reseau Entreprendre Mayenne\",\"isPartOf\":{\"@id\":\"https:\\\/\\\/www.reseau-entreprendre.org\\\/mayenne\\\/#website\"},\"primaryImageOfPage\":{\"@id\":\"https:\\\/\\\/www.reseau-entreprendre.org\\\/mayenne\\\/entreprendre\\\/#primaryimage\"},\"image\":{\"@id\":\"https:\\\/\\\/www.reseau-entreprendre.org\\\/mayenne\\\/entreprendre\\\/#primaryimage\"},\"thumbnailUrl\":\"https:\\\/\\\/www.reseau-entreprendre.org\\\/mayenne\\\/wp-content\\\/uploads\\\/sites\\\/47\\\/2022\\\/09\\\/starte.png\",\"datePublished\":\"2017-04-28T10:33:34+00:00\",\"dateModified\":\"2022-12-07T16:15:20+00:00\",\"description\":\"Vous avez un projet de cr\u00e9ation d'entreprise ? R\u00e9seau Entreprendre Mayenne vous accompagne gratuitement et dans la dur\u00e9e.\",\"breadcrumb\":{\"@id\":\"https:\\\/\\\/www.reseau-entreprendre.org\\\/mayenne\\\/entreprendre\\\/#breadcrumb\"},\"inLanguage\":\"fr-FR\",\"potentialAction\":[{\"@type\":\"ReadAction\",\"target\":[\"https:\\\/\\\/www.reseau-entreprendre.org\\\/mayenne\\\/entreprendre\\\/\"]}]},{\"@type\":\"ImageObject\",\"inLanguage\":\"fr-FR\",\"@id\":\"https:\\\/\\\/www.reseau-entreprendre.org\\\/mayenne\\\/entreprendre\\\/#primaryimage\",\"url\":\"https:\\\/\\\/www.reseau-entreprendre.org\\\/mayenne\\\/wp-content\\\/uploads\\\/sites\\\/47\\\/2022\\\/09\\\/starte.png\",\"contentUrl\":\"https:\\\/\\\/www.reseau-entreprendre.org\\\/mayenne\\\/wp-content\\\/uploads\\\/sites\\\/47\\\/2022\\\/09\\\/starte.png\",\"width\":246,\"height\":131},{\"@type\":\"BreadcrumbList\",\"@id\":\"https:\\\/\\\/www.reseau-entreprendre.org\\\/mayenne\\\/entreprendre\\\/#breadcrumb\",\"itemListElement\":[{\"@type\":\"ListItem\",\"position\":1,\"name\":\"Accueil\",\"item\":\"https:\\\/\\\/www.reseau-entreprendre.org\\\/mayenne\\\/\"},{\"@type\":\"ListItem\",\"position\":2,\"name\":\"\u00catre accompagn\u00e9\"}]},{\"@type\":\"WebSite\",\"@id\":\"https:\\\/\\\/www.reseau-entreprendre.org\\\/mayenne\\\/#website\",\"url\":\"https:\\\/\\\/www.reseau-entreprendre.org\\\/mayenne\\\/\",\"name\":\"R\u00e9seau Entreprendre Mayenne\",\"description\":\"Un site utilisant Les sites de R\u00e9seau Entreprendre\",\"potentialAction\":[{\"@type\":\"SearchAction\",\"target\":{\"@type\":\"EntryPoint\",\"urlTemplate\":\"https:\\\/\\\/www.reseau-entreprendre.org\\\/mayenne\\\/?s={search_term_string}\"},\"query-input\":{\"@type\":\"PropertyValueSpecification\",\"valueRequired\":true,\"valueName\":\"search_term_string\"}}],\"inLanguage\":\"fr-FR\"}]}<\/script>\n<!-- \/ Yoast SEO plugin. -->","yoast_head_json":{"title":"Entreprendre | Reseau Entreprendre Mayenne","description":"Vous avez un projet de cr\u00e9ation d'entreprise ? R\u00e9seau Entreprendre Mayenne vous accompagne gratuitement et dans la dur\u00e9e.","robots":{"index":"index","follow":"follow","max-snippet":"max-snippet:-1","max-image-preview":"max-image-preview:large","max-video-preview":"max-video-preview:-1"},"canonical":"https:\/\/www.reseau-entreprendre.org\/mayenne\/entreprendre\/","og_locale":"fr_FR","og_type":"article","og_title":"Entreprendre | Reseau Entreprendre Mayenne","og_description":"Vous avez un projet de cr\u00e9ation d'entreprise ? R\u00e9seau Entreprendre Mayenne vous accompagne gratuitement et dans la dur\u00e9e.","og_url":"https:\/\/www.reseau-entreprendre.org\/mayenne\/entreprendre\/","og_site_name":"R\u00e9seau Entreprendre Mayenne","article_modified_time":"2022-12-07T16:15:20+00:00","og_image":[{"url":"https:\/\/www.reseau-entreprendre.org\/mayenne\/wp-content\/uploads\/sites\/47\/2022\/09\/starte.png","type":"","width":"","height":""}],"twitter_card":"summary_large_image","twitter_misc":{"Dur\u00e9e de lecture estim\u00e9e":"4 minutes"},"schema":{"@context":"https:\/\/schema.org","@graph":[{"@type":"WebPage","@id":"https:\/\/www.reseau-entreprendre.org\/mayenne\/entreprendre\/","url":"https:\/\/www.reseau-entreprendre.org\/mayenne\/entreprendre\/","name":"Entreprendre | Reseau Entreprendre Mayenne","isPartOf":{"@id":"https:\/\/www.reseau-entreprendre.org\/mayenne\/#website"},"primaryImageOfPage":{"@id":"https:\/\/www.reseau-entreprendre.org\/mayenne\/entreprendre\/#primaryimage"},"image":{"@id":"https:\/\/www.reseau-entreprendre.org\/mayenne\/entreprendre\/#primaryimage"},"thumbnailUrl":"https:\/\/www.reseau-entreprendre.org\/mayenne\/wp-content\/uploads\/sites\/47\/2022\/09\/starte.png","datePublished":"2017-04-28T10:33:34+00:00","dateModified":"2022-12-07T16:15:20+00:00","description":"Vous avez un projet de cr\u00e9ation d'entreprise ? R\u00e9seau Entreprendre Mayenne vous accompagne gratuitement et dans la dur\u00e9e.","breadcrumb":{"@id":"https:\/\/www.reseau-entreprendre.org\/mayenne\/entreprendre\/#breadcrumb"},"inLanguage":"fr-FR","potentialAction":[{"@type":"ReadAction","target":["https:\/\/www.reseau-entreprendre.org\/mayenne\/entreprendre\/"]}]},{"@type":"ImageObject","inLanguage":"fr-FR","@id":"https:\/\/www.reseau-entreprendre.org\/mayenne\/entreprendre\/#primaryimage","url":"https:\/\/www.reseau-entreprendre.org\/mayenne\/wp-content\/uploads\/sites\/47\/2022\/09\/starte.png","contentUrl":"https:\/\/www.reseau-entreprendre.org\/mayenne\/wp-content\/uploads\/sites\/47\/2022\/09\/starte.png","width":246,"height":131},{"@type":"BreadcrumbList","@id":"https:\/\/www.reseau-entreprendre.org\/mayenne\/entreprendre\/#breadcrumb","itemListElement":[{"@type":"ListItem","position":1,"name":"Accueil","item":"https:\/\/www.reseau-entreprendre.org\/mayenne\/"},{"@type":"ListItem","position":2,"name":"\u00catre accompagn\u00e9"}]},{"@type":"WebSite","@id":"https:\/\/www.reseau-entreprendre.org\/mayenne\/#website","url":"https:\/\/www.reseau-entreprendre.org\/mayenne\/","name":"R\u00e9seau Entreprendre Mayenne","description":"Un site utilisant Les sites de R\u00e9seau Entreprendre","potentialAction":[{"@type":"SearchAction","target":{"@type":"EntryPoint","urlTemplate":"https:\/\/www.reseau-entreprendre.org\/mayenne\/?s={search_term_string}"},"query-input":{"@type":"PropertyValueSpecification","valueRequired":true,"valueName":"search_term_string"}}],"inLanguage":"fr-FR"}]}},"_links":{"self":[{"href":"https:\/\/www.reseau-entreprendre.org\/mayenne\/wp-json\/wp\/v2\/pages\/13","targetHints":{"allow":["GET"]}}],"collection":[{"href":"https:\/\/www.reseau-entreprendre.org\/mayenne\/wp-json\/wp\/v2\/pages"}],"about":[{"href":"https:\/\/www.reseau-entreprendre.org\/mayenne\/wp-json\/wp\/v2\/types\/page"}],"author":[{"embeddable":true,"href":"https:\/\/www.reseau-entreprendre.org\/mayenne\/wp-json\/wp\/v2\/users\/48"}],"replies":[{"embeddable":true,"href":"https:\/\/www.reseau-entreprendre.org\/mayenne\/wp-json\/wp\/v2\/comments?post=13"}],"version-history":[{"count":0,"href":"https:\/\/www.reseau-entreprendre.org\/mayenne\/wp-json\/wp\/v2\/pages\/13\/revisions"}],"wp:attachment":[{"href":"https:\/\/www.reseau-entreprendre.org\/mayenne\/wp-json\/wp\/v2\/media?parent=13"}],"curies":[{"name":"wp","href":"https:\/\/api.w.org\/{rel}","templated":true}]}}