{"id":2734,"date":"2020-01-25T01:08:48","date_gmt":"2020-01-25T00:08:48","guid":{"rendered":"https:\/\/www.reseau-entreprendre.org\/nord\/?page_id=2734"},"modified":"2023-08-23T11:47:39","modified_gmt":"2023-08-23T09:47:39","slug":"accompagner","status":"publish","type":"page","link":"https:\/\/www.reseau-entreprendre.org\/nord\/accompagner\/","title":{"rendered":"ACCOMPAGNER"},"content":{"rendered":"\n<div class=\"wp-block-group p-5 has-background\" style=\"background-color:#f8f8fc\"><div class=\"wp-block-group__inner-container is-layout-flow wp-block-group-is-layout-flow\">\n<h3 class=\"wp-block-heading has-text-align-center has-re-blue-color has-text-color\">Une implication \u00e0 la carte<\/h3>\n\n\n\n<div style=\"height:11px\" aria-hidden=\"true\" class=\"wp-block-spacer\"><\/div>\n\n\n\n<p class=\"has-text-align-center has-normal-font-size\">L\u2019implication au R\u00e9seau Entreprendre<sup>\u00ae<\/sup> Nord est \u00e0 la carte et peut se faire de diff\u00e9rentes mani\u00e8res : participer \u00e0 la s\u00e9lection des projets, accompagner des entrepreneurs, booster des projets et participer \u00e0 la vie active de l\u2019association, notamment via un soutien financier.<\/p>\n\n\n\n<div style=\"height:21px\" aria-hidden=\"true\" class=\"wp-block-spacer\"><\/div>\n\n\n\n<div class=\"wp-block-columns mb-0 is-layout-flex wp-container-core-columns-is-layout-9d6595d7 wp-block-columns-is-layout-flex\">\n<div class=\"wp-block-column is-layout-flow wp-block-column-is-layout-flow\">\n<p class=\"has-text-align-center has-normal-font-size\"><strong>Rejoignez un r\u00e9seau actif de dirigeants<\/strong><\/p>\n\n\n\n<p class=\"has-text-align-center has-normal-font-size\">500 chefs d\u2019entreprise, partenaires, consultants, conseillers, b\u00e9n\u00e9voles<\/p>\n<\/div>\n\n\n\n<div class=\"wp-block-column is-layout-flow wp-block-column-is-layout-flow\">\n<p class=\"has-text-align-center has-normal-font-size\"><strong>Impliquez-vous dans l\u2019\u00e9cosyst\u00e8me entrepreneurial<\/strong><\/p>\n\n\n\n<p class=\"has-text-align-center has-normal-font-size\">Gr\u00e2ce aux rencontres et \u00e9v\u00e9nements de R\u00e9seau Entreprendre\u00ae Nord<\/p>\n<\/div>\n\n\n\n<div class=\"wp-block-column is-layout-flow wp-block-column-is-layout-flow\">\n<p class=\"has-text-align-center has-normal-font-size\"><strong>Apprenez au contact de nouveaux entrepreneurs<\/strong><\/p>\n\n\n\n<p class=\"has-text-align-center has-normal-font-size\">Entretenez une veille sur les innovations et les jeunes entreprises prometteuses tout en transmettant votre exp\u00e9rience<\/p>\n<\/div>\n<\/div>\n<\/div><\/div>\n\n\n\n<div style=\"height:58px\" aria-hidden=\"true\" class=\"wp-block-spacer\"><\/div>\n\n\n\n<h3 class=\"wp-block-heading has-text-align-center\"><span style=\"color: #268597; font-size: 28px;\">Int\u00e9grer notre communaut\u00e9<\/span><\/h3>\n\n\n\n<div style=\"height:11px\" aria-hidden=\"true\" class=\"wp-block-spacer\"><\/div>\n\n\n\n<p class=\"has-text-align-center\">Vous \u00eates un chef d\u2019entreprise et vous souhaitez faire b\u00e9n\u00e9ficier de votre exp\u00e9rience et vous enrichir aupr\u00e8s de jeunes entrepreneurs prometteurs, \u00e9nergiques et plein de bonnes id\u00e9es ?<\/p>\n\n\n\n<p class=\"has-text-align-center\">Vous partagez nos valeurs ? Devenez membre de R\u00e9seau Entreprendre<sup>\u00ae<\/sup> Nord !<\/p>\n\n\n\n<div style=\"height:18px\" aria-hidden=\"true\" class=\"wp-block-spacer\"><\/div>\n\n\n\n<div class=\"wp-block-buttons is-horizontal is-content-justification-center is-layout-flex wp-container-core-buttons-is-layout-499968f5 wp-block-buttons-is-layout-flex\">\n<div class=\"wp-block-button is-style-fill\"><a class=\"wp-block-button__link has-re-blue-background-color has-background wp-element-button\" href=\"https:\/\/www.reseau-entreprendre.org\/nord\/contact\/\" target=\"_blank\" rel=\"noreferrer noopener\">Devenez membre<\/a><\/div>\n<\/div>\n","protected":false},"excerpt":{"rendered":"<p>Une implication \u00e0 la carte L\u2019implication au R\u00e9seau Entreprendre\u00ae Nord<\/p>\n","protected":false},"author":93,"featured_media":0,"parent":0,"menu_order":0,"comment_status":"closed","ping_status":"closed","template":"","meta":{"_acf_changed":false,"_monsterinsights_skip_tracking":false,"_monsterinsights_sitenote_active":false,"_monsterinsights_sitenote_note":"","_monsterinsights_sitenote_category":0,"footnotes":""},"class_list":["post-2734","page","type-page","status-publish","hentry"],"acf":[],"yoast_head":"<!-- This site is optimized with the Yoast SEO plugin v27.4 - https:\/\/yoast.com\/product\/yoast-seo-wordpress\/ -->\n<title>R\u00e9seau Entreprendre Nord - ACCOMPAGNER<\/title>\n<meta name=\"description\" content=\"Vous \u00eates chef d&#039;entreprise et vous souhaitez accompagner de nouveaux entrepreneurs ? Devenez membre b\u00e9n\u00e9vole de R\u00e9seau Entreprendre Nord !\" \/>\n<meta name=\"robots\" content=\"index, follow, max-snippet:-1, max-image-preview:large, max-video-preview:-1\" \/>\n<link rel=\"canonical\" href=\"https:\/\/www.reseau-entreprendre.org\/nord\/accompagner\/\" \/>\n<meta property=\"og:locale\" content=\"fr_FR\" \/>\n<meta property=\"og:type\" content=\"article\" \/>\n<meta property=\"og:title\" content=\"R\u00e9seau Entreprendre Nord - ACCOMPAGNER\" \/>\n<meta property=\"og:description\" content=\"Vous \u00eates chef d&#039;entreprise et vous souhaitez accompagner de nouveaux entrepreneurs ? Devenez membre b\u00e9n\u00e9vole de R\u00e9seau Entreprendre Nord !\" \/>\n<meta property=\"og:url\" content=\"https:\/\/www.reseau-entreprendre.org\/nord\/accompagner\/\" \/>\n<meta property=\"og:site_name\" content=\"R\u00e9seau Entreprendre Nord\" \/>\n<meta property=\"article:modified_time\" content=\"2023-08-23T09:47:39+00:00\" \/>\n<meta name=\"twitter:card\" content=\"summary_large_image\" \/>\n<meta name=\"twitter:label1\" content=\"Dur\u00e9e de lecture estim\u00e9e\" \/>\n\t<meta name=\"twitter:data1\" content=\"1 minute\" \/>\n<script type=\"application\/ld+json\" class=\"yoast-schema-graph\">{\"@context\":\"https:\\\/\\\/schema.org\",\"@graph\":[{\"@type\":\"WebPage\",\"@id\":\"https:\\\/\\\/www.reseau-entreprendre.org\\\/nord\\\/accompagner\\\/\",\"url\":\"https:\\\/\\\/www.reseau-entreprendre.org\\\/nord\\\/accompagner\\\/\",\"name\":\"R\u00e9seau Entreprendre Nord - ACCOMPAGNER\",\"isPartOf\":{\"@id\":\"https:\\\/\\\/www.reseau-entreprendre.org\\\/nord\\\/#website\"},\"datePublished\":\"2020-01-25T00:08:48+00:00\",\"dateModified\":\"2023-08-23T09:47:39+00:00\",\"description\":\"Vous \u00eates chef d'entreprise et vous souhaitez accompagner de nouveaux entrepreneurs ? Devenez membre b\u00e9n\u00e9vole de R\u00e9seau Entreprendre Nord !\",\"breadcrumb\":{\"@id\":\"https:\\\/\\\/www.reseau-entreprendre.org\\\/nord\\\/accompagner\\\/#breadcrumb\"},\"inLanguage\":\"fr-FR\",\"potentialAction\":[{\"@type\":\"ReadAction\",\"target\":[\"https:\\\/\\\/www.reseau-entreprendre.org\\\/nord\\\/accompagner\\\/\"]}]},{\"@type\":\"BreadcrumbList\",\"@id\":\"https:\\\/\\\/www.reseau-entreprendre.org\\\/nord\\\/accompagner\\\/#breadcrumb\",\"itemListElement\":[{\"@type\":\"ListItem\",\"position\":1,\"name\":\"Accueil\",\"item\":\"https:\\\/\\\/www.reseau-entreprendre.org\\\/nord\\\/\"},{\"@type\":\"ListItem\",\"position\":2,\"name\":\"ACCOMPAGNER\"}]},{\"@type\":\"WebSite\",\"@id\":\"https:\\\/\\\/www.reseau-entreprendre.org\\\/nord\\\/#website\",\"url\":\"https:\\\/\\\/www.reseau-entreprendre.org\\\/nord\\\/\",\"name\":\"R\u00e9seau Entreprendre Nord\",\"description\":\"1er R\u00e9seau d&#039;accompagnement \u00e0 la cr\u00e9ation d&#039;entreprises en France !\",\"publisher\":{\"@id\":\"https:\\\/\\\/www.reseau-entreprendre.org\\\/nord\\\/#organization\"},\"potentialAction\":[{\"@type\":\"SearchAction\",\"target\":{\"@type\":\"EntryPoint\",\"urlTemplate\":\"https:\\\/\\\/www.reseau-entreprendre.org\\\/nord\\\/?s={search_term_string}\"},\"query-input\":{\"@type\":\"PropertyValueSpecification\",\"valueRequired\":true,\"valueName\":\"search_term_string\"}}],\"inLanguage\":\"fr-FR\"},{\"@type\":\"Organization\",\"@id\":\"https:\\\/\\\/www.reseau-entreprendre.org\\\/nord\\\/#organization\",\"name\":\"R\u00e9seau Entreprendre Nord\",\"url\":\"https:\\\/\\\/www.reseau-entreprendre.org\\\/nord\\\/\",\"logo\":{\"@type\":\"ImageObject\",\"inLanguage\":\"fr-FR\",\"@id\":\"https:\\\/\\\/www.reseau-entreprendre.org\\\/nord\\\/#\\\/schema\\\/logo\\\/image\\\/\",\"url\":\"https:\\\/\\\/www.reseau-entreprendre.org\\\/nord\\\/wp-content\\\/uploads\\\/sites\\\/40\\\/2022\\\/03\\\/Logo-couleur-horizontal-edited.png\",\"contentUrl\":\"https:\\\/\\\/www.reseau-entreprendre.org\\\/nord\\\/wp-content\\\/uploads\\\/sites\\\/40\\\/2022\\\/03\\\/Logo-couleur-horizontal-edited.png\",\"width\":1592,\"height\":739,\"caption\":\"R\u00e9seau Entreprendre Nord\"},\"image\":{\"@id\":\"https:\\\/\\\/www.reseau-entreprendre.org\\\/nord\\\/#\\\/schema\\\/logo\\\/image\\\/\"}}]}<\/script>\n<!-- \/ Yoast SEO plugin. -->","yoast_head_json":{"title":"R\u00e9seau Entreprendre Nord - ACCOMPAGNER","description":"Vous \u00eates chef d'entreprise et vous souhaitez accompagner de nouveaux entrepreneurs ? Devenez membre b\u00e9n\u00e9vole de R\u00e9seau Entreprendre Nord !","robots":{"index":"index","follow":"follow","max-snippet":"max-snippet:-1","max-image-preview":"max-image-preview:large","max-video-preview":"max-video-preview:-1"},"canonical":"https:\/\/www.reseau-entreprendre.org\/nord\/accompagner\/","og_locale":"fr_FR","og_type":"article","og_title":"R\u00e9seau Entreprendre Nord - ACCOMPAGNER","og_description":"Vous \u00eates chef d'entreprise et vous souhaitez accompagner de nouveaux entrepreneurs ? Devenez membre b\u00e9n\u00e9vole de R\u00e9seau Entreprendre Nord !","og_url":"https:\/\/www.reseau-entreprendre.org\/nord\/accompagner\/","og_site_name":"R\u00e9seau Entreprendre Nord","article_modified_time":"2023-08-23T09:47:39+00:00","twitter_card":"summary_large_image","twitter_misc":{"Dur\u00e9e de lecture estim\u00e9e":"1 minute"},"schema":{"@context":"https:\/\/schema.org","@graph":[{"@type":"WebPage","@id":"https:\/\/www.reseau-entreprendre.org\/nord\/accompagner\/","url":"https:\/\/www.reseau-entreprendre.org\/nord\/accompagner\/","name":"R\u00e9seau Entreprendre Nord - ACCOMPAGNER","isPartOf":{"@id":"https:\/\/www.reseau-entreprendre.org\/nord\/#website"},"datePublished":"2020-01-25T00:08:48+00:00","dateModified":"2023-08-23T09:47:39+00:00","description":"Vous \u00eates chef d'entreprise et vous souhaitez accompagner de nouveaux entrepreneurs ? Devenez membre b\u00e9n\u00e9vole de R\u00e9seau Entreprendre Nord !","breadcrumb":{"@id":"https:\/\/www.reseau-entreprendre.org\/nord\/accompagner\/#breadcrumb"},"inLanguage":"fr-FR","potentialAction":[{"@type":"ReadAction","target":["https:\/\/www.reseau-entreprendre.org\/nord\/accompagner\/"]}]},{"@type":"BreadcrumbList","@id":"https:\/\/www.reseau-entreprendre.org\/nord\/accompagner\/#breadcrumb","itemListElement":[{"@type":"ListItem","position":1,"name":"Accueil","item":"https:\/\/www.reseau-entreprendre.org\/nord\/"},{"@type":"ListItem","position":2,"name":"ACCOMPAGNER"}]},{"@type":"WebSite","@id":"https:\/\/www.reseau-entreprendre.org\/nord\/#website","url":"https:\/\/www.reseau-entreprendre.org\/nord\/","name":"R\u00e9seau Entreprendre Nord","description":"1er R\u00e9seau d&#039;accompagnement \u00e0 la cr\u00e9ation d&#039;entreprises en France !","publisher":{"@id":"https:\/\/www.reseau-entreprendre.org\/nord\/#organization"},"potentialAction":[{"@type":"SearchAction","target":{"@type":"EntryPoint","urlTemplate":"https:\/\/www.reseau-entreprendre.org\/nord\/?s={search_term_string}"},"query-input":{"@type":"PropertyValueSpecification","valueRequired":true,"valueName":"search_term_string"}}],"inLanguage":"fr-FR"},{"@type":"Organization","@id":"https:\/\/www.reseau-entreprendre.org\/nord\/#organization","name":"R\u00e9seau Entreprendre Nord","url":"https:\/\/www.reseau-entreprendre.org\/nord\/","logo":{"@type":"ImageObject","inLanguage":"fr-FR","@id":"https:\/\/www.reseau-entreprendre.org\/nord\/#\/schema\/logo\/image\/","url":"https:\/\/www.reseau-entreprendre.org\/nord\/wp-content\/uploads\/sites\/40\/2022\/03\/Logo-couleur-horizontal-edited.png","contentUrl":"https:\/\/www.reseau-entreprendre.org\/nord\/wp-content\/uploads\/sites\/40\/2022\/03\/Logo-couleur-horizontal-edited.png","width":1592,"height":739,"caption":"R\u00e9seau Entreprendre Nord"},"image":{"@id":"https:\/\/www.reseau-entreprendre.org\/nord\/#\/schema\/logo\/image\/"}}]}},"_links":{"self":[{"href":"https:\/\/www.reseau-entreprendre.org\/nord\/wp-json\/wp\/v2\/pages\/2734","targetHints":{"allow":["GET"]}}],"collection":[{"href":"https:\/\/www.reseau-entreprendre.org\/nord\/wp-json\/wp\/v2\/pages"}],"about":[{"href":"https:\/\/www.reseau-entreprendre.org\/nord\/wp-json\/wp\/v2\/types\/page"}],"author":[{"embeddable":true,"href":"https:\/\/www.reseau-entreprendre.org\/nord\/wp-json\/wp\/v2\/users\/93"}],"replies":[{"embeddable":true,"href":"https:\/\/www.reseau-entreprendre.org\/nord\/wp-json\/wp\/v2\/comments?post=2734"}],"version-history":[{"count":0,"href":"https:\/\/www.reseau-entreprendre.org\/nord\/wp-json\/wp\/v2\/pages\/2734\/revisions"}],"wp:attachment":[{"href":"https:\/\/www.reseau-entreprendre.org\/nord\/wp-json\/wp\/v2\/media?parent=2734"}],"curies":[{"name":"wp","href":"https:\/\/api.w.org\/{rel}","templated":true}]}}

<div class="wp-block-group p-5 has-background" style="background-color:#f8f8fc"><div class="wp-block-group__inner-container is-layout-flow wp-block-group-is-layout-flow">
<h3 class="wp-block-heading has-text-align-center has-re-blue-color has-text-color">Une implication à la carte</h3>



<div style="height:11px" aria-hidden="true" class="wp-block-spacer"></div>



<p class="has-text-align-center has-normal-font-size">L’implication au Réseau Entreprendre<sup>®</sup> Nord est à la carte et peut se faire de différentes manières : participer à la sélection des projets, accompagner des entrepreneurs, booster des projets et participer à la vie active de l’association, notamment via un soutien financier.</p>



<div style="height:21px" aria-hidden="true" class="wp-block-spacer"></div>



<div class="wp-block-columns mb-0 is-layout-flex wp-container-core-columns-is-layout-9d6595d7 wp-block-columns-is-layout-flex">
<div class="wp-block-column is-layout-flow wp-block-column-is-layout-flow">
<p class="has-text-align-center has-normal-font-size"><strong>Rejoignez un réseau actif de dirigeants</strong></p>



<p class="has-text-align-center has-normal-font-size">500 chefs d’entreprise, partenaires, consultants, conseillers, bénévoles</p>
</div>



<div class="wp-block-column is-layout-flow wp-block-column-is-layout-flow">
<p class="has-text-align-center has-normal-font-size"><strong>Impliquez-vous dans l’écosystème entrepreneurial</strong></p>



<p class="has-text-align-center has-normal-font-size">Grâce aux rencontres et événements de Réseau Entreprendre® Nord</p>
</div>



<div class="wp-block-column is-layout-flow wp-block-column-is-layout-flow">
<p class="has-text-align-center has-normal-font-size"><strong>Apprenez au contact de nouveaux entrepreneurs</strong></p>



<p class="has-text-align-center has-normal-font-size">Entretenez une veille sur les innovations et les jeunes entreprises prometteuses tout en transmettant votre expérience</p>
</div>
</div>
</div></div>



<div style="height:58px" aria-hidden="true" class="wp-block-spacer"></div>



<h3 class="wp-block-heading has-text-align-center"><span style="color: #268597; font-size: 28px;">Intégrer notre communauté</span></h3>



<div style="height:11px" aria-hidden="true" class="wp-block-spacer"></div>



<p class="has-text-align-center">Vous êtes un chef d’entreprise et vous souhaitez faire bénéficier de votre expérience et vous enrichir auprès de jeunes entrepreneurs prometteurs, énergiques et plein de bonnes idées ?</p>



<p class="has-text-align-center">Vous partagez nos valeurs ? Devenez membre de Réseau Entreprendre<sup>®</sup> Nord !</p>



<div style="height:18px" aria-hidden="true" class="wp-block-spacer"></div>



<div class="wp-block-buttons is-horizontal is-content-justification-center is-layout-flex wp-container-core-buttons-is-layout-499968f5 wp-block-buttons-is-layout-flex">
<div class="wp-block-button is-style-fill"><a class="wp-block-button__link has-re-blue-background-color has-background wp-element-button" href="https://www.reseau-entreprendre.org/nord/contact/" target="_blank" rel="noreferrer noopener">Devenez membre</a></div>
</div>

<p>Une implication à la carte L’implication au Réseau Entreprendre® Nord</p>

<!-- This site is optimized with the Yoast SEO plugin v27.4 - https://yoast.com/product/yoast-seo-wordpress/ -->
<title>Réseau Entreprendre Nord - ACCOMPAGNER</title>
<meta name="description" content="Vous êtes chef d&#039;entreprise et vous souhaitez accompagner de nouveaux entrepreneurs ? Devenez membre bénévole de Réseau Entreprendre Nord !" />
<meta name="robots" content="index, follow, max-snippet:-1, max-image-preview:large, max-video-preview:-1" />
<link rel="canonical" href="https://www.reseau-entreprendre.org/nord/accompagner/" />
<meta property="og:locale" content="fr_FR" />
<meta property="og:type" content="article" />
<meta property="og:title" content="Réseau Entreprendre Nord - ACCOMPAGNER" />
<meta property="og:description" content="Vous êtes chef d&#039;entreprise et vous souhaitez accompagner de nouveaux entrepreneurs ? Devenez membre bénévole de Réseau Entreprendre Nord !" />
<meta property="og:url" content="https://www.reseau-entreprendre.org/nord/accompagner/" />
<meta property="og:site_name" content="Réseau Entreprendre Nord" />
<meta property="article:modified_time" content="2023-08-23T09:47:39+00:00" />
<meta name="twitter:card" content="summary_large_image" />
<meta name="twitter:label1" content="Durée de lecture estimée" />
	<meta name="twitter:data1" content="1 minute" />
<script type="application/ld+json" class="yoast-schema-graph">{"@context":"https:\/\/schema.org","@graph":[{"@type":"WebPage","@id":"https:\/\/www.reseau-entreprendre.org\/nord\/accompagner\/","url":"https:\/\/www.reseau-entreprendre.org\/nord\/accompagner\/","name":"Réseau Entreprendre Nord - ACCOMPAGNER","isPartOf":{"@id":"https:\/\/www.reseau-entreprendre.org\/nord\/#website"},"datePublished":"2020-01-25T00:08:48+00:00","dateModified":"2023-08-23T09:47:39+00:00","description":"Vous êtes chef d'entreprise et vous souhaitez accompagner de nouveaux entrepreneurs ? Devenez membre bénévole de Réseau Entreprendre Nord !","breadcrumb":{"@id":"https:\/\/www.reseau-entreprendre.org\/nord\/accompagner\/#breadcrumb"},"inLanguage":"fr-FR","potentialAction":[{"@type":"ReadAction","target":["https:\/\/www.reseau-entreprendre.org\/nord\/accompagner\/"]}]},{"@type":"BreadcrumbList","@id":"https:\/\/www.reseau-entreprendre.org\/nord\/accompagner\/#breadcrumb","itemListElement":[{"@type":"ListItem","position":1,"name":"Accueil","item":"https:\/\/www.reseau-entreprendre.org\/nord\/"},{"@type":"ListItem","position":2,"name":"ACCOMPAGNER"}]},{"@type":"WebSite","@id":"https:\/\/www.reseau-entreprendre.org\/nord\/#website","url":"https:\/\/www.reseau-entreprendre.org\/nord\/","name":"Réseau Entreprendre Nord","description":"1er Réseau d&#039;accompagnement à la création d&#039;entreprises en France !","publisher":{"@id":"https:\/\/www.reseau-entreprendre.org\/nord\/#organization"},"potentialAction":[{"@type":"SearchAction","target":{"@type":"EntryPoint","urlTemplate":"https:\/\/www.reseau-entreprendre.org\/nord\/?s={search_term_string}"},"query-input":{"@type":"PropertyValueSpecification","valueRequired":true,"valueName":"search_term_string"}}],"inLanguage":"fr-FR"},{"@type":"Organization","@id":"https:\/\/www.reseau-entreprendre.org\/nord\/#organization","name":"Réseau Entreprendre Nord","url":"https:\/\/www.reseau-entreprendre.org\/nord\/","logo":{"@type":"ImageObject","inLanguage":"fr-FR","@id":"https:\/\/www.reseau-entreprendre.org\/nord\/#\/schema\/logo\/image\/","url":"https:\/\/www.reseau-entreprendre.org\/nord\/wp-content\/uploads\/sites\/40\/2022\/03\/Logo-couleur-horizontal-edited.png","contentUrl":"https:\/\/www.reseau-entreprendre.org\/nord\/wp-content\/uploads\/sites\/40\/2022\/03\/Logo-couleur-horizontal-edited.png","width":1592,"height":739,"caption":"Réseau Entreprendre Nord"},"image":{"@id":"https:\/\/www.reseau-entreprendre.org\/nord\/#\/schema\/logo\/image\/"}}]}</script>
<!-- / Yoast SEO plugin. -->

Réseau Entreprendre Nord - ACCOMPAGNER

Vous êtes chef d'entreprise et vous souhaitez accompagner de nouveaux entrepreneurs ? Devenez membre bénévole de Réseau Entreprendre Nord !

Réseau Entreprendre Nord

1er Réseau d&#039;accompagnement à la création d&#039;entreprises en France !
