{"id":2147,"date":"2020-12-03T10:18:26","date_gmt":"2020-12-03T09:18:26","guid":{"rendered":"https:\/\/www.reseau-entreprendre.org\/normandie-estuaire\/?page_id=2147"},"modified":"2026-02-24T15:05:00","modified_gmt":"2026-02-24T14:05:00","slug":"les-benevoles","status":"publish","type":"page","link":"https:\/\/www.reseau-entreprendre.org\/normandie-estuaire\/les-benevoles\/","title":{"rendered":"LES B\u00c9N\u00c9VOLES"},"content":{"rendered":"\n<p><span style=\"color: #000000\"><strong>Devenez membre de R\u00e9seau Entreprendre<strong>\u00ae<\/strong> Normandie Estuaire et aidez-nous \u00e0 faire r\u00e9ussir les entrepreneurs qui cr\u00e9eront les emplois de demain !<\/strong><\/span><\/p>\n\n\n\n<p><span style=\"color: #000000\">L\u2019accompagnement de R\u00e9seau Entreprendre\u00ae Normandie Estuaire est fond\u00e9 sur la gratuit\u00e9 et l\u2019entraide entre chefs d\u2019entreprise.<\/span><\/p>\n\n\n\n<div style=\"height:100px\" aria-hidden=\"true\" class=\"wp-block-spacer\"><\/div>\n\n\n\n<h4 class=\"wp-block-heading\"><span style=\"color: #268597\"><strong>Le r\u00f4le de l\u2019Accompagnateur<\/strong><\/span><\/h4>\n\n\n\n<p><span style=\"color: #000000\">L\u2019accompagnateur est membre de R\u00e9seau Entreprendre <span style=\"color: #000000\">\u00ae<\/span>  Normandie Estuaire et s\u2019engage dans cette mission pour 2 ans (3 ans dans certains cas). Le laur\u00e9at s\u2019engage \u00e0 profiter du soutien et des conseils de l\u2019accompagnateur par des \u00e9changes et des rencontres r\u00e9guli\u00e8res.<\/span><\/p>\n\n\n\n<p><span style=\"color: #000000\">Pour un accompagnement efficace, le laur\u00e9at et son accompagnateur se rencontrent une fois par mois (2 \u00e0 3 heures).<\/span><\/p>\n\n\n\n<p><span style=\"color: #000000\">L\u2019association s\u2019assure du bon fonctionnement du bin\u00f4me.<\/span><\/p>\n\n\n\n<figure class=\"wp-block-embed aligncenter is-type-video is-provider-youtube wp-block-embed-youtube wp-embed-aspect-16-9 wp-has-aspect-ratio\"><div class=\"wp-block-embed__wrapper\">\n<iframe loading=\"lazy\" title=\"Les 5 cl\u00e9s de l\u2019accompagnement R\u00e9seau Entreprendre Normandie Estuaire\" width=\"500\" height=\"281\" src=\"https:\/\/www.youtube.com\/embed\/iDEumeDs5IM?start=66&#038;feature=oembed\" frameborder=\"0\" allow=\"accelerometer; autoplay; clipboard-write; encrypted-media; gyroscope; picture-in-picture; web-share\" referrerpolicy=\"strict-origin-when-cross-origin\" allowfullscreen><\/iframe>\n<\/div><\/figure>\n\n\n\n<div style=\"height:100px\" aria-hidden=\"true\" class=\"wp-block-spacer\"><\/div>\n\n\n\n<h4 class=\"wp-block-heading\"><span style=\"color: #268597\"><strong>L\u2019implication des membres&nbsp;dans le fonctionnement de l\u2019association<\/strong><\/span><\/h4>\n\n\n\n<p><span style=\"color: #000000\"><strong>&nbsp;<\/strong><\/span><\/p>\n\n\n\n<p class=\"has-text-align-center\"><span style=\"color: #d70635\"><strong>Le Parcours de Validation<\/strong><\/span><\/p>\n\n\n\n<p class=\"has-text-align-center\"><span style=\"color: #000000\">Rencontre individuelle avec un candidat pour \u00e9valuer et valider l\u2019Homme et son projet.<\/span><\/p>\n\n\n\n<p class=\"has-text-align-center\"><span style=\"color: #000000\">***<\/span><\/p>\n\n\n\n<p class=\"has-text-align-center\"><span style=\"color: #d70635\"><strong>Le Comit\u00e9 d\u2019Engagement<\/strong><\/span><\/p>\n\n\n\n<p class=\"has-text-align-center\"><span style=\"color: #000000\">Participation \u00e0 un Comit\u00e9 de 5 \u00e0 8 Membres pour d\u00e9cider de l\u2019accompagnement d\u2019un projet.<\/span><\/p>\n\n\n\n<p class=\"has-text-align-center\"><span style=\"color: #000000\">***<\/span><\/p>\n\n\n\n<p class=\"has-text-align-center\"><span style=\"color: #d70635\"><strong>&nbsp;L\u2019Accompagnement d\u2019un Laur\u00e9at<\/strong><\/span><\/p>\n\n\n\n<p class=\"has-text-align-center\"><span style=\"color: #000000\">Rencontres mensuelles pendant 2 ans.<\/span><\/p>\n\n\n\n<p class=\"has-text-align-center\"><span style=\"color: #000000\">***<\/span><\/p>\n\n\n\n<p class=\"has-text-align-center\"><strong><span style=\"color: #d70635\">Participation \u00e0 un Groupement d\u2019accompagnement renforc\u00e9<\/span><\/strong><\/p>\n\n\n\n<p class=\"has-text-align-center\"><span style=\"color: #000000\">5 \u00e0 8 membres se r\u00e9unissent le temps d\u2019une rencontre de deux heures pour accompagner le laur\u00e9at sur une probl\u00e9matique sp\u00e9cifique<\/span><\/p>\n\n\n\n<p class=\"has-text-align-center\"><span style=\"color: #000000\">***<\/span><\/p>\n\n\n\n<p class=\"has-text-align-center\"><span style=\"color: #d70635\"><strong>Les Conviviales et les Clubs Laur\u00e9ats<\/strong><\/span><\/p>\n\n\n\n<p class=\"has-text-align-center\"><span style=\"color: #000000\">Moment d\u2019\u00e9changes entre Membres et Laur\u00e9ats, avec apport d\u2019expertise ou visite d\u2019entreprise.<\/span><\/p>\n\n\n\n<p class=\"has-text-align-center\"><span style=\"color: #000000\">***<\/span><\/p>\n\n\n\n<p class=\"has-text-align-center\"><strong><span style=\"color: #d70635\">La Gouvernance<\/span><\/strong><\/p>\n\n\n\n<p class=\"has-text-align-center\"><span style=\"color: #000000\">Devenez administrateur de l\u2019association R\u00e9seau Entreprendre Normandie Estuaire<\/span><\/p>\n\n\n\n<div style=\"height:100px\" aria-hidden=\"true\" class=\"wp-block-spacer\"><\/div>\n\n\n\n<h4 class=\"wp-block-heading\"><span style=\"color: #268597\"><strong><span class=\"has-inline-color has-re-blue-color\">Devenez Membre R\u00e9seau Entreprendr<strong>e\u00ae<\/strong>&nbsp;Normandie Estuaire&nbsp;!<\/span><\/strong><\/span><\/h4>\n\n\n\n<p><span style=\"color: #000000\">R\u00e9seau Entreprendre <span style=\"color: #000000\">\u00ae<\/span>  Normandie Estuaire a pour objectif&nbsp;<strong>d\u2019augmenter significativement le nombre de projets accompagn\u00e9s.<\/strong><\/span><\/p>\n\n\n\n<p><span style=\"color: #000000\">Cet objectif nous permettra de contribuer de fa\u00e7on efficace au d\u00e9veloppement \u00e9conomique de notre territoire, en permettant la cr\u00e9ation ou la sauvegarde d\u2019un grand nombre d\u2019emplois.<\/span><\/p>\n\n\n\n<p><span style=\"color: #000000\"><strong>L\u2019atteinte de ces objectifs ne sera possible qu\u2019en accroissant le nombre de nos adh\u00e9rents.<\/strong><\/span><\/p>\n\n\n\n<p><span style=\"color: #000000\">Si l\u2019action de l\u2019\u00e9quipe op\u00e9rationnelle est importante pour le d\u00e9veloppement de l\u2019association, la cooptation de nouveaux entrants par les membres actuels est tout \u00e0 fait essentielle. Nous avons tous la chance de faire partie d\u2019un formidable mouvement, un r\u00e9seau dynamique,&nbsp;<strong>altruiste et enrichissant.<\/strong><\/span><\/p>\n\n\n\n<p><span style=\"color: #000000\"><strong>Soyons fiers de cette appartenance et fiers de proposer \u00e0 nos relations de nous rejoindre dans cette aventure humaine extraordinaire.<\/strong><\/span><\/p>\n\n\n\n<div style=\"height:100px\" aria-hidden=\"true\" class=\"wp-block-spacer\"><\/div>\n\n\n<div class=\"wp-block-image\">\n<figure class=\"aligncenter size-large is-resized\"><img loading=\"lazy\" decoding=\"async\" width=\"1024\" height=\"683\" src=\"https:\/\/www.reseau-entreprendre.org\/normandie-estuaire\/wp-content\/uploads\/sites\/55\/2026\/01\/20260120_ENTREPRENDRE_LAUREATS_0663_BD_8B-1024x683.jpg\" alt=\"Cr\u00e9dit photo : \u00a9Agn\u00e8s des Ligneris\" class=\"wp-image-6737\" style=\"width:757px;height:auto\" srcset=\"https:\/\/www.reseau-entreprendre.org\/normandie-estuaire\/wp-content\/uploads\/sites\/55\/2026\/01\/20260120_ENTREPRENDRE_LAUREATS_0663_BD_8B-1024x683.jpg 1024w, https:\/\/www.reseau-entreprendre.org\/normandie-estuaire\/wp-content\/uploads\/sites\/55\/2026\/01\/20260120_ENTREPRENDRE_LAUREATS_0663_BD_8B-300x200.jpg 300w, https:\/\/www.reseau-entreprendre.org\/normandie-estuaire\/wp-content\/uploads\/sites\/55\/2026\/01\/20260120_ENTREPRENDRE_LAUREATS_0663_BD_8B-768x512.jpg 768w, https:\/\/www.reseau-entreprendre.org\/normandie-estuaire\/wp-content\/uploads\/sites\/55\/2026\/01\/20260120_ENTREPRENDRE_LAUREATS_0663_BD_8B-391x260.jpg 391w, https:\/\/www.reseau-entreprendre.org\/normandie-estuaire\/wp-content\/uploads\/sites\/55\/2026\/01\/20260120_ENTREPRENDRE_LAUREATS_0663_BD_8B-195x130.jpg 195w, https:\/\/www.reseau-entreprendre.org\/normandie-estuaire\/wp-content\/uploads\/sites\/55\/2026\/01\/20260120_ENTREPRENDRE_LAUREATS_0663_BD_8B-100x67.jpg 100w, https:\/\/www.reseau-entreprendre.org\/normandie-estuaire\/wp-content\/uploads\/sites\/55\/2026\/01\/20260120_ENTREPRENDRE_LAUREATS_0663_BD_8B-scaled.jpg 1140w\" sizes=\"auto, (max-width: 1024px) 100vw, 1024px\" \/><figcaption class=\"wp-element-caption\">Gala des Laur\u00e9ats &#8211; 20 janvier 2026 : Laur\u00e9ats &amp; Accompagnateurs <br>Cr\u00e9dit photo : \u00a9Agn\u00e8s des Ligneris<\/figcaption><\/figure>\n<\/div>\n\n\n<div style=\"height:100px\" aria-hidden=\"true\" class=\"wp-block-spacer\"><\/div>\n\n\n\n<h5 class=\"wp-block-heading has-text-align-center\"><span style=\"color: #268597\">Vous \u00eates chef d\u2019entreprise ou cadre dirigeant&nbsp;? <\/span><\/h5>\n\n\n\n<h5 class=\"wp-block-heading has-text-align-center\"><span style=\"color: #268597\">Vous souhaitez vous impliquer au sein de notre r\u00e9seau&nbsp;?<\/span><\/h5>\n\n\n\n<div style=\"height:30px\" aria-hidden=\"true\" class=\"wp-block-spacer\"><\/div>\n\n\n\n<div class=\"wp-block-buttons is-horizontal is-content-justification-center is-layout-flex wp-container-core-buttons-is-layout-499968f5 wp-block-buttons-is-layout-flex\">\n<div class=\"wp-block-button is-style-fill\"><a class=\"wp-block-button__link has-re-blue-background-color has-text-color has-background wp-element-button\" href=\"https:\/\/www.reseau-entreprendre.org\/normandie-estuaire\/contact\" style=\"color:#ffffff\">Rejoignez-nous !<\/a><\/div>\n<\/div>\n\n\n\n<p><span style=\"color: #d70635\"><\/span><\/p>\n","protected":false},"excerpt":{"rendered":"<p>Devenez membre de R\u00e9seau Entreprendre\u00ae Normandie Estuaire et aidez-nous \u00e0<\/p>\n","protected":false},"author":56,"featured_media":0,"parent":0,"menu_order":0,"comment_status":"closed","ping_status":"closed","template":"","meta":{"_acf_changed":false,"_monsterinsights_skip_tracking":false,"_monsterinsights_sitenote_active":false,"_monsterinsights_sitenote_note":"","_monsterinsights_sitenote_category":0,"footnotes":""},"class_list":["post-2147","page","type-page","status-publish","hentry"],"acf":[],"yoast_head":"<!-- This site is optimized with the Yoast SEO plugin v27.4 - https:\/\/yoast.com\/product\/yoast-seo-wordpress\/ -->\n<title>LES B\u00c9N\u00c9VOLES - R\u00e9seau Entreprendre Normandie Estuaire<\/title>\n<meta name=\"robots\" content=\"index, follow, max-snippet:-1, max-image-preview:large, max-video-preview:-1\" \/>\n<link rel=\"canonical\" href=\"https:\/\/www.reseau-entreprendre.org\/normandie-estuaire\/les-benevoles\/\" \/>\n<meta property=\"og:locale\" content=\"fr_FR\" \/>\n<meta property=\"og:type\" content=\"article\" \/>\n<meta property=\"og:title\" content=\"LES B\u00c9N\u00c9VOLES - R\u00e9seau Entreprendre Normandie Estuaire\" \/>\n<meta property=\"og:description\" content=\"Devenez membre de R\u00e9seau Entreprendre\u00ae Normandie Estuaire et aidez-nous \u00e0\" \/>\n<meta property=\"og:url\" content=\"https:\/\/www.reseau-entreprendre.org\/normandie-estuaire\/les-benevoles\/\" \/>\n<meta property=\"og:site_name\" content=\"R\u00e9seau Entreprendre Normandie Estuaire\" \/>\n<meta property=\"article:modified_time\" content=\"2026-02-24T14:05:00+00:00\" \/>\n<meta property=\"og:image\" content=\"https:\/\/www.reseau-entreprendre.org\/normandie-estuaire\/wp-content\/uploads\/sites\/55\/2026\/01\/20260120_ENTREPRENDRE_LAUREATS_0663_BD_8B-scaled.jpg\" \/>\n\t<meta property=\"og:image:width\" content=\"1140\" \/>\n\t<meta property=\"og:image:height\" content=\"760\" \/>\n\t<meta property=\"og:image:type\" content=\"image\/jpeg\" \/>\n<meta name=\"twitter:card\" content=\"summary_large_image\" \/>\n<meta name=\"twitter:label1\" content=\"Dur\u00e9e de lecture estim\u00e9e\" \/>\n\t<meta name=\"twitter:data1\" content=\"3 minutes\" \/>\n<script type=\"application\/ld+json\" class=\"yoast-schema-graph\">{\"@context\":\"https:\\\/\\\/schema.org\",\"@graph\":[{\"@type\":\"WebPage\",\"@id\":\"https:\\\/\\\/www.reseau-entreprendre.org\\\/normandie-estuaire\\\/les-benevoles\\\/\",\"url\":\"https:\\\/\\\/www.reseau-entreprendre.org\\\/normandie-estuaire\\\/les-benevoles\\\/\",\"name\":\"LES B\u00c9N\u00c9VOLES - R\u00e9seau Entreprendre Normandie Estuaire\",\"isPartOf\":{\"@id\":\"https:\\\/\\\/www.reseau-entreprendre.org\\\/normandie-estuaire\\\/#website\"},\"primaryImageOfPage\":{\"@id\":\"https:\\\/\\\/www.reseau-entreprendre.org\\\/normandie-estuaire\\\/les-benevoles\\\/#primaryimage\"},\"image\":{\"@id\":\"https:\\\/\\\/www.reseau-entreprendre.org\\\/normandie-estuaire\\\/les-benevoles\\\/#primaryimage\"},\"thumbnailUrl\":\"https:\\\/\\\/www.reseau-entreprendre.org\\\/normandie-estuaire\\\/wp-content\\\/uploads\\\/sites\\\/55\\\/2026\\\/01\\\/20260120_ENTREPRENDRE_LAUREATS_0663_BD_8B-1024x683.jpg\",\"datePublished\":\"2020-12-03T09:18:26+00:00\",\"dateModified\":\"2026-02-24T14:05:00+00:00\",\"breadcrumb\":{\"@id\":\"https:\\\/\\\/www.reseau-entreprendre.org\\\/normandie-estuaire\\\/les-benevoles\\\/#breadcrumb\"},\"inLanguage\":\"fr-FR\",\"potentialAction\":[{\"@type\":\"ReadAction\",\"target\":[\"https:\\\/\\\/www.reseau-entreprendre.org\\\/normandie-estuaire\\\/les-benevoles\\\/\"]}]},{\"@type\":\"ImageObject\",\"inLanguage\":\"fr-FR\",\"@id\":\"https:\\\/\\\/www.reseau-entreprendre.org\\\/normandie-estuaire\\\/les-benevoles\\\/#primaryimage\",\"url\":\"https:\\\/\\\/www.reseau-entreprendre.org\\\/normandie-estuaire\\\/wp-content\\\/uploads\\\/sites\\\/55\\\/2026\\\/01\\\/20260120_ENTREPRENDRE_LAUREATS_0663_BD_8B-scaled.jpg\",\"contentUrl\":\"https:\\\/\\\/www.reseau-entreprendre.org\\\/normandie-estuaire\\\/wp-content\\\/uploads\\\/sites\\\/55\\\/2026\\\/01\\\/20260120_ENTREPRENDRE_LAUREATS_0663_BD_8B-scaled.jpg\",\"width\":1140,\"height\":760,\"caption\":\"Gala des Laur\u00e9ats - 20 janvier 2026 : Laur\u00e9ats &amp; Accompagnateur Cr\u00e9dit photo : \u00a9Agn\u00e8s des Ligneris\"},{\"@type\":\"BreadcrumbList\",\"@id\":\"https:\\\/\\\/www.reseau-entreprendre.org\\\/normandie-estuaire\\\/les-benevoles\\\/#breadcrumb\",\"itemListElement\":[{\"@type\":\"ListItem\",\"position\":1,\"name\":\"Accueil\",\"item\":\"https:\\\/\\\/www.reseau-entreprendre.org\\\/normandie-estuaire\\\/\"},{\"@type\":\"ListItem\",\"position\":2,\"name\":\"LES B\u00c9N\u00c9VOLES\"}]},{\"@type\":\"WebSite\",\"@id\":\"https:\\\/\\\/www.reseau-entreprendre.org\\\/normandie-estuaire\\\/#website\",\"url\":\"https:\\\/\\\/www.reseau-entreprendre.org\\\/normandie-estuaire\\\/\",\"name\":\"R\u00e9seau Entreprendre Normandie Estuaire\",\"description\":\"Un site utilisant Les sites de R\u00e9seau Entreprendre\",\"publisher\":{\"@id\":\"https:\\\/\\\/www.reseau-entreprendre.org\\\/normandie-estuaire\\\/#organization\"},\"potentialAction\":[{\"@type\":\"SearchAction\",\"target\":{\"@type\":\"EntryPoint\",\"urlTemplate\":\"https:\\\/\\\/www.reseau-entreprendre.org\\\/normandie-estuaire\\\/?s={search_term_string}\"},\"query-input\":{\"@type\":\"PropertyValueSpecification\",\"valueRequired\":true,\"valueName\":\"search_term_string\"}}],\"inLanguage\":\"fr-FR\"},{\"@type\":\"Organization\",\"@id\":\"https:\\\/\\\/www.reseau-entreprendre.org\\\/normandie-estuaire\\\/#organization\",\"name\":\"R\u00e9seau Entreprendre Normandie Estuaire\",\"url\":\"https:\\\/\\\/www.reseau-entreprendre.org\\\/normandie-estuaire\\\/\",\"logo\":{\"@type\":\"ImageObject\",\"inLanguage\":\"fr-FR\",\"@id\":\"https:\\\/\\\/www.reseau-entreprendre.org\\\/normandie-estuaire\\\/#\\\/schema\\\/logo\\\/image\\\/\",\"url\":\"https:\\\/\\\/www.reseau-entreprendre.org\\\/normandie-estuaire\\\/wp-content\\\/uploads\\\/sites\\\/55\\\/2017\\\/11\\\/LOGO-RESE-COULEUR.png\",\"contentUrl\":\"https:\\\/\\\/www.reseau-entreprendre.org\\\/normandie-estuaire\\\/wp-content\\\/uploads\\\/sites\\\/55\\\/2017\\\/11\\\/LOGO-RESE-COULEUR.png\",\"width\":1280,\"height\":333,\"caption\":\"R\u00e9seau Entreprendre Normandie Estuaire\"},\"image\":{\"@id\":\"https:\\\/\\\/www.reseau-entreprendre.org\\\/normandie-estuaire\\\/#\\\/schema\\\/logo\\\/image\\\/\"}}]}<\/script>\n<!-- \/ Yoast SEO plugin. -->","yoast_head_json":{"title":"LES B\u00c9N\u00c9VOLES - R\u00e9seau Entreprendre Normandie Estuaire","robots":{"index":"index","follow":"follow","max-snippet":"max-snippet:-1","max-image-preview":"max-image-preview:large","max-video-preview":"max-video-preview:-1"},"canonical":"https:\/\/www.reseau-entreprendre.org\/normandie-estuaire\/les-benevoles\/","og_locale":"fr_FR","og_type":"article","og_title":"LES B\u00c9N\u00c9VOLES - R\u00e9seau Entreprendre Normandie Estuaire","og_description":"Devenez membre de R\u00e9seau Entreprendre\u00ae Normandie Estuaire et aidez-nous \u00e0","og_url":"https:\/\/www.reseau-entreprendre.org\/normandie-estuaire\/les-benevoles\/","og_site_name":"R\u00e9seau Entreprendre Normandie Estuaire","article_modified_time":"2026-02-24T14:05:00+00:00","og_image":[{"width":1140,"height":760,"url":"https:\/\/www.reseau-entreprendre.org\/normandie-estuaire\/wp-content\/uploads\/sites\/55\/2026\/01\/20260120_ENTREPRENDRE_LAUREATS_0663_BD_8B-scaled.jpg","type":"image\/jpeg"}],"twitter_card":"summary_large_image","twitter_misc":{"Dur\u00e9e de lecture estim\u00e9e":"3 minutes"},"schema":{"@context":"https:\/\/schema.org","@graph":[{"@type":"WebPage","@id":"https:\/\/www.reseau-entreprendre.org\/normandie-estuaire\/les-benevoles\/","url":"https:\/\/www.reseau-entreprendre.org\/normandie-estuaire\/les-benevoles\/","name":"LES B\u00c9N\u00c9VOLES - R\u00e9seau Entreprendre Normandie Estuaire","isPartOf":{"@id":"https:\/\/www.reseau-entreprendre.org\/normandie-estuaire\/#website"},"primaryImageOfPage":{"@id":"https:\/\/www.reseau-entreprendre.org\/normandie-estuaire\/les-benevoles\/#primaryimage"},"image":{"@id":"https:\/\/www.reseau-entreprendre.org\/normandie-estuaire\/les-benevoles\/#primaryimage"},"thumbnailUrl":"https:\/\/www.reseau-entreprendre.org\/normandie-estuaire\/wp-content\/uploads\/sites\/55\/2026\/01\/20260120_ENTREPRENDRE_LAUREATS_0663_BD_8B-1024x683.jpg","datePublished":"2020-12-03T09:18:26+00:00","dateModified":"2026-02-24T14:05:00+00:00","breadcrumb":{"@id":"https:\/\/www.reseau-entreprendre.org\/normandie-estuaire\/les-benevoles\/#breadcrumb"},"inLanguage":"fr-FR","potentialAction":[{"@type":"ReadAction","target":["https:\/\/www.reseau-entreprendre.org\/normandie-estuaire\/les-benevoles\/"]}]},{"@type":"ImageObject","inLanguage":"fr-FR","@id":"https:\/\/www.reseau-entreprendre.org\/normandie-estuaire\/les-benevoles\/#primaryimage","url":"https:\/\/www.reseau-entreprendre.org\/normandie-estuaire\/wp-content\/uploads\/sites\/55\/2026\/01\/20260120_ENTREPRENDRE_LAUREATS_0663_BD_8B-scaled.jpg","contentUrl":"https:\/\/www.reseau-entreprendre.org\/normandie-estuaire\/wp-content\/uploads\/sites\/55\/2026\/01\/20260120_ENTREPRENDRE_LAUREATS_0663_BD_8B-scaled.jpg","width":1140,"height":760,"caption":"Gala des Laur\u00e9ats - 20 janvier 2026 : Laur\u00e9ats &amp; Accompagnateur Cr\u00e9dit photo : \u00a9Agn\u00e8s des Ligneris"},{"@type":"BreadcrumbList","@id":"https:\/\/www.reseau-entreprendre.org\/normandie-estuaire\/les-benevoles\/#breadcrumb","itemListElement":[{"@type":"ListItem","position":1,"name":"Accueil","item":"https:\/\/www.reseau-entreprendre.org\/normandie-estuaire\/"},{"@type":"ListItem","position":2,"name":"LES B\u00c9N\u00c9VOLES"}]},{"@type":"WebSite","@id":"https:\/\/www.reseau-entreprendre.org\/normandie-estuaire\/#website","url":"https:\/\/www.reseau-entreprendre.org\/normandie-estuaire\/","name":"R\u00e9seau Entreprendre Normandie Estuaire","description":"Un site utilisant Les sites de R\u00e9seau Entreprendre","publisher":{"@id":"https:\/\/www.reseau-entreprendre.org\/normandie-estuaire\/#organization"},"potentialAction":[{"@type":"SearchAction","target":{"@type":"EntryPoint","urlTemplate":"https:\/\/www.reseau-entreprendre.org\/normandie-estuaire\/?s={search_term_string}"},"query-input":{"@type":"PropertyValueSpecification","valueRequired":true,"valueName":"search_term_string"}}],"inLanguage":"fr-FR"},{"@type":"Organization","@id":"https:\/\/www.reseau-entreprendre.org\/normandie-estuaire\/#organization","name":"R\u00e9seau Entreprendre Normandie Estuaire","url":"https:\/\/www.reseau-entreprendre.org\/normandie-estuaire\/","logo":{"@type":"ImageObject","inLanguage":"fr-FR","@id":"https:\/\/www.reseau-entreprendre.org\/normandie-estuaire\/#\/schema\/logo\/image\/","url":"https:\/\/www.reseau-entreprendre.org\/normandie-estuaire\/wp-content\/uploads\/sites\/55\/2017\/11\/LOGO-RESE-COULEUR.png","contentUrl":"https:\/\/www.reseau-entreprendre.org\/normandie-estuaire\/wp-content\/uploads\/sites\/55\/2017\/11\/LOGO-RESE-COULEUR.png","width":1280,"height":333,"caption":"R\u00e9seau Entreprendre Normandie Estuaire"},"image":{"@id":"https:\/\/www.reseau-entreprendre.org\/normandie-estuaire\/#\/schema\/logo\/image\/"}}]}},"_links":{"self":[{"href":"https:\/\/www.reseau-entreprendre.org\/normandie-estuaire\/wp-json\/wp\/v2\/pages\/2147","targetHints":{"allow":["GET"]}}],"collection":[{"href":"https:\/\/www.reseau-entreprendre.org\/normandie-estuaire\/wp-json\/wp\/v2\/pages"}],"about":[{"href":"https:\/\/www.reseau-entreprendre.org\/normandie-estuaire\/wp-json\/wp\/v2\/types\/page"}],"author":[{"embeddable":true,"href":"https:\/\/www.reseau-entreprendre.org\/normandie-estuaire\/wp-json\/wp\/v2\/users\/56"}],"replies":[{"embeddable":true,"href":"https:\/\/www.reseau-entreprendre.org\/normandie-estuaire\/wp-json\/wp\/v2\/comments?post=2147"}],"version-history":[{"count":0,"href":"https:\/\/www.reseau-entreprendre.org\/normandie-estuaire\/wp-json\/wp\/v2\/pages\/2147\/revisions"}],"wp:attachment":[{"href":"https:\/\/www.reseau-entreprendre.org\/normandie-estuaire\/wp-json\/wp\/v2\/media?parent=2147"}],"curies":[{"name":"wp","href":"https:\/\/api.w.org\/{rel}","templated":true}]}}