{"id":15,"date":"2021-11-26T16:00:00","date_gmt":"2021-11-26T15:00:00","guid":{"rendered":"http:\/\/re-dev-entreprendre.fr\/normandie-seine-et-eure\/?page_id=15"},"modified":"2021-12-02T14:18:54","modified_gmt":"2021-12-02T13:18:54","slug":"engager","status":"publish","type":"page","link":"https:\/\/www.reseau-entreprendre.org\/normandie-seine-et-eure\/engager\/","title":{"rendered":"S&#8217;engager"},"content":{"rendered":"\n<p>Pour atteindre son objectif d\u2019accompagner toujours plus de laur\u00e9ats, de les p\u00e9renniser, de cr\u00e9er de nouveaux emplois durables et, ainsi, de participer au d\u00e9veloppement \u00e9conomique de notre territoire, R\u00e9seau Entreprendre\u00ae Normandie Seine &amp; Eure peut compter sur la g\u00e9n\u00e9rosit\u00e9 et l\u2019implication de ses 120 membres chefs d\u2019entreprise.<\/p>\n\n\n\n<div style=\"height:30px\" aria-hidden=\"true\" class=\"wp-block-spacer\"><\/div>\n\n\n\n<h3 class=\"has-re-red-color has-text-color wp-block-heading\"><span class=\"has-inline-color has-re-blue-color\">L\u2019accompagnement est au c\u0153ur de l\u2019offre R\u00e9seau Entreprendre et repose sur l\u2019engagement de chefs d\u2019entreprise qui transmettent leur passion d\u2019entreprendre.<\/span><\/h3>\n\n\n\n<div style=\"height:25px\" aria-hidden=\"true\" class=\"wp-block-spacer\"><\/div>\n\n\n\n<figure class=\"wp-block-embed aligncenter is-type-video is-provider-youtube wp-block-embed-youtube wp-embed-aspect-16-9 wp-has-aspect-ratio\"><div class=\"wp-block-embed__wrapper\">\n<iframe loading=\"lazy\" title=\"S&#039;engager avec R\u00e9seau Entreprendre\" width=\"500\" height=\"281\" src=\"https:\/\/www.youtube.com\/embed\/NUJCI0vCPuU?feature=oembed\" frameborder=\"0\" allow=\"accelerometer; autoplay; clipboard-write; encrypted-media; gyroscope; picture-in-picture; web-share\" referrerpolicy=\"strict-origin-when-cross-origin\" allowfullscreen><\/iframe>\n<\/div><\/figure>\n\n\n\n<div class=\"wp-block-columns is-layout-flex wp-container-core-columns-is-layout-9d6595d7 wp-block-columns-is-layout-flex\">\n<div class=\"wp-block-column is-layout-flow wp-block-column-is-layout-flow\" style=\"flex-basis:100%\"><\/div>\n<\/div>\n\n\n\n<p>Les entrepreneurs laur\u00e9ats de R\u00e9seau Entreprendre Normandie Seine &amp; Eure b\u00e9n\u00e9ficient de l\u2019appui d\u2019un accompagnateur, chef d\u2019entreprise b\u00e9n\u00e9vole, pendant deux ans. Le lien de confiance qui s\u2019installe vous permet de partager votre exp\u00e9rience et ainsi d\u2019accompagner vers la r\u00e9ussite le nouvel entrepreneur !<\/p>\n\n\n\n<div style=\"height:40px\" aria-hidden=\"true\" class=\"wp-block-spacer\"><\/div>\n\n\n\n<h4 class=\"has-text-align-center wp-block-heading\"><strong>Pourquoi nous rejoindre ?<\/strong><\/h4>\n\n\n\n<div style=\"height:40px\" aria-hidden=\"true\" class=\"wp-block-spacer\"><\/div>\n\n\n\n<div class=\"wp-block-group\"><div class=\"wp-block-group__inner-container is-layout-flow wp-block-group-is-layout-flow\">\n<div class=\"wp-block-columns is-layout-flex wp-container-core-columns-is-layout-9d6595d7 wp-block-columns-is-layout-flex\">\n<div class=\"wp-block-column is-layout-flow wp-block-column-is-layout-flow\">\n<div class=\"wp-block-image\"><figure class=\"aligncenter size-full\"><img loading=\"lazy\" decoding=\"async\" width=\"136\" height=\"135\" src=\"https:\/\/www.reseau-entreprendre.org\/normandie-seine-et-eure\/wp-content\/uploads\/sites\/53\/2021\/11\/picto__solidarite.png\" alt=\"S'engager en rejoignant\" class=\"wp-image-2295\" srcset=\"https:\/\/www.reseau-entreprendre.org\/normandie-seine-et-eure\/wp-content\/uploads\/sites\/53\/2021\/11\/picto__solidarite.png 136w, https:\/\/www.reseau-entreprendre.org\/normandie-seine-et-eure\/wp-content\/uploads\/sites\/53\/2021\/11\/picto__solidarite-131x130.png 131w\" sizes=\"auto, (max-width: 136px) 100vw, 136px\" \/><\/figure><\/div>\n\n\n\n<p class=\"has-text-align-center\"><strong>Rejoignez<\/strong> un mouvement solidaire en partageant l&#8217;esprit R\u00e9seau Entreprendre, et int\u00e9grez un r\u00e9seau convivial et actif<\/p>\n<\/div>\n\n\n\n<div class=\"wp-block-column is-layout-flow wp-block-column-is-layout-flow\">\n<div class=\"wp-block-image\"><figure class=\"aligncenter size-full\"><img loading=\"lazy\" decoding=\"async\" width=\"136\" height=\"136\" src=\"https:\/\/www.reseau-entreprendre.org\/normandie-seine-et-eure\/wp-content\/uploads\/sites\/53\/2021\/11\/picto__idee-1.png\" alt=\"S'engager en enrichissant\" class=\"wp-image-2584\" srcset=\"https:\/\/www.reseau-entreprendre.org\/normandie-seine-et-eure\/wp-content\/uploads\/sites\/53\/2021\/11\/picto__idee-1.png 136w, https:\/\/www.reseau-entreprendre.org\/normandie-seine-et-eure\/wp-content\/uploads\/sites\/53\/2021\/11\/picto__idee-1-130x130.png 130w\" sizes=\"auto, (max-width: 136px) 100vw, 136px\" \/><\/figure><\/div>\n\n\n\n<p class=\"has-text-align-center\"><strong>Enrichissez-vous<\/strong>  au contact des chefs d&#8217;entreprise gr\u00e2ce aux rencontres et aux \u00e9v\u00e9nements organis\u00e9s par votre association <\/p>\n<\/div>\n\n\n\n<div class=\"wp-block-column is-layout-flow wp-block-column-is-layout-flow\">\n<div class=\"wp-block-image\"><figure class=\"aligncenter size-full\"><img loading=\"lazy\" decoding=\"async\" width=\"136\" height=\"136\" src=\"https:\/\/www.reseau-entreprendre.org\/normandie-seine-et-eure\/wp-content\/uploads\/sites\/53\/2021\/11\/picto__megaphone-1.png\" alt=\"S'engager en partageant \" class=\"wp-image-2585\" srcset=\"https:\/\/www.reseau-entreprendre.org\/normandie-seine-et-eure\/wp-content\/uploads\/sites\/53\/2021\/11\/picto__megaphone-1.png 136w, https:\/\/www.reseau-entreprendre.org\/normandie-seine-et-eure\/wp-content\/uploads\/sites\/53\/2021\/11\/picto__megaphone-1-130x130.png 130w\" sizes=\"auto, (max-width: 136px) 100vw, 136px\" \/><\/figure><\/div>\n\n\n\n<p class=\"has-text-align-center\"><strong>Partagez<\/strong> votre passion d&#8217;entreprendre <span style=\"font-size: revert\">en \u00e9tant dans l&#8217;action et l&#8217;\u00e9change<\/span> <\/p>\n<\/div>\n<\/div>\n<\/div><\/div>\n\n\n\n<div style=\"height:45px\" aria-hidden=\"true\" class=\"wp-block-spacer\"><\/div>\n\n\n\n<h4 class=\"has-text-align-center wp-block-heading\"><strong>Quels sont vos engagements ?<\/strong><\/h4>\n\n\n\n<div style=\"height:40px\" aria-hidden=\"true\" class=\"wp-block-spacer\"><\/div>\n\n\n\n<div class=\"wp-block-group\"><div class=\"wp-block-group__inner-container is-layout-flow wp-block-group-is-layout-flow\">\n<div class=\"wp-block-columns is-layout-flex wp-container-core-columns-is-layout-9d6595d7 wp-block-columns-is-layout-flex\">\n<div class=\"wp-block-column is-layout-flow wp-block-column-is-layout-flow\">\n<div class=\"wp-block-image\"><figure class=\"aligncenter size-full\"><img loading=\"lazy\" decoding=\"async\" width=\"136\" height=\"136\" src=\"https:\/\/www.reseau-entreprendre.org\/normandie-seine-et-eure\/wp-content\/uploads\/sites\/53\/2021\/11\/picto__ensemble-2.png\" alt=\"S'engager en accompagnant\" class=\"wp-image-2602\" srcset=\"https:\/\/www.reseau-entreprendre.org\/normandie-seine-et-eure\/wp-content\/uploads\/sites\/53\/2021\/11\/picto__ensemble-2.png 136w, https:\/\/www.reseau-entreprendre.org\/normandie-seine-et-eure\/wp-content\/uploads\/sites\/53\/2021\/11\/picto__ensemble-2-130x130.png 130w\" sizes=\"auto, (max-width: 136px) 100vw, 136px\" \/><\/figure><\/div>\n\n\n\n<p class=\"has-text-align-center\"><strong>Accompagner <\/strong>et faire <strong>grandir<\/strong> de nouveaux entrepreneurs pour cr\u00e9er des emplois sur son territoire<\/p>\n<\/div>\n\n\n\n<div class=\"wp-block-column is-layout-flow wp-block-column-is-layout-flow\">\n<div class=\"wp-block-image\"><figure class=\"aligncenter size-full\"><img loading=\"lazy\" decoding=\"async\" width=\"136\" height=\"135\" src=\"https:\/\/www.reseau-entreprendre.org\/normandie-seine-et-eure\/wp-content\/uploads\/sites\/53\/2021\/11\/picto__dialogue.png\" alt=\"S'engager en donnant de votre temps\" class=\"wp-image-2603\" srcset=\"https:\/\/www.reseau-entreprendre.org\/normandie-seine-et-eure\/wp-content\/uploads\/sites\/53\/2021\/11\/picto__dialogue.png 136w, https:\/\/www.reseau-entreprendre.org\/normandie-seine-et-eure\/wp-content\/uploads\/sites\/53\/2021\/11\/picto__dialogue-131x130.png 131w\" sizes=\"auto, (max-width: 136px) 100vw, 136px\" \/><\/figure><\/div>\n\n\n\n<p class=\"has-text-align-center\"><strong>Donnez de votre temps<\/strong> et <strong>participez<\/strong> en fonction de votre disponibilit\u00e9 \u00e0 l&#8217;accompagnement des nouveaux entrepreneurs <\/p>\n<\/div>\n\n\n\n<div class=\"wp-block-column is-layout-flow wp-block-column-is-layout-flow\">\n<div class=\"wp-block-image is-style-default\"><figure class=\"aligncenter size-full\"><img loading=\"lazy\" decoding=\"async\" width=\"136\" height=\"136\" src=\"https:\/\/www.reseau-entreprendre.org\/normandie-seine-et-eure\/wp-content\/uploads\/sites\/53\/2021\/11\/picto__medaille.png\" alt=\"S'engager en participant\" class=\"wp-image-2604\" srcset=\"https:\/\/www.reseau-entreprendre.org\/normandie-seine-et-eure\/wp-content\/uploads\/sites\/53\/2021\/11\/picto__medaille.png 136w, https:\/\/www.reseau-entreprendre.org\/normandie-seine-et-eure\/wp-content\/uploads\/sites\/53\/2021\/11\/picto__medaille-130x130.png 130w\" sizes=\"auto, (max-width: 136px) 100vw, 136px\" \/><\/figure><\/div>\n\n\n\n<p class=\"has-text-align-center\"><strong>Participez <\/strong>\u00e0 la vie de l&#8217;association et contribuer \u00e0 l&#8217;esprit de convivialit\u00e9 <\/p>\n<\/div>\n<\/div>\n<\/div><\/div>\n\n\n\n<div style=\"height:55px\" aria-hidden=\"true\" class=\"wp-block-spacer\"><\/div>\n\n\n\n<h5 class=\"has-text-align-center wp-block-heading\"><span class=\"has-inline-color has-re-blue-color\"><strong>Vous \u00eates chef d\u2019entreprise et<\/strong> <strong>souhaitez partager votre passion entrepreneuriale ?<\/strong><\/span><\/h5>\n\n\n\n<h5 class=\"has-text-align-center wp-block-heading\">Devenez membre de R\u00e9seau Entreprendre Normandie Seine et Eure<\/h5>\n\n\n\n<div style=\"height:45px\" aria-hidden=\"true\" class=\"wp-block-spacer\"><\/div>\n\n\n\n<div class=\"wp-block-buttons is-content-justification-center is-layout-flex wp-block-buttons-is-layout-flex\">\n<div class=\"wp-block-button is-style-fill\"><a class=\"wp-block-button__link has-re-blue-background-color has-background\" href=\"https:\/\/www.reseau-entreprendre.org\/fr\/sengager\/formulaire-benevole\/\">Rejoignez-nous !<\/a><\/div>\n<\/div>\n","protected":false},"excerpt":{"rendered":"<p>Pour atteindre son objectif d\u2019accompagner toujours plus de laur\u00e9ats, de<\/p>\n","protected":false},"author":54,"featured_media":0,"parent":0,"menu_order":0,"comment_status":"closed","ping_status":"closed","template":"","meta":{"_acf_changed":false,"_monsterinsights_skip_tracking":false,"_monsterinsights_sitenote_active":false,"_monsterinsights_sitenote_note":"","_monsterinsights_sitenote_category":0,"footnotes":""},"class_list":["post-15","page","type-page","status-publish","hentry"],"acf":[],"yoast_head":"<!-- This site is optimized with the Yoast SEO plugin v27.4 - https:\/\/yoast.com\/product\/yoast-seo-wordpress\/ -->\n<title>S&#039;engager<\/title>\n<meta name=\"description\" content=\"Engagez-vous aupr\u00e8s des entrepreneurs de demain et partagez votre exp\u00e9rience avec eux gr\u00e2ce \u00e0 R\u00e9seau Entreprendre Normandie Seine et Eure\" \/>\n<meta name=\"robots\" content=\"index, follow, max-snippet:-1, max-image-preview:large, max-video-preview:-1\" \/>\n<link rel=\"canonical\" href=\"https:\/\/www.reseau-entreprendre.org\/normandie-seine-et-eure\/engager\/\" \/>\n<meta property=\"og:locale\" content=\"fr_FR\" \/>\n<meta property=\"og:type\" content=\"article\" \/>\n<meta property=\"og:title\" content=\"S&#039;engager\" \/>\n<meta property=\"og:description\" content=\"Engagez-vous aupr\u00e8s des entrepreneurs de demain et partagez votre exp\u00e9rience avec eux gr\u00e2ce \u00e0 R\u00e9seau Entreprendre Normandie Seine et Eure\" \/>\n<meta property=\"og:url\" content=\"https:\/\/www.reseau-entreprendre.org\/normandie-seine-et-eure\/engager\/\" \/>\n<meta property=\"og:site_name\" content=\"R\u00e9seau Entreprendre Normandie Seine et Eure\" \/>\n<meta property=\"article:modified_time\" content=\"2021-12-02T13:18:54+00:00\" \/>\n<meta property=\"og:image\" content=\"https:\/\/www.reseau-entreprendre.org\/normandie-seine-et-eure\/wp-content\/uploads\/sites\/53\/2021\/11\/picto__solidarite.png\" \/>\n<meta name=\"twitter:card\" content=\"summary_large_image\" \/>\n<meta name=\"twitter:label1\" content=\"Dur\u00e9e de lecture estim\u00e9e\" \/>\n\t<meta name=\"twitter:data1\" content=\"3 minutes\" \/>\n<script type=\"application\/ld+json\" class=\"yoast-schema-graph\">{\"@context\":\"https:\\\/\\\/schema.org\",\"@graph\":[{\"@type\":\"WebPage\",\"@id\":\"https:\\\/\\\/www.reseau-entreprendre.org\\\/normandie-seine-et-eure\\\/engager\\\/\",\"url\":\"https:\\\/\\\/www.reseau-entreprendre.org\\\/normandie-seine-et-eure\\\/engager\\\/\",\"name\":\"S'engager\",\"isPartOf\":{\"@id\":\"https:\\\/\\\/www.reseau-entreprendre.org\\\/normandie-seine-et-eure\\\/#website\"},\"primaryImageOfPage\":{\"@id\":\"https:\\\/\\\/www.reseau-entreprendre.org\\\/normandie-seine-et-eure\\\/engager\\\/#primaryimage\"},\"image\":{\"@id\":\"https:\\\/\\\/www.reseau-entreprendre.org\\\/normandie-seine-et-eure\\\/engager\\\/#primaryimage\"},\"thumbnailUrl\":\"https:\\\/\\\/www.reseau-entreprendre.org\\\/normandie-seine-et-eure\\\/wp-content\\\/uploads\\\/sites\\\/53\\\/2021\\\/11\\\/picto__solidarite.png\",\"datePublished\":\"2021-11-26T15:00:00+00:00\",\"dateModified\":\"2021-12-02T13:18:54+00:00\",\"description\":\"Engagez-vous aupr\u00e8s des entrepreneurs de demain et partagez votre exp\u00e9rience avec eux gr\u00e2ce \u00e0 R\u00e9seau Entreprendre Normandie Seine et Eure\",\"breadcrumb\":{\"@id\":\"https:\\\/\\\/www.reseau-entreprendre.org\\\/normandie-seine-et-eure\\\/engager\\\/#breadcrumb\"},\"inLanguage\":\"fr-FR\",\"potentialAction\":[{\"@type\":\"ReadAction\",\"target\":[\"https:\\\/\\\/www.reseau-entreprendre.org\\\/normandie-seine-et-eure\\\/engager\\\/\"]}]},{\"@type\":\"ImageObject\",\"inLanguage\":\"fr-FR\",\"@id\":\"https:\\\/\\\/www.reseau-entreprendre.org\\\/normandie-seine-et-eure\\\/engager\\\/#primaryimage\",\"url\":\"https:\\\/\\\/www.reseau-entreprendre.org\\\/normandie-seine-et-eure\\\/wp-content\\\/uploads\\\/sites\\\/53\\\/2021\\\/11\\\/picto__solidarite.png\",\"contentUrl\":\"https:\\\/\\\/www.reseau-entreprendre.org\\\/normandie-seine-et-eure\\\/wp-content\\\/uploads\\\/sites\\\/53\\\/2021\\\/11\\\/picto__solidarite.png\",\"width\":136,\"height\":135},{\"@type\":\"BreadcrumbList\",\"@id\":\"https:\\\/\\\/www.reseau-entreprendre.org\\\/normandie-seine-et-eure\\\/engager\\\/#breadcrumb\",\"itemListElement\":[{\"@type\":\"ListItem\",\"position\":1,\"name\":\"Accueil\",\"item\":\"https:\\\/\\\/www.reseau-entreprendre.org\\\/normandie-seine-et-eure\\\/\"},{\"@type\":\"ListItem\",\"position\":2,\"name\":\"S&rsquo;engager\"}]},{\"@type\":\"WebSite\",\"@id\":\"https:\\\/\\\/www.reseau-entreprendre.org\\\/normandie-seine-et-eure\\\/#website\",\"url\":\"https:\\\/\\\/www.reseau-entreprendre.org\\\/normandie-seine-et-eure\\\/\",\"name\":\"R\u00e9seau Entreprendre Normandie Seine et Eure\",\"description\":\"Un site utilisant Les sites de R\u00e9seau Entreprendre\",\"potentialAction\":[{\"@type\":\"SearchAction\",\"target\":{\"@type\":\"EntryPoint\",\"urlTemplate\":\"https:\\\/\\\/www.reseau-entreprendre.org\\\/normandie-seine-et-eure\\\/?s={search_term_string}\"},\"query-input\":{\"@type\":\"PropertyValueSpecification\",\"valueRequired\":true,\"valueName\":\"search_term_string\"}}],\"inLanguage\":\"fr-FR\"}]}<\/script>\n<!-- \/ Yoast SEO plugin. -->","yoast_head_json":{"title":"S'engager","description":"Engagez-vous aupr\u00e8s des entrepreneurs de demain et partagez votre exp\u00e9rience avec eux gr\u00e2ce \u00e0 R\u00e9seau Entreprendre Normandie Seine et Eure","robots":{"index":"index","follow":"follow","max-snippet":"max-snippet:-1","max-image-preview":"max-image-preview:large","max-video-preview":"max-video-preview:-1"},"canonical":"https:\/\/www.reseau-entreprendre.org\/normandie-seine-et-eure\/engager\/","og_locale":"fr_FR","og_type":"article","og_title":"S'engager","og_description":"Engagez-vous aupr\u00e8s des entrepreneurs de demain et partagez votre exp\u00e9rience avec eux gr\u00e2ce \u00e0 R\u00e9seau Entreprendre Normandie Seine et Eure","og_url":"https:\/\/www.reseau-entreprendre.org\/normandie-seine-et-eure\/engager\/","og_site_name":"R\u00e9seau Entreprendre Normandie Seine et Eure","article_modified_time":"2021-12-02T13:18:54+00:00","og_image":[{"url":"https:\/\/www.reseau-entreprendre.org\/normandie-seine-et-eure\/wp-content\/uploads\/sites\/53\/2021\/11\/picto__solidarite.png","type":"","width":"","height":""}],"twitter_card":"summary_large_image","twitter_misc":{"Dur\u00e9e de lecture estim\u00e9e":"3 minutes"},"schema":{"@context":"https:\/\/schema.org","@graph":[{"@type":"WebPage","@id":"https:\/\/www.reseau-entreprendre.org\/normandie-seine-et-eure\/engager\/","url":"https:\/\/www.reseau-entreprendre.org\/normandie-seine-et-eure\/engager\/","name":"S'engager","isPartOf":{"@id":"https:\/\/www.reseau-entreprendre.org\/normandie-seine-et-eure\/#website"},"primaryImageOfPage":{"@id":"https:\/\/www.reseau-entreprendre.org\/normandie-seine-et-eure\/engager\/#primaryimage"},"image":{"@id":"https:\/\/www.reseau-entreprendre.org\/normandie-seine-et-eure\/engager\/#primaryimage"},"thumbnailUrl":"https:\/\/www.reseau-entreprendre.org\/normandie-seine-et-eure\/wp-content\/uploads\/sites\/53\/2021\/11\/picto__solidarite.png","datePublished":"2021-11-26T15:00:00+00:00","dateModified":"2021-12-02T13:18:54+00:00","description":"Engagez-vous aupr\u00e8s des entrepreneurs de demain et partagez votre exp\u00e9rience avec eux gr\u00e2ce \u00e0 R\u00e9seau Entreprendre Normandie Seine et Eure","breadcrumb":{"@id":"https:\/\/www.reseau-entreprendre.org\/normandie-seine-et-eure\/engager\/#breadcrumb"},"inLanguage":"fr-FR","potentialAction":[{"@type":"ReadAction","target":["https:\/\/www.reseau-entreprendre.org\/normandie-seine-et-eure\/engager\/"]}]},{"@type":"ImageObject","inLanguage":"fr-FR","@id":"https:\/\/www.reseau-entreprendre.org\/normandie-seine-et-eure\/engager\/#primaryimage","url":"https:\/\/www.reseau-entreprendre.org\/normandie-seine-et-eure\/wp-content\/uploads\/sites\/53\/2021\/11\/picto__solidarite.png","contentUrl":"https:\/\/www.reseau-entreprendre.org\/normandie-seine-et-eure\/wp-content\/uploads\/sites\/53\/2021\/11\/picto__solidarite.png","width":136,"height":135},{"@type":"BreadcrumbList","@id":"https:\/\/www.reseau-entreprendre.org\/normandie-seine-et-eure\/engager\/#breadcrumb","itemListElement":[{"@type":"ListItem","position":1,"name":"Accueil","item":"https:\/\/www.reseau-entreprendre.org\/normandie-seine-et-eure\/"},{"@type":"ListItem","position":2,"name":"S&rsquo;engager"}]},{"@type":"WebSite","@id":"https:\/\/www.reseau-entreprendre.org\/normandie-seine-et-eure\/#website","url":"https:\/\/www.reseau-entreprendre.org\/normandie-seine-et-eure\/","name":"R\u00e9seau Entreprendre Normandie Seine et Eure","description":"Un site utilisant Les sites de R\u00e9seau Entreprendre","potentialAction":[{"@type":"SearchAction","target":{"@type":"EntryPoint","urlTemplate":"https:\/\/www.reseau-entreprendre.org\/normandie-seine-et-eure\/?s={search_term_string}"},"query-input":{"@type":"PropertyValueSpecification","valueRequired":true,"valueName":"search_term_string"}}],"inLanguage":"fr-FR"}]}},"_links":{"self":[{"href":"https:\/\/www.reseau-entreprendre.org\/normandie-seine-et-eure\/wp-json\/wp\/v2\/pages\/15","targetHints":{"allow":["GET"]}}],"collection":[{"href":"https:\/\/www.reseau-entreprendre.org\/normandie-seine-et-eure\/wp-json\/wp\/v2\/pages"}],"about":[{"href":"https:\/\/www.reseau-entreprendre.org\/normandie-seine-et-eure\/wp-json\/wp\/v2\/types\/page"}],"author":[{"embeddable":true,"href":"https:\/\/www.reseau-entreprendre.org\/normandie-seine-et-eure\/wp-json\/wp\/v2\/users\/54"}],"replies":[{"embeddable":true,"href":"https:\/\/www.reseau-entreprendre.org\/normandie-seine-et-eure\/wp-json\/wp\/v2\/comments?post=15"}],"version-history":[{"count":0,"href":"https:\/\/www.reseau-entreprendre.org\/normandie-seine-et-eure\/wp-json\/wp\/v2\/pages\/15\/revisions"}],"wp:attachment":[{"href":"https:\/\/www.reseau-entreprendre.org\/normandie-seine-et-eure\/wp-json\/wp\/v2\/media?parent=15"}],"curies":[{"name":"wp","href":"https:\/\/api.w.org\/{rel}","templated":true}]}}