{"id":4219,"date":"2024-08-05T14:29:58","date_gmt":"2024-08-05T12:29:58","guid":{"rendered":"https:\/\/www.reseau-entreprendre.org\/occitanie-mediterranee\/?page_id=4219"},"modified":"2024-08-05T14:30:03","modified_gmt":"2024-08-05T12:30:03","slug":"membres","status":"publish","type":"page","link":"https:\/\/www.reseau-entreprendre.org\/occitanie-mediterranee\/membres\/","title":{"rendered":"Membres"},"content":{"rendered":"<div class=\"re-community-list\" id=\"communaute\">\n                <div class=\"re-community-list__inner\">\n                    \n                    <form method=\"get\" action=\"#communaute\" class=\"filters-form filters-form--community pb-4\">\n    <span class=\"d-block\"><svg class=\"icon\" xmlns=\"http:\/\/www.w3.org\/2000\/svg\" width=\"17\" height=\"11\"><path fill=\"#FFBB61\" fill-rule=\"evenodd\" d=\"M6.532 2.33c0-.619.489-1.122 1.089-1.122s1.088.503 1.088 1.122c0 .619-.488 1.122-1.088 1.122-.6 0-1.089-.503-1.089-1.122m1.089 2.33c1.043 0 1.922-.82 2.18-1.726h6.613c.323 0 .586-.27.586-.604a.595.595 0 0 0-.586-.604H9.8C9.543.82 8.664 0 7.621 0 6.577 0 5.699.82 5.44 1.726H.586A.595.595 0 0 0 0 2.33c0 .333.262.604.586.604H5.44c.259.905 1.137 1.726 2.18 1.726m4.188 4.011c0-.618.488-1.121 1.089-1.121.6 0 1.088.503 1.088 1.121s-.488 1.121-1.088 1.121c-.601 0-1.09-.503-1.09-1.12M12.898 11c1.043 0 1.921-.82 2.18-1.725h1.337c.323 0 .586-.27.586-.604a.595.595 0 0 0-.586-.604h-1.336c-.26-.906-1.138-1.725-2.181-1.725-1.044 0-1.923.82-2.182 1.725H.586A.595.595 0 0 0 0 8.671c0 .334.262.604.586.604h10.129c.26.906 1.138 1.725 2.182 1.725\"\/><\/svg><\/span>\n    <label class='mb-0'>Filtres<\/label>\n    <div class=\"select-wrapper\">\n        <select name=\"orderby\">\n            <option value=''>Trier par<\/option>\n                            <option value=company_asc >\n                    Entreprises ordre alphab\u00e9tique\n                <\/option>\n                            <option value=company_desc >\n                    Entreprises ordre anti-alphab\u00e9tique\n                <\/option>\n                    <\/select>\n    <\/div>\n    <div class=\"select-wrapper\">\n        <select name=\"categoryid\">\n            <option value=''>Cat\u00e9gorie<\/option>\n                            <option value='23' >\n                    B\u00e9ziers\n                <\/option>\n                            <option value='22' >\n                    Montpellier\n                <\/option>\n                            <option value='24' >\n                    Nimes\n                <\/option>\n                            <option value='21' >\n                    non class\u00e9\n                <\/option>\n                    <\/select>\n    <\/div>\n    <input class=\"btn btn-re-red\" type=\"submit\" value=\"Search\"\/>\n    <\/form>\n                    \n                                        \n                    \n                    <ul class=\"row pt-4\">\n                                                    <li class=\"col-12 col-md-6 col-lg-4\"> \n                                <div class=\"card card-community\">\n    <div class=\"card-thumbnail\">\n        <img loading=\"lazy\" decoding=\"async\" width=\"300\" height=\"300\" src=\"https:\/\/www.reseau-entreprendre.org\/occitanie-mediterranee\/wp-content\/uploads\/sites\/14\/2024\/07\/logo-Climb-up-300x300.jpg\" class=\"img-responsive responsive--full wp-post-image\" alt=\"\" title=\"Feature image\" srcset=\"https:\/\/www.reseau-entreprendre.org\/occitanie-mediterranee\/wp-content\/uploads\/sites\/14\/2024\/07\/logo-Climb-up-300x300.jpg 300w, https:\/\/www.reseau-entreprendre.org\/occitanie-mediterranee\/wp-content\/uploads\/sites\/14\/2024\/07\/logo-Climb-up-1024x1024.jpg 1024w, https:\/\/www.reseau-entreprendre.org\/occitanie-mediterranee\/wp-content\/uploads\/sites\/14\/2024\/07\/logo-Climb-up-150x150.jpg 150w, https:\/\/www.reseau-entreprendre.org\/occitanie-mediterranee\/wp-content\/uploads\/sites\/14\/2024\/07\/logo-Climb-up-768x768.jpg 768w, https:\/\/www.reseau-entreprendre.org\/occitanie-mediterranee\/wp-content\/uploads\/sites\/14\/2024\/07\/logo-Climb-up-1536x1536.jpg 1536w, https:\/\/www.reseau-entreprendre.org\/occitanie-mediterranee\/wp-content\/uploads\/sites\/14\/2024\/07\/logo-Climb-up-130x130.jpg 130w, https:\/\/www.reseau-entreprendre.org\/occitanie-mediterranee\/wp-content\/uploads\/sites\/14\/2024\/07\/logo-Climb-up-100x100.jpg 100w, https:\/\/www.reseau-entreprendre.org\/occitanie-mediterranee\/wp-content\/uploads\/sites\/14\/2024\/07\/logo-Climb-up.jpg 2000w\" sizes=\"auto, (max-width: 300px) 100vw, 300px\" \/>\n    <\/div>\n\n    <div class=\"card-body text-center\">\n        <strong>Entreprises 2<\/strong>\n        <p>Michelle Dupont<\/p>\n        <a class=\"btn btn-outline-re-red text-uppercase\" target=\"_blank\" href=\"ex : https:\/\/entreprise2\/com\"> Voir le site<\/a>\n    <\/div>\n<\/div>\n\n\n\n                            <\/li>\n                                                    <li class=\"col-12 col-md-6 col-lg-4\"> \n                                <div class=\"card card-community\">\n    <div class=\"card-thumbnail\">\n        <img loading=\"lazy\" decoding=\"async\" width=\"198\" height=\"135\" src=\"https:\/\/www.reseau-entreprendre.org\/occitanie-mediterranee\/wp-content\/uploads\/sites\/14\/2024\/07\/enersol.jpg\" class=\"img-responsive responsive--full wp-post-image\" alt=\"\" title=\"Feature image\" srcset=\"https:\/\/www.reseau-entreprendre.org\/occitanie-mediterranee\/wp-content\/uploads\/sites\/14\/2024\/07\/enersol.jpg 198w, https:\/\/www.reseau-entreprendre.org\/occitanie-mediterranee\/wp-content\/uploads\/sites\/14\/2024\/07\/enersol-191x130.jpg 191w, https:\/\/www.reseau-entreprendre.org\/occitanie-mediterranee\/wp-content\/uploads\/sites\/14\/2024\/07\/enersol-100x68.jpg 100w\" sizes=\"auto, (max-width: 198px) 100vw, 198px\" \/>\n    <\/div>\n\n    <div class=\"card-body text-center\">\n        <strong>Entreprises 3<\/strong>\n        <p>Anne Duval<\/p>\n        <a class=\"btn btn-outline-re-red text-uppercase\" target=\"_blank\" href=\"ex : https:\/\/ente.com\"> Voir le profil<\/a>\n    <\/div>\n<\/div>\n\n\n\n                            <\/li>\n                                                    <li class=\"col-12 col-md-6 col-lg-4\"> \n                                <div class=\"card card-community\">\n    <div class=\"card-thumbnail\">\n        <img loading=\"lazy\" decoding=\"async\" width=\"300\" height=\"105\" src=\"https:\/\/www.reseau-entreprendre.org\/occitanie-mediterranee\/wp-content\/uploads\/sites\/14\/2024\/07\/Les-Alchimistes-languedoc.png\" class=\"img-responsive responsive--full wp-post-image\" alt=\"\" title=\"Feature image\" \/>\n    <\/div>\n\n    <div class=\"card-body text-center\">\n        <strong>Les Alchimitses<\/strong>\n        <p>Pierre Durand<\/p>\n        <a class=\"btn btn-outline-re-red text-uppercase\" target=\"_blank\" href=\"https:\/\/www.lesachimistes.com\"> Voir le site<\/a>\n    <\/div>\n<\/div>\n\n\n\n                            <\/li>\n                                            <\/ul>\n                <\/div>\n            <\/div>\n    ","protected":false},"excerpt":{"rendered":"","protected":false},"author":169,"featured_media":0,"parent":0,"menu_order":0,"comment_status":"closed","ping_status":"closed","template":"","meta":{"_acf_changed":false,"_monsterinsights_skip_tracking":false,"_monsterinsights_sitenote_active":false,"_monsterinsights_sitenote_note":"","_monsterinsights_sitenote_category":0,"footnotes":""},"class_list":["post-4219","page","type-page","status-publish","hentry"],"acf":[],"yoast_head":"<!-- This site is optimized with the Yoast SEO plugin v27.2 - https:\/\/yoast.com\/product\/yoast-seo-wordpress\/ -->\n<title>Membres - R\u00e9seau Entreprendre Occitanie M\u00e9diterran\u00e9e<\/title>\n<meta name=\"robots\" content=\"index, follow, max-snippet:-1, max-image-preview:large, max-video-preview:-1\" \/>\n<link rel=\"canonical\" href=\"https:\/\/www.reseau-entreprendre.org\/occitanie-mediterranee\/membres\/\" \/>\n<meta property=\"og:locale\" content=\"fr_FR\" \/>\n<meta property=\"og:type\" content=\"article\" \/>\n<meta property=\"og:title\" content=\"Membres - R\u00e9seau Entreprendre Occitanie M\u00e9diterran\u00e9e\" \/>\n<meta property=\"og:url\" content=\"https:\/\/www.reseau-entreprendre.org\/occitanie-mediterranee\/membres\/\" \/>\n<meta property=\"og:site_name\" content=\"R\u00e9seau Entreprendre Occitanie M\u00e9diterran\u00e9e\" \/>\n<meta property=\"article:modified_time\" content=\"2024-08-05T12:30:03+00:00\" \/>\n<meta name=\"twitter:card\" content=\"summary_large_image\" \/>\n<script type=\"application\/ld+json\" class=\"yoast-schema-graph\">{\"@context\":\"https:\/\/schema.org\",\"@graph\":[{\"@type\":\"WebPage\",\"@id\":\"https:\/\/www.reseau-entreprendre.org\/occitanie-mediterranee\/membres\/\",\"url\":\"https:\/\/www.reseau-entreprendre.org\/occitanie-mediterranee\/membres\/\",\"name\":\"Membres - R\u00e9seau Entreprendre Occitanie M\u00e9diterran\u00e9e\",\"isPartOf\":{\"@id\":\"https:\/\/www.reseau-entreprendre.org\/occitanie-mediterranee\/#website\"},\"datePublished\":\"2024-08-05T12:29:58+00:00\",\"dateModified\":\"2024-08-05T12:30:03+00:00\",\"breadcrumb\":{\"@id\":\"https:\/\/www.reseau-entreprendre.org\/occitanie-mediterranee\/membres\/#breadcrumb\"},\"inLanguage\":\"fr-FR\",\"potentialAction\":[{\"@type\":\"ReadAction\",\"target\":[\"https:\/\/www.reseau-entreprendre.org\/occitanie-mediterranee\/membres\/\"]}]},{\"@type\":\"BreadcrumbList\",\"@id\":\"https:\/\/www.reseau-entreprendre.org\/occitanie-mediterranee\/membres\/#breadcrumb\",\"itemListElement\":[{\"@type\":\"ListItem\",\"position\":1,\"name\":\"Accueil\",\"item\":\"https:\/\/www.reseau-entreprendre.org\/occitanie-mediterranee\/\"},{\"@type\":\"ListItem\",\"position\":2,\"name\":\"Membres\"}]},{\"@type\":\"WebSite\",\"@id\":\"https:\/\/www.reseau-entreprendre.org\/occitanie-mediterranee\/#website\",\"url\":\"https:\/\/www.reseau-entreprendre.org\/occitanie-mediterranee\/\",\"name\":\"R\u00e9seau Entreprendre Occitanie M\u00e9diterran\u00e9e\",\"description\":\"Les sites de R\u00e9seau Entreprendre\",\"potentialAction\":[{\"@type\":\"SearchAction\",\"target\":{\"@type\":\"EntryPoint\",\"urlTemplate\":\"https:\/\/www.reseau-entreprendre.org\/occitanie-mediterranee\/?s={search_term_string}\"},\"query-input\":{\"@type\":\"PropertyValueSpecification\",\"valueRequired\":true,\"valueName\":\"search_term_string\"}}],\"inLanguage\":\"fr-FR\"}]}<\/script>\n<!-- \/ Yoast SEO plugin. -->","yoast_head_json":{"title":"Membres - R\u00e9seau Entreprendre Occitanie M\u00e9diterran\u00e9e","robots":{"index":"index","follow":"follow","max-snippet":"max-snippet:-1","max-image-preview":"max-image-preview:large","max-video-preview":"max-video-preview:-1"},"canonical":"https:\/\/www.reseau-entreprendre.org\/occitanie-mediterranee\/membres\/","og_locale":"fr_FR","og_type":"article","og_title":"Membres - R\u00e9seau Entreprendre Occitanie M\u00e9diterran\u00e9e","og_url":"https:\/\/www.reseau-entreprendre.org\/occitanie-mediterranee\/membres\/","og_site_name":"R\u00e9seau Entreprendre Occitanie M\u00e9diterran\u00e9e","article_modified_time":"2024-08-05T12:30:03+00:00","twitter_card":"summary_large_image","schema":{"@context":"https:\/\/schema.org","@graph":[{"@type":"WebPage","@id":"https:\/\/www.reseau-entreprendre.org\/occitanie-mediterranee\/membres\/","url":"https:\/\/www.reseau-entreprendre.org\/occitanie-mediterranee\/membres\/","name":"Membres - R\u00e9seau Entreprendre Occitanie M\u00e9diterran\u00e9e","isPartOf":{"@id":"https:\/\/www.reseau-entreprendre.org\/occitanie-mediterranee\/#website"},"datePublished":"2024-08-05T12:29:58+00:00","dateModified":"2024-08-05T12:30:03+00:00","breadcrumb":{"@id":"https:\/\/www.reseau-entreprendre.org\/occitanie-mediterranee\/membres\/#breadcrumb"},"inLanguage":"fr-FR","potentialAction":[{"@type":"ReadAction","target":["https:\/\/www.reseau-entreprendre.org\/occitanie-mediterranee\/membres\/"]}]},{"@type":"BreadcrumbList","@id":"https:\/\/www.reseau-entreprendre.org\/occitanie-mediterranee\/membres\/#breadcrumb","itemListElement":[{"@type":"ListItem","position":1,"name":"Accueil","item":"https:\/\/www.reseau-entreprendre.org\/occitanie-mediterranee\/"},{"@type":"ListItem","position":2,"name":"Membres"}]},{"@type":"WebSite","@id":"https:\/\/www.reseau-entreprendre.org\/occitanie-mediterranee\/#website","url":"https:\/\/www.reseau-entreprendre.org\/occitanie-mediterranee\/","name":"R\u00e9seau Entreprendre Occitanie M\u00e9diterran\u00e9e","description":"Les sites de R\u00e9seau Entreprendre","potentialAction":[{"@type":"SearchAction","target":{"@type":"EntryPoint","urlTemplate":"https:\/\/www.reseau-entreprendre.org\/occitanie-mediterranee\/?s={search_term_string}"},"query-input":{"@type":"PropertyValueSpecification","valueRequired":true,"valueName":"search_term_string"}}],"inLanguage":"fr-FR"}]}},"_links":{"self":[{"href":"https:\/\/www.reseau-entreprendre.org\/occitanie-mediterranee\/wp-json\/wp\/v2\/pages\/4219","targetHints":{"allow":["GET"]}}],"collection":[{"href":"https:\/\/www.reseau-entreprendre.org\/occitanie-mediterranee\/wp-json\/wp\/v2\/pages"}],"about":[{"href":"https:\/\/www.reseau-entreprendre.org\/occitanie-mediterranee\/wp-json\/wp\/v2\/types\/page"}],"author":[{"embeddable":true,"href":"https:\/\/www.reseau-entreprendre.org\/occitanie-mediterranee\/wp-json\/wp\/v2\/users\/169"}],"replies":[{"embeddable":true,"href":"https:\/\/www.reseau-entreprendre.org\/occitanie-mediterranee\/wp-json\/wp\/v2\/comments?post=4219"}],"version-history":[{"count":0,"href":"https:\/\/www.reseau-entreprendre.org\/occitanie-mediterranee\/wp-json\/wp\/v2\/pages\/4219\/revisions"}],"wp:attachment":[{"href":"https:\/\/www.reseau-entreprendre.org\/occitanie-mediterranee\/wp-json\/wp\/v2\/media?parent=4219"}],"curies":[{"name":"wp","href":"https:\/\/api.w.org\/{rel}","templated":true}]}}