{"id":211,"date":"2017-06-13T17:35:06","date_gmt":"2017-06-13T15:35:06","guid":{"rendered":"http:\/\/re-preprod-entreprendre.fr\/picardie\/?page_id=211"},"modified":"2024-10-08T09:25:26","modified_gmt":"2024-10-08T07:25:26","slug":"ils-nous-soutiennent","status":"publish","type":"page","link":"https:\/\/www.reseau-entreprendre.org\/picardie\/ils-nous-soutiennent\/","title":{"rendered":"Soutenir la r\u00e9ussite des entreprises de demain"},"content":{"rendered":"\n<h2 class=\"wp-block-heading has-x-large-font-size\">R\u00e9seau Entreprendre Picardie est autonome financi\u00e8rement dans son fonctionnement, gr\u00e2ce aux cotisations de ses membres et partenaires.<\/h2>\n\n\n\n<p>Toujours plus nombreux et toujours plus fid\u00e8les, l\u2019association peut compter sur eux, financi\u00e8rement bien s\u00fbr, mais avant tout et surtout, pour la disponibilit\u00e9 et le temps accord\u00e9 aux laur\u00e9ats. Un immense MERCI&nbsp;!<\/p>\n\n\n\n<h2 class=\"wp-block-heading has-re-blue-color has-text-color\"><strong>Pourquoi devenir partenaire de R\u00e9seau Entreprendre Picardie ?\u00a0<\/strong><\/h2>\n\n\n\n<div style=\"height:25px\" aria-hidden=\"true\" class=\"wp-block-spacer\"><\/div>\n\n\n\n<p class=\"has-re-blue-color has-text-color\"><strong>Vous vivez pleinement le r\u00e9seau et son implication aupr\u00e8s des cr\u00e9ateurs d\u2019emplois<\/strong><\/p>\n\n\n\n<ul class=\"wp-block-list\">\n<li>Vous participez \u00e0 nos comit\u00e9s d\u2019engagement<\/li>\n\n\n\n<li>Vous nous apportez vos comp\u00e9tences et votre expertise<\/li>\n\n\n\n<li>Vous soutenez financi\u00e8rement notre action<\/li>\n<\/ul>\n\n\n\n<p>Nous vous ouvrons notre r\u00e9seau de 210 dirigeants<\/p>\n\n\n\n<p class=\"has-re-blue-color has-text-color\"><strong>Vous participez \u00e0 nos \u00e9v\u00e9nements tout au long de l\u2019ann\u00e9e&nbsp;: Assembl\u00e9e G\u00e9n\u00e9rale, conviviales, conf\u00e9rences, soir\u00e9e des laur\u00e9ats<\/strong><\/p>\n\n\n\n<p class=\"has-re-blue-color has-text-color\"><strong>Vous communiquez sur nos supports&nbsp;: site, Info en ligne et lors de nos \u00e9v\u00e9nements importants<\/strong><\/p>\n\n\n\n<p class=\"has-re-blue-color has-text-color\"><strong>Vous \u00eates visibles aux c\u00f4t\u00e9s de chefs d\u2019entreprise engag\u00e9s pour l\u2019emploi<\/strong><\/p>\n\n\n\n<h2 class=\"wp-block-heading\">Merci \u00e0 nos partenaires pour leur soutien !<\/h2>\n\n\n\n<div style=\"height:28px\" aria-hidden=\"true\" class=\"wp-block-spacer\"><\/div>\n\n\n\n<h3 class=\"wp-block-heading\">Partenaires financiers<\/h3>\n\n\n<div data-block_fdfd313d00a9a46da1e5e3d39d191118 class=\"re-partners alignauto\">\n  <\/div>\n\n\n\n<div style=\"height:40px\" aria-hidden=\"true\" class=\"wp-block-spacer\"><\/div>\n\n\n\n<h3 class=\"wp-block-heading\">Partenaires institutionnels<\/h3>\n\n\n<div data-block_0811d4afdaf26eadb992f4bc33d67977 class=\"re-partners alignauto\">\n  <\/div>\n","protected":false},"excerpt":{"rendered":"<p>R\u00e9seau Entreprendre Picardie est autonome financi\u00e8rement dans son fonctionnement, gr\u00e2ce<\/p>\n","protected":false},"author":55,"featured_media":0,"parent":0,"menu_order":0,"comment_status":"closed","ping_status":"closed","template":"","meta":{"_acf_changed":false,"_monsterinsights_skip_tracking":false,"_monsterinsights_sitenote_active":false,"_monsterinsights_sitenote_note":"","_monsterinsights_sitenote_category":0,"footnotes":""},"class_list":["post-211","page","type-page","status-publish","hentry"],"acf":[],"yoast_head":"<!-- This site is optimized with the Yoast SEO plugin v27.4 - https:\/\/yoast.com\/product\/yoast-seo-wordpress\/ -->\n<title>Soutenir la r\u00e9ussite des entreprises de demain - R\u00e9seau Entreprendre Picardie<\/title>\n<meta name=\"robots\" content=\"index, follow, max-snippet:-1, max-image-preview:large, max-video-preview:-1\" \/>\n<link rel=\"canonical\" href=\"https:\/\/www.reseau-entreprendre.org\/picardie\/ils-nous-soutiennent\/\" \/>\n<meta property=\"og:locale\" content=\"fr_FR\" \/>\n<meta property=\"og:type\" content=\"article\" \/>\n<meta property=\"og:title\" content=\"Soutenir la r\u00e9ussite des entreprises de demain - R\u00e9seau Entreprendre Picardie\" \/>\n<meta property=\"og:description\" content=\"R\u00e9seau Entreprendre Picardie est autonome financi\u00e8rement dans son fonctionnement, gr\u00e2ce\" \/>\n<meta property=\"og:url\" content=\"https:\/\/www.reseau-entreprendre.org\/picardie\/ils-nous-soutiennent\/\" \/>\n<meta property=\"og:site_name\" content=\"R\u00e9seau Entreprendre Picardie\" \/>\n<meta property=\"article:modified_time\" content=\"2024-10-08T07:25:26+00:00\" \/>\n<meta name=\"twitter:card\" content=\"summary_large_image\" \/>\n<meta name=\"twitter:label1\" content=\"Dur\u00e9e de lecture estim\u00e9e\" \/>\n\t<meta name=\"twitter:data1\" content=\"1 minute\" \/>\n<script type=\"application\/ld+json\" class=\"yoast-schema-graph\">{\"@context\":\"https:\\\/\\\/schema.org\",\"@graph\":[{\"@type\":\"WebPage\",\"@id\":\"https:\\\/\\\/www.reseau-entreprendre.org\\\/picardie\\\/ils-nous-soutiennent\\\/\",\"url\":\"https:\\\/\\\/www.reseau-entreprendre.org\\\/picardie\\\/ils-nous-soutiennent\\\/\",\"name\":\"Soutenir la r\u00e9ussite des entreprises de demain - R\u00e9seau Entreprendre Picardie\",\"isPartOf\":{\"@id\":\"https:\\\/\\\/www.reseau-entreprendre.org\\\/picardie\\\/#website\"},\"datePublished\":\"2017-06-13T15:35:06+00:00\",\"dateModified\":\"2024-10-08T07:25:26+00:00\",\"breadcrumb\":{\"@id\":\"https:\\\/\\\/www.reseau-entreprendre.org\\\/picardie\\\/ils-nous-soutiennent\\\/#breadcrumb\"},\"inLanguage\":\"fr-FR\",\"potentialAction\":[{\"@type\":\"ReadAction\",\"target\":[\"https:\\\/\\\/www.reseau-entreprendre.org\\\/picardie\\\/ils-nous-soutiennent\\\/\"]}]},{\"@type\":\"BreadcrumbList\",\"@id\":\"https:\\\/\\\/www.reseau-entreprendre.org\\\/picardie\\\/ils-nous-soutiennent\\\/#breadcrumb\",\"itemListElement\":[{\"@type\":\"ListItem\",\"position\":1,\"name\":\"Accueil\",\"item\":\"https:\\\/\\\/www.reseau-entreprendre.org\\\/picardie\\\/\"},{\"@type\":\"ListItem\",\"position\":2,\"name\":\"Soutenir la r\u00e9ussite des entreprises de demain\"}]},{\"@type\":\"WebSite\",\"@id\":\"https:\\\/\\\/www.reseau-entreprendre.org\\\/picardie\\\/#website\",\"url\":\"https:\\\/\\\/www.reseau-entreprendre.org\\\/picardie\\\/\",\"name\":\"R\u00e9seau Entreprendre Picardie\",\"description\":\"Un site utilisant Les sites de R\u00e9seau Entreprendre\",\"potentialAction\":[{\"@type\":\"SearchAction\",\"target\":{\"@type\":\"EntryPoint\",\"urlTemplate\":\"https:\\\/\\\/www.reseau-entreprendre.org\\\/picardie\\\/?s={search_term_string}\"},\"query-input\":{\"@type\":\"PropertyValueSpecification\",\"valueRequired\":true,\"valueName\":\"search_term_string\"}}],\"inLanguage\":\"fr-FR\"}]}<\/script>\n<!-- \/ Yoast SEO plugin. -->","yoast_head_json":{"title":"Soutenir la r\u00e9ussite des entreprises de demain - R\u00e9seau Entreprendre Picardie","robots":{"index":"index","follow":"follow","max-snippet":"max-snippet:-1","max-image-preview":"max-image-preview:large","max-video-preview":"max-video-preview:-1"},"canonical":"https:\/\/www.reseau-entreprendre.org\/picardie\/ils-nous-soutiennent\/","og_locale":"fr_FR","og_type":"article","og_title":"Soutenir la r\u00e9ussite des entreprises de demain - R\u00e9seau Entreprendre Picardie","og_description":"R\u00e9seau Entreprendre Picardie est autonome financi\u00e8rement dans son fonctionnement, gr\u00e2ce","og_url":"https:\/\/www.reseau-entreprendre.org\/picardie\/ils-nous-soutiennent\/","og_site_name":"R\u00e9seau Entreprendre Picardie","article_modified_time":"2024-10-08T07:25:26+00:00","twitter_card":"summary_large_image","twitter_misc":{"Dur\u00e9e de lecture estim\u00e9e":"1 minute"},"schema":{"@context":"https:\/\/schema.org","@graph":[{"@type":"WebPage","@id":"https:\/\/www.reseau-entreprendre.org\/picardie\/ils-nous-soutiennent\/","url":"https:\/\/www.reseau-entreprendre.org\/picardie\/ils-nous-soutiennent\/","name":"Soutenir la r\u00e9ussite des entreprises de demain - R\u00e9seau Entreprendre Picardie","isPartOf":{"@id":"https:\/\/www.reseau-entreprendre.org\/picardie\/#website"},"datePublished":"2017-06-13T15:35:06+00:00","dateModified":"2024-10-08T07:25:26+00:00","breadcrumb":{"@id":"https:\/\/www.reseau-entreprendre.org\/picardie\/ils-nous-soutiennent\/#breadcrumb"},"inLanguage":"fr-FR","potentialAction":[{"@type":"ReadAction","target":["https:\/\/www.reseau-entreprendre.org\/picardie\/ils-nous-soutiennent\/"]}]},{"@type":"BreadcrumbList","@id":"https:\/\/www.reseau-entreprendre.org\/picardie\/ils-nous-soutiennent\/#breadcrumb","itemListElement":[{"@type":"ListItem","position":1,"name":"Accueil","item":"https:\/\/www.reseau-entreprendre.org\/picardie\/"},{"@type":"ListItem","position":2,"name":"Soutenir la r\u00e9ussite des entreprises de demain"}]},{"@type":"WebSite","@id":"https:\/\/www.reseau-entreprendre.org\/picardie\/#website","url":"https:\/\/www.reseau-entreprendre.org\/picardie\/","name":"R\u00e9seau Entreprendre Picardie","description":"Un site utilisant Les sites de R\u00e9seau Entreprendre","potentialAction":[{"@type":"SearchAction","target":{"@type":"EntryPoint","urlTemplate":"https:\/\/www.reseau-entreprendre.org\/picardie\/?s={search_term_string}"},"query-input":{"@type":"PropertyValueSpecification","valueRequired":true,"valueName":"search_term_string"}}],"inLanguage":"fr-FR"}]}},"_links":{"self":[{"href":"https:\/\/www.reseau-entreprendre.org\/picardie\/wp-json\/wp\/v2\/pages\/211","targetHints":{"allow":["GET"]}}],"collection":[{"href":"https:\/\/www.reseau-entreprendre.org\/picardie\/wp-json\/wp\/v2\/pages"}],"about":[{"href":"https:\/\/www.reseau-entreprendre.org\/picardie\/wp-json\/wp\/v2\/types\/page"}],"author":[{"embeddable":true,"href":"https:\/\/www.reseau-entreprendre.org\/picardie\/wp-json\/wp\/v2\/users\/55"}],"replies":[{"embeddable":true,"href":"https:\/\/www.reseau-entreprendre.org\/picardie\/wp-json\/wp\/v2\/comments?post=211"}],"version-history":[{"count":0,"href":"https:\/\/www.reseau-entreprendre.org\/picardie\/wp-json\/wp\/v2\/pages\/211\/revisions"}],"wp:attachment":[{"href":"https:\/\/www.reseau-entreprendre.org\/picardie\/wp-json\/wp\/v2\/media?parent=211"}],"curies":[{"name":"wp","href":"https:\/\/api.w.org\/{rel}","templated":true}]}}