{"id":15,"date":"2017-04-28T12:33:47","date_gmt":"2017-04-28T10:33:47","guid":{"rendered":"http:\/\/re-preprod-entreprendre.fr\/piemonte\/?page_id=15"},"modified":"2021-10-08T17:50:06","modified_gmt":"2021-10-08T15:50:06","slug":"essere-mentore","status":"publish","type":"page","link":"https:\/\/www.reseau-entreprendre.org\/piemonte\/nostri-neo-imprenditori\/essere-mentore\/","title":{"rendered":"Essere Mentore"},"content":{"rendered":"\n<p>R\u00e9seau Entreprendre Piemonte conta oggi <strong>70 imprenditori e professionisti associati<\/strong> provenienti da differenti settori merceologici e con competenze che vanno dall\u2019economia al marketing, dalla finanza alla comunicazione, all\u2019ICT.<\/p>\n\n\n\n<p>Diventare socio di R\u00e9seau Entreprendre Piemonte significa entrare a far parte di un progetto di valore legato al territorio di appartenenza e\/o in cui si opera, entrare in contatto con nuovi talenti, neo imprese e neo imprenditori ed inserirsi in un network che condivide gli stessi valori. Attraverso R\u00e9seau Entreprendre Piemonte si accede anche alla rete di contatti internazionali costituita da tutti gli imprenditori senior e junior di tutta la federazione di R\u00e9seau Entreprendre che oggi comprende 10 Paesi oltre l&#8217;Italia (Belgio, Francia, Italia, Olanda, Portogallo, Spagna, Svizzera, Cile, Marocco, Senegal e Tunisia).<\/p>\n\n\n\n<p>I soci di R\u00e9seau Entreprendre Piemonte sono invitati a partecipare agli incontri organizzati dall\u2019associazione una volta al mese e a tutti gli altri appuntamenti (workshop, seminari tematici). C\u2019\u00e8 poi la possibilit\u00e0 di partecipare ai gruppi di lavoro tematici creati al fine di sviluppare le attivit\u00e0 dell\u2019associazione sul territorio. Ogni associato pu\u00f2 forgiare a seconda delle proprie disponibilit\u00e0 e della propria esperienza, un proprio modo di partecipare attivamente alla vita di R\u00e9seau Entreprendre Piemonte.<\/p>\n\n\n\n<p>L\u2019attivit\u00e0 di networking avviene soprattutto attraverso incontri, in occasione dei numerosi appuntamenti e delle varie iniziative che permettono di approfondire la conoscenza degli altri associati come anche dei neo imprenditori. Un primo e spesso non unico punto in comune \u00e8 la condivisione dei valori su cui R\u00e9seau Entreprendre si basa. Reciprocit\u00e0, gratuit\u00e0 e centralit\u00e0 della persona, anche e soprattutto nel percorso di accompagnamento per la creazione o il riavvio di una impresa.<\/p>\n\n\n\n<div style=\"height:30px\" aria-hidden=\"true\" class=\"wp-block-spacer\"><\/div>\n\n\n\n<div class=\"wp-block-buttons is-content-justification-center is-layout-flex wp-block-buttons-is-layout-flex\">\n<div class=\"wp-block-button is-style-outline is-style-outline--1\"><a class=\"wp-block-button__link has-re-blue-color has-text-color\" href=\"https:\/\/www.reseau-entreprendre.org\/it\/impegnarsi\/modulo-volontariato\/\">DIVENTA MENTORE ANCHE TU<\/a><\/div>\n<\/div>\n\n\n\n<h1 class=\"wp-block-heading\"><span style=\"color: #268597;\"><br><\/span><\/h1>\n","protected":false},"excerpt":{"rendered":"<p>R\u00e9seau Entreprendre Piemonte conta oggi 70 imprenditori e professionisti associati<\/p>\n","protected":false},"author":43,"featured_media":0,"parent":2765,"menu_order":0,"comment_status":"closed","ping_status":"closed","template":"","meta":{"_acf_changed":false,"_monsterinsights_skip_tracking":false,"_monsterinsights_sitenote_active":false,"_monsterinsights_sitenote_note":"","_monsterinsights_sitenote_category":0,"footnotes":""},"class_list":["post-15","page","type-page","status-publish","hentry"],"acf":[],"yoast_head":"<!-- This site is optimized with the Yoast SEO plugin v27.4 - https:\/\/yoast.com\/product\/yoast-seo-wordpress\/ -->\n<title>Essere Mentore | R\u00e9seau Entreprendre Piemonte<\/title>\n<meta name=\"description\" content=\"Siete capi d&#039;impresa e vorreste assistere nuovi imprenditori? Diventate membri volontari di R\u00e9seau Entreprendre Piemonte!\" \/>\n<meta name=\"robots\" content=\"index, follow, max-snippet:-1, max-image-preview:large, max-video-preview:-1\" \/>\n<link rel=\"canonical\" href=\"https:\/\/www.reseau-entreprendre.org\/piemonte\/nostri-neo-imprenditori\/essere-mentore\/\" \/>\n<meta property=\"og:locale\" content=\"it_IT\" \/>\n<meta property=\"og:type\" content=\"article\" \/>\n<meta property=\"og:title\" content=\"Essere Mentore | R\u00e9seau Entreprendre Piemonte\" \/>\n<meta property=\"og:description\" content=\"Siete capi d&#039;impresa e vorreste assistere nuovi imprenditori? Diventate membri volontari di R\u00e9seau Entreprendre Piemonte!\" \/>\n<meta property=\"og:url\" content=\"https:\/\/www.reseau-entreprendre.org\/piemonte\/nostri-neo-imprenditori\/essere-mentore\/\" \/>\n<meta property=\"og:site_name\" content=\"R\u00e9seau Entreprendre Piemonte\" \/>\n<meta property=\"article:publisher\" content=\"https:\/\/www.facebook.com\/RePiemonte\/\" \/>\n<meta property=\"article:modified_time\" content=\"2021-10-08T15:50:06+00:00\" \/>\n<meta name=\"twitter:card\" content=\"summary_large_image\" \/>\n<meta name=\"twitter:site\" content=\"@Re_Piemonte\" \/>\n<meta name=\"twitter:label1\" content=\"Tempo di lettura stimato\" \/>\n\t<meta name=\"twitter:data1\" content=\"2 minuti\" \/>\n<script type=\"application\/ld+json\" class=\"yoast-schema-graph\">{\"@context\":\"https:\\\/\\\/schema.org\",\"@graph\":[{\"@type\":\"WebPage\",\"@id\":\"https:\\\/\\\/www.reseau-entreprendre.org\\\/piemonte\\\/nostri-neo-imprenditori\\\/essere-mentore\\\/\",\"url\":\"https:\\\/\\\/www.reseau-entreprendre.org\\\/piemonte\\\/nostri-neo-imprenditori\\\/essere-mentore\\\/\",\"name\":\"Essere Mentore | R\u00e9seau Entreprendre Piemonte\",\"isPartOf\":{\"@id\":\"https:\\\/\\\/www.reseau-entreprendre.org\\\/piemonte\\\/#website\"},\"datePublished\":\"2017-04-28T10:33:47+00:00\",\"dateModified\":\"2021-10-08T15:50:06+00:00\",\"description\":\"Siete capi d'impresa e vorreste assistere nuovi imprenditori? Diventate membri volontari di R\u00e9seau Entreprendre Piemonte!\",\"breadcrumb\":{\"@id\":\"https:\\\/\\\/www.reseau-entreprendre.org\\\/piemonte\\\/nostri-neo-imprenditori\\\/essere-mentore\\\/#breadcrumb\"},\"inLanguage\":\"it-IT\",\"potentialAction\":[{\"@type\":\"ReadAction\",\"target\":[\"https:\\\/\\\/www.reseau-entreprendre.org\\\/piemonte\\\/nostri-neo-imprenditori\\\/essere-mentore\\\/\"]}]},{\"@type\":\"BreadcrumbList\",\"@id\":\"https:\\\/\\\/www.reseau-entreprendre.org\\\/piemonte\\\/nostri-neo-imprenditori\\\/essere-mentore\\\/#breadcrumb\",\"itemListElement\":[{\"@type\":\"ListItem\",\"position\":1,\"name\":\"Accueil\",\"item\":\"https:\\\/\\\/www.reseau-entreprendre.org\\\/piemonte\\\/\"},{\"@type\":\"ListItem\",\"position\":2,\"name\":\"I nostri Neo-imprenditori\",\"item\":\"https:\\\/\\\/www.reseau-entreprendre.org\\\/piemonte\\\/?page_id=2765\"},{\"@type\":\"ListItem\",\"position\":3,\"name\":\"Essere Mentore\"}]},{\"@type\":\"WebSite\",\"@id\":\"https:\\\/\\\/www.reseau-entreprendre.org\\\/piemonte\\\/#website\",\"url\":\"https:\\\/\\\/www.reseau-entreprendre.org\\\/piemonte\\\/\",\"name\":\"R\u00e9seau Entreprendre Piemonte\",\"description\":\"Creiamo imprenditori per creare posti di lavoro\",\"publisher\":{\"@id\":\"https:\\\/\\\/www.reseau-entreprendre.org\\\/piemonte\\\/#organization\"},\"potentialAction\":[{\"@type\":\"SearchAction\",\"target\":{\"@type\":\"EntryPoint\",\"urlTemplate\":\"https:\\\/\\\/www.reseau-entreprendre.org\\\/piemonte\\\/?s={search_term_string}\"},\"query-input\":{\"@type\":\"PropertyValueSpecification\",\"valueRequired\":true,\"valueName\":\"search_term_string\"}}],\"inLanguage\":\"it-IT\"},{\"@type\":\"Organization\",\"@id\":\"https:\\\/\\\/www.reseau-entreprendre.org\\\/piemonte\\\/#organization\",\"name\":\"R\u00e9seau Entreprendre Piemonte\",\"url\":\"https:\\\/\\\/www.reseau-entreprendre.org\\\/piemonte\\\/\",\"logo\":{\"@type\":\"ImageObject\",\"inLanguage\":\"it-IT\",\"@id\":\"https:\\\/\\\/www.reseau-entreprendre.org\\\/piemonte\\\/#\\\/schema\\\/logo\\\/image\\\/\",\"url\":\"https:\\\/\\\/www.reseau-entreprendre.org\\\/piemonte\\\/wp-content\\\/uploads\\\/sites\\\/41\\\/2018\\\/02\\\/logo_horizontal_re_couleur_piemonte.png\",\"contentUrl\":\"https:\\\/\\\/www.reseau-entreprendre.org\\\/piemonte\\\/wp-content\\\/uploads\\\/sites\\\/41\\\/2018\\\/02\\\/logo_horizontal_re_couleur_piemonte.png\",\"width\":216,\"height\":56,\"caption\":\"R\u00e9seau Entreprendre Piemonte\"},\"image\":{\"@id\":\"https:\\\/\\\/www.reseau-entreprendre.org\\\/piemonte\\\/#\\\/schema\\\/logo\\\/image\\\/\"},\"sameAs\":[\"https:\\\/\\\/www.facebook.com\\\/RePiemonte\\\/\",\"https:\\\/\\\/x.com\\\/Re_Piemonte\",\"https:\\\/\\\/www.linkedin.com\\\/showcase\\\/reseauentreprendrepiemonte\"]}]}<\/script>\n<!-- \/ Yoast SEO plugin. -->","yoast_head_json":{"title":"Essere Mentore | R\u00e9seau Entreprendre Piemonte","description":"Siete capi d'impresa e vorreste assistere nuovi imprenditori? Diventate membri volontari di R\u00e9seau Entreprendre Piemonte!","robots":{"index":"index","follow":"follow","max-snippet":"max-snippet:-1","max-image-preview":"max-image-preview:large","max-video-preview":"max-video-preview:-1"},"canonical":"https:\/\/www.reseau-entreprendre.org\/piemonte\/nostri-neo-imprenditori\/essere-mentore\/","og_locale":"it_IT","og_type":"article","og_title":"Essere Mentore | R\u00e9seau Entreprendre Piemonte","og_description":"Siete capi d'impresa e vorreste assistere nuovi imprenditori? Diventate membri volontari di R\u00e9seau Entreprendre Piemonte!","og_url":"https:\/\/www.reseau-entreprendre.org\/piemonte\/nostri-neo-imprenditori\/essere-mentore\/","og_site_name":"R\u00e9seau Entreprendre Piemonte","article_publisher":"https:\/\/www.facebook.com\/RePiemonte\/","article_modified_time":"2021-10-08T15:50:06+00:00","twitter_card":"summary_large_image","twitter_site":"@Re_Piemonte","twitter_misc":{"Tempo di lettura stimato":"2 minuti"},"schema":{"@context":"https:\/\/schema.org","@graph":[{"@type":"WebPage","@id":"https:\/\/www.reseau-entreprendre.org\/piemonte\/nostri-neo-imprenditori\/essere-mentore\/","url":"https:\/\/www.reseau-entreprendre.org\/piemonte\/nostri-neo-imprenditori\/essere-mentore\/","name":"Essere Mentore | R\u00e9seau Entreprendre Piemonte","isPartOf":{"@id":"https:\/\/www.reseau-entreprendre.org\/piemonte\/#website"},"datePublished":"2017-04-28T10:33:47+00:00","dateModified":"2021-10-08T15:50:06+00:00","description":"Siete capi d'impresa e vorreste assistere nuovi imprenditori? Diventate membri volontari di R\u00e9seau Entreprendre Piemonte!","breadcrumb":{"@id":"https:\/\/www.reseau-entreprendre.org\/piemonte\/nostri-neo-imprenditori\/essere-mentore\/#breadcrumb"},"inLanguage":"it-IT","potentialAction":[{"@type":"ReadAction","target":["https:\/\/www.reseau-entreprendre.org\/piemonte\/nostri-neo-imprenditori\/essere-mentore\/"]}]},{"@type":"BreadcrumbList","@id":"https:\/\/www.reseau-entreprendre.org\/piemonte\/nostri-neo-imprenditori\/essere-mentore\/#breadcrumb","itemListElement":[{"@type":"ListItem","position":1,"name":"Accueil","item":"https:\/\/www.reseau-entreprendre.org\/piemonte\/"},{"@type":"ListItem","position":2,"name":"I nostri Neo-imprenditori","item":"https:\/\/www.reseau-entreprendre.org\/piemonte\/?page_id=2765"},{"@type":"ListItem","position":3,"name":"Essere Mentore"}]},{"@type":"WebSite","@id":"https:\/\/www.reseau-entreprendre.org\/piemonte\/#website","url":"https:\/\/www.reseau-entreprendre.org\/piemonte\/","name":"R\u00e9seau Entreprendre Piemonte","description":"Creiamo imprenditori per creare posti di lavoro","publisher":{"@id":"https:\/\/www.reseau-entreprendre.org\/piemonte\/#organization"},"potentialAction":[{"@type":"SearchAction","target":{"@type":"EntryPoint","urlTemplate":"https:\/\/www.reseau-entreprendre.org\/piemonte\/?s={search_term_string}"},"query-input":{"@type":"PropertyValueSpecification","valueRequired":true,"valueName":"search_term_string"}}],"inLanguage":"it-IT"},{"@type":"Organization","@id":"https:\/\/www.reseau-entreprendre.org\/piemonte\/#organization","name":"R\u00e9seau Entreprendre Piemonte","url":"https:\/\/www.reseau-entreprendre.org\/piemonte\/","logo":{"@type":"ImageObject","inLanguage":"it-IT","@id":"https:\/\/www.reseau-entreprendre.org\/piemonte\/#\/schema\/logo\/image\/","url":"https:\/\/www.reseau-entreprendre.org\/piemonte\/wp-content\/uploads\/sites\/41\/2018\/02\/logo_horizontal_re_couleur_piemonte.png","contentUrl":"https:\/\/www.reseau-entreprendre.org\/piemonte\/wp-content\/uploads\/sites\/41\/2018\/02\/logo_horizontal_re_couleur_piemonte.png","width":216,"height":56,"caption":"R\u00e9seau Entreprendre Piemonte"},"image":{"@id":"https:\/\/www.reseau-entreprendre.org\/piemonte\/#\/schema\/logo\/image\/"},"sameAs":["https:\/\/www.facebook.com\/RePiemonte\/","https:\/\/x.com\/Re_Piemonte","https:\/\/www.linkedin.com\/showcase\/reseauentreprendrepiemonte"]}]}},"_links":{"self":[{"href":"https:\/\/www.reseau-entreprendre.org\/piemonte\/wp-json\/wp\/v2\/pages\/15","targetHints":{"allow":["GET"]}}],"collection":[{"href":"https:\/\/www.reseau-entreprendre.org\/piemonte\/wp-json\/wp\/v2\/pages"}],"about":[{"href":"https:\/\/www.reseau-entreprendre.org\/piemonte\/wp-json\/wp\/v2\/types\/page"}],"author":[{"embeddable":true,"href":"https:\/\/www.reseau-entreprendre.org\/piemonte\/wp-json\/wp\/v2\/users\/43"}],"replies":[{"embeddable":true,"href":"https:\/\/www.reseau-entreprendre.org\/piemonte\/wp-json\/wp\/v2\/comments?post=15"}],"version-history":[{"count":0,"href":"https:\/\/www.reseau-entreprendre.org\/piemonte\/wp-json\/wp\/v2\/pages\/15\/revisions"}],"up":[{"embeddable":true,"href":"https:\/\/www.reseau-entreprendre.org\/piemonte\/wp-json\/wp\/v2\/pages\/2765"}],"wp:attachment":[{"href":"https:\/\/www.reseau-entreprendre.org\/piemonte\/wp-json\/wp\/v2\/media?parent=15"}],"curies":[{"name":"wp","href":"https:\/\/api.w.org\/{rel}","templated":true}]}}