{"id":8339,"date":"2021-09-23T17:09:25","date_gmt":"2021-09-23T15:09:25","guid":{"rendered":"https:\/\/www.reseau-entreprendre.org\/poitou-charentes\/?page_id=8339"},"modified":"2023-01-26T09:46:17","modified_gmt":"2023-01-26T08:46:17","slug":"entreprendre","status":"publish","type":"page","link":"https:\/\/www.reseau-entreprendre.org\/poitou-charentes\/entreprendre\/","title":{"rendered":"Entreprendre"},"content":{"rendered":"\n<div class=\"wp-block-group\"><div class=\"wp-block-group__inner-container is-layout-flow wp-block-group-is-layout-flow\">\n<div class=\"wp-block-group\"><div class=\"wp-block-group__inner-container is-layout-flow wp-block-group-is-layout-flow\">\n<p>Vous avez un projet \u00e0 potentiel de&nbsp;<strong>cr\u00e9ation d\u2019emplois<\/strong>&nbsp;? Rejoignez l\u2019aventure !&nbsp;<\/p>\n\n\n\n<p><a href=\"https:\/\/www.reseau-entreprendre.org\/fr\/qui-sommes-nous\/\"><strong><span class=\"has-inline-color has-re-yellow-color\">R\u00e9seau Entreprendre<\/span><\/strong><\/a>&nbsp;accompagne gratuitement tout&nbsp;<strong>cr\u00e9ateur, repreneur et chef&nbsp;<\/strong>d\u2019entreprise qui souhaite contribuer \u00e0 la&nbsp;<strong>cr\u00e9ation d\u2019emplois&nbsp;<\/strong>sur&nbsp;<strong><a href=\"https:\/\/www.reseau-entreprendre.org\/fr\/sengager\/jagis\"><span class=\"has-inline-color has-re-yellow-color\">son territoire, d\u00e9velopper son activit\u00e9<\/span><\/a><\/strong>&nbsp;ainsi que participer \u00e0 l\u2019\u00e9closion d\u2019un \u00e9cosyst\u00e8me local fort.&nbsp;<\/p>\n\n\n\n<p>Nous transmettons aux cr\u00e9ateurs, repreneurs et d\u00e9veloppeurs, le savoir-faire de&nbsp;<strong>chefs d\u2019entreprise&nbsp;<\/strong>exp\u00e9riment\u00e9s et en activit\u00e9, au travers d\u2019\u00e9changes constructifs et inspirants, de&nbsp;<strong>pairs \u00e0 pairs.<\/strong><\/p>\n<\/div><\/div>\n\n\n\n<div style=\"height:42px\" aria-hidden=\"true\" class=\"wp-block-spacer\"><\/div>\n\n\n\n<h5 class=\"wp-block-heading\"><mark style=\"background-color:rgba(0, 0, 0, 0)\" class=\"has-inline-color has-re-yellow-color\">VOUS B\u00c9N\u00c9FICIEREZ D&#8217;UN ACCOMPAGNEMENT<\/mark><\/h5>\n\n\n\n<div style=\"height:22px\" aria-hidden=\"true\" class=\"wp-block-spacer\"><\/div>\n\n\n\n<ul class=\"wp-block-list\">\n<li><strong><span class=\"has-inline-color has-re-yellow-color\">Humain<\/span><\/strong> &#8211; <strong>Individuel<\/strong> avec une rencontre mensuel avec votre accompagnateur et <strong>collectif<\/strong> avec une sensibilisation sur des sujets de gestion d&#8217;entreprise<\/li>\n\n\n\n<li><strong><span class=\"has-inline-color has-re-yellow-color\">Financier<\/span><\/strong> &#8211; Avec un <strong>pr\u00eat d&#8217;honneur<\/strong> personnel<\/li>\n<\/ul>\n\n\n\n<div style=\"height:25px\" aria-hidden=\"true\" class=\"wp-block-spacer\"><\/div>\n<\/div><\/div>\n\n\n\n<div class=\"wp-block-group\"><div class=\"wp-block-group__inner-container is-layout-flow wp-block-group-is-layout-flow\">\n<hr class=\"wp-block-separator has-css-opacity\"\/>\n\n\n\n<div style=\"height:48px\" aria-hidden=\"true\" class=\"wp-block-spacer\"><\/div>\n\n\n\n<h2 class=\"has-text-align-center wp-block-heading\"><strong><span class=\"has-inline-color has-re-yellow-color\">Programmes d&#8217;accompagnement<\/span><\/strong><\/h2>\n\n\n\n<div style=\"height:56px\" aria-hidden=\"true\" class=\"wp-block-spacer\"><\/div>\n\n\n\n<div class=\"wp-block-group\"><div class=\"wp-block-group__inner-container is-layout-flow wp-block-group-is-layout-flow\">\n<div class=\"wp-block-columns is-layout-flex wp-container-core-columns-is-layout-9d6595d7 wp-block-columns-is-layout-flex\">\n<div class=\"wp-block-column is-layout-flow wp-block-column-is-layout-flow\">\n<div class=\"wp-block-group\"><div class=\"wp-block-group__inner-container is-layout-flow wp-block-group-is-layout-flow\"><div class=\"wp-block-image\">\n<figure class=\"aligncenter size-full is-resized\"><img loading=\"lazy\" decoding=\"async\" src=\"https:\/\/www.reseau-entreprendre.org\/poitou-charentes\/wp-content\/uploads\/sites\/63\/2021\/12\/start-1.jpg\" alt=\"\" class=\"wp-image-8673\" width=\"189\" height=\"97\" srcset=\"https:\/\/www.reseau-entreprendre.org\/poitou-charentes\/wp-content\/uploads\/sites\/63\/2021\/12\/start-1.jpg 234w, https:\/\/www.reseau-entreprendre.org\/poitou-charentes\/wp-content\/uploads\/sites\/63\/2021\/12\/start-1-210x108.jpg 210w\" sizes=\"auto, (max-width: 189px) 100vw, 189px\" \/><\/figure>\n<\/div>\n\n\n<div style=\"height:14px\" aria-hidden=\"true\" class=\"wp-block-spacer\"><\/div>\n\n\n\n<p class=\"has-text-align-center\"><strong>R\u00e9v\u00e9lez et renforcez vos talents de chef d\u2019entreprise<\/strong><\/p>\n\n\n\n<div style=\"height:10px\" aria-hidden=\"true\" class=\"wp-block-spacer\"><\/div>\n\n\n\n<hr class=\"wp-block-separator has-css-opacity\"\/>\n\n\n\n<div style=\"height:16px\" aria-hidden=\"true\" class=\"wp-block-spacer\"><\/div>\n\n\n\n<h5 class=\"alignfull has-text-align-center wp-block-heading\"><mark style=\"background-color:rgba(0, 0, 0, 0)\" class=\"has-inline-color has-re-yellow-color\"><strong>B\u00e9n\u00e9fices<\/strong><\/mark><\/h5>\n\n\n\n<div style=\"height:15px\" aria-hidden=\"true\" class=\"wp-block-spacer\"><\/div>\n\n\n\n<ul class=\"wp-block-list\">\n<li><strong>S\u00e9curisez<\/strong> votre cr\u00e9ation \/ reprise<\/li>\n\n\n\n<li><strong>P\u00e9rennisez<\/strong> votre projet<\/li>\n<\/ul>\n\n\n\n<div style=\"height:16px\" aria-hidden=\"true\" class=\"wp-block-spacer\"><\/div>\n\n\n\n<hr class=\"wp-block-separator has-css-opacity\"\/>\n\n\n\n<div style=\"height:15px\" aria-hidden=\"true\" class=\"wp-block-spacer\"><\/div>\n\n\n\n<h5 class=\"alignfull has-text-align-center wp-block-heading\"><mark style=\"background-color:rgba(0, 0, 0, 0)\" class=\"has-inline-color has-re-yellow-color\"><strong>Crit\u00e8res d&#8217;\u00e9ligibilit\u00e9<\/strong><\/mark><\/h5>\n\n\n\n<div style=\"height:15px\" aria-hidden=\"true\" class=\"wp-block-spacer\"><\/div>\n\n\n\n<ul class=\"wp-block-list\">\n<li>Un potentiel de cr\u00e9ation de&nbsp;<strong>3 emplois&nbsp;<\/strong>\u00e0 3 ans<\/li>\n\n\n\n<li>Un apport personnel <strong>&gt;10k\u20ac<\/strong> <\/li>\n\n\n\n<li><strong>&lt;3ans<\/strong>&nbsp;d\u2019existence<\/li>\n<\/ul>\n<\/div><\/div>\n<\/div>\n\n\n\n<div class=\"wp-block-column is-layout-flow wp-block-column-is-layout-flow\">\n<div class=\"wp-block-group\"><div class=\"wp-block-group__inner-container is-layout-flow wp-block-group-is-layout-flow\"><div class=\"wp-block-image\">\n<figure class=\"aligncenter size-full is-resized\"><img loading=\"lazy\" decoding=\"async\" src=\"https:\/\/www.reseau-entreprendre.org\/poitou-charentes\/wp-content\/uploads\/sites\/63\/2021\/12\/booster.jpg\" alt=\"\" class=\"wp-image-8671\" width=\"283\" height=\"94\" srcset=\"https:\/\/www.reseau-entreprendre.org\/poitou-charentes\/wp-content\/uploads\/sites\/63\/2021\/12\/booster.jpg 450w, https:\/\/www.reseau-entreprendre.org\/poitou-charentes\/wp-content\/uploads\/sites\/63\/2021\/12\/booster-300x100.jpg 300w, https:\/\/www.reseau-entreprendre.org\/poitou-charentes\/wp-content\/uploads\/sites\/63\/2021\/12\/booster-210x70.jpg 210w\" sizes=\"auto, (max-width: 283px) 100vw, 283px\" \/><\/figure>\n<\/div>\n\n\n<div style=\"height:15px\" aria-hidden=\"true\" class=\"wp-block-spacer\"><\/div>\n\n\n\n<p class=\"has-text-align-center\"><strong>Concr\u00e9tisez et r\u00e9ussissez votre d\u00e9veloppement<\/strong><\/p>\n\n\n\n<div style=\"height:11px\" aria-hidden=\"true\" class=\"wp-block-spacer\"><\/div>\n\n\n\n<hr class=\"wp-block-separator has-css-opacity\"\/>\n\n\n\n<div style=\"height:14px\" aria-hidden=\"true\" class=\"wp-block-spacer\"><\/div>\n\n\n\n<h5 class=\"alignfull has-text-align-center wp-block-heading\"><strong><span class=\"has-inline-color has-re-yellow-color\">B\u00e9n\u00e9fices<\/span><\/strong><\/h5>\n\n\n\n<div style=\"height:15px\" aria-hidden=\"true\" class=\"wp-block-spacer\"><\/div>\n\n\n\n<ul class=\"wp-block-list\">\n<li><strong>Aider&nbsp;<\/strong>\u00e0 structurer votre projet de d\u00e9veloppement<\/li>\n\n\n\n<li><strong>Donner&nbsp;<\/strong>de la lisibilit\u00e9 sur la conduite de votre projet<\/li>\n\n\n\n<li><strong>\u00c9viter&nbsp;<\/strong>les risques de d\u00e9rapage de votre projet<\/li>\n<\/ul>\n\n\n\n<div style=\"height:14px\" aria-hidden=\"true\" class=\"wp-block-spacer\"><\/div>\n\n\n\n<hr class=\"wp-block-separator has-css-opacity\"\/>\n\n\n\n<div style=\"height:14px\" aria-hidden=\"true\" class=\"wp-block-spacer\"><\/div>\n\n\n\n<h5 class=\"alignfull has-text-align-center wp-block-heading\"><strong><span class=\"has-inline-color has-re-yellow-color\">Crit\u00e8res d&#8217;\u00e9ligibilit\u00e9<\/span><\/strong><\/h5>\n\n\n\n<div style=\"height:16px\" aria-hidden=\"true\" class=\"wp-block-spacer\"><\/div>\n\n\n\n<ul class=\"wp-block-list\">\n<li>Chiffre d\u2019affaires <strong>&gt; 500 k\u20ac<\/strong><\/li>\n\n\n\n<li>Plus de <strong>5 salari\u00e9s<\/strong><\/li>\n<\/ul>\n<\/div><\/div>\n\n\n\n<p><\/p>\n<\/div>\n\n\n\n<div class=\"wp-block-column is-layout-flow wp-block-column-is-layout-flow\">\n<div class=\"wp-block-group\"><div class=\"wp-block-group__inner-container is-layout-flow wp-block-group-is-layout-flow\"><div class=\"wp-block-image\">\n<figure class=\"aligncenter size-full is-resized\"><img loading=\"lazy\" decoding=\"async\" src=\"https:\/\/www.reseau-entreprendre.org\/poitou-charentes\/wp-content\/uploads\/sites\/63\/2021\/12\/ambition.jpg\" alt=\"\" class=\"wp-image-8672\" width=\"292\" height=\"94\" srcset=\"https:\/\/www.reseau-entreprendre.org\/poitou-charentes\/wp-content\/uploads\/sites\/63\/2021\/12\/ambition.jpg 555w, https:\/\/www.reseau-entreprendre.org\/poitou-charentes\/wp-content\/uploads\/sites\/63\/2021\/12\/ambition-300x97.jpg 300w, https:\/\/www.reseau-entreprendre.org\/poitou-charentes\/wp-content\/uploads\/sites\/63\/2021\/12\/ambition-210x68.jpg 210w\" sizes=\"auto, (max-width: 292px) 100vw, 292px\" \/><\/figure>\n<\/div>\n\n\n<div style=\"height:15px\" aria-hidden=\"true\" class=\"wp-block-spacer\"><\/div>\n\n\n\n<p class=\"has-text-align-center\"><strong>Acc\u00e9l\u00e9rez et p\u00e9rennisez la croissance de votre entreprise<\/strong><\/p>\n\n\n\n<div style=\"height:12px\" aria-hidden=\"true\" class=\"wp-block-spacer\"><\/div>\n\n\n\n<hr class=\"wp-block-separator has-css-opacity\"\/>\n\n\n\n<div style=\"height:15px\" aria-hidden=\"true\" class=\"wp-block-spacer\"><\/div>\n\n\n\n<h5 class=\"alignfull has-text-align-center wp-block-heading\"><strong><span class=\"has-inline-color has-re-yellow-color\">B\u00e9n\u00e9fices<\/span><\/strong><\/h5>\n\n\n\n<div style=\"height:14px\" aria-hidden=\"true\" class=\"wp-block-spacer\"><\/div>\n\n\n\n<ul class=\"wp-block-list\">\n<li><strong>Renforcer&nbsp;<\/strong>votre posture de chef d\u2019entreprise de croissance<\/li>\n\n\n\n<li><strong>Garder&nbsp;<\/strong>align\u00e9es strat\u00e9gie de croissance et ex\u00e9cution op\u00e9rationnelle&nbsp;<\/li>\n\n\n\n<li><strong>Mettre en place&nbsp;<\/strong>une gouvernance d\u2019entreprise choisie et responsable<\/li>\n<\/ul>\n\n\n\n<hr class=\"wp-block-separator has-css-opacity\"\/>\n\n\n\n<div style=\"height:14px\" aria-hidden=\"true\" class=\"wp-block-spacer\"><\/div>\n\n\n\n<h5 class=\"alignfull has-text-align-center wp-block-heading\"><strong><span class=\"has-inline-color has-re-yellow-color\">Crit\u00e8res d&#8217;\u00e9ligibilit\u00e9<\/span><\/strong><\/h5>\n\n\n\n<div style=\"height:15px\" aria-hidden=\"true\" class=\"wp-block-spacer\"><\/div>\n\n\n\n<ul class=\"wp-block-list\">\n<li>Chiffre d&#8217;affaires <strong>&gt;1M\u20ac<\/strong><\/li>\n\n\n\n<li>Plus de <strong>15 salari\u00e9s<\/strong><\/li>\n<\/ul>\n<\/div><\/div>\n<\/div>\n<\/div>\n<\/div><\/div>\n<\/div><\/div>\n","protected":false},"excerpt":{"rendered":"<p>Vous avez un projet \u00e0 potentiel de&nbsp;cr\u00e9ation d\u2019emplois&nbsp;? Rejoignez l\u2019aventure<\/p>\n","protected":false},"author":124,"featured_media":0,"parent":0,"menu_order":0,"comment_status":"closed","ping_status":"closed","template":"","meta":{"_acf_changed":false,"_monsterinsights_skip_tracking":false,"_monsterinsights_sitenote_active":false,"_monsterinsights_sitenote_note":"","_monsterinsights_sitenote_category":0,"footnotes":""},"class_list":["post-8339","page","type-page","status-publish","hentry"],"acf":[],"yoast_head":"<!-- This site is optimized with the Yoast SEO plugin v27.4 - https:\/\/yoast.com\/product\/yoast-seo-wordpress\/ -->\n<title>Entreprendre | Reseau Entreprendre Poitou-Charentes<\/title>\n<meta name=\"description\" content=\"%\" \/>\n<meta name=\"robots\" content=\"index, follow, max-snippet:-1, max-image-preview:large, max-video-preview:-1\" \/>\n<link rel=\"canonical\" href=\"https:\/\/www.reseau-entreprendre.org\/poitou-charentes\/entreprendre\/\" \/>\n<meta property=\"og:locale\" content=\"fr_FR\" \/>\n<meta property=\"og:type\" content=\"article\" \/>\n<meta property=\"og:title\" content=\"Entreprendre | Reseau Entreprendre Poitou-Charentes\" \/>\n<meta property=\"og:description\" content=\"%\" \/>\n<meta property=\"og:url\" content=\"https:\/\/www.reseau-entreprendre.org\/poitou-charentes\/entreprendre\/\" \/>\n<meta property=\"og:site_name\" content=\"R\u00e9seau Entreprendre Poitou-Charentes\" \/>\n<meta property=\"article:modified_time\" content=\"2023-01-26T08:46:17+00:00\" \/>\n<meta property=\"og:image\" content=\"https:\/\/www.reseau-entreprendre.org\/poitou-charentes\/wp-content\/uploads\/sites\/63\/2021\/12\/start-1.jpg\" \/>\n<meta name=\"twitter:card\" content=\"summary_large_image\" \/>\n<meta name=\"twitter:label1\" content=\"Dur\u00e9e de lecture estim\u00e9e\" \/>\n\t<meta name=\"twitter:data1\" content=\"2 minutes\" \/>\n<script type=\"application\/ld+json\" class=\"yoast-schema-graph\">{\"@context\":\"https:\\\/\\\/schema.org\",\"@graph\":[{\"@type\":\"WebPage\",\"@id\":\"https:\\\/\\\/www.reseau-entreprendre.org\\\/poitou-charentes\\\/entreprendre\\\/\",\"url\":\"https:\\\/\\\/www.reseau-entreprendre.org\\\/poitou-charentes\\\/entreprendre\\\/\",\"name\":\"Entreprendre | Reseau Entreprendre Poitou-Charentes\",\"isPartOf\":{\"@id\":\"https:\\\/\\\/www.reseau-entreprendre.org\\\/poitou-charentes\\\/#website\"},\"primaryImageOfPage\":{\"@id\":\"https:\\\/\\\/www.reseau-entreprendre.org\\\/poitou-charentes\\\/entreprendre\\\/#primaryimage\"},\"image\":{\"@id\":\"https:\\\/\\\/www.reseau-entreprendre.org\\\/poitou-charentes\\\/entreprendre\\\/#primaryimage\"},\"thumbnailUrl\":\"https:\\\/\\\/www.reseau-entreprendre.org\\\/poitou-charentes\\\/wp-content\\\/uploads\\\/sites\\\/63\\\/2021\\\/12\\\/start-1.jpg\",\"datePublished\":\"2021-09-23T15:09:25+00:00\",\"dateModified\":\"2023-01-26T08:46:17+00:00\",\"description\":\"%\",\"breadcrumb\":{\"@id\":\"https:\\\/\\\/www.reseau-entreprendre.org\\\/poitou-charentes\\\/entreprendre\\\/#breadcrumb\"},\"inLanguage\":\"fr-FR\",\"potentialAction\":[{\"@type\":\"ReadAction\",\"target\":[\"https:\\\/\\\/www.reseau-entreprendre.org\\\/poitou-charentes\\\/entreprendre\\\/\"]}]},{\"@type\":\"ImageObject\",\"inLanguage\":\"fr-FR\",\"@id\":\"https:\\\/\\\/www.reseau-entreprendre.org\\\/poitou-charentes\\\/entreprendre\\\/#primaryimage\",\"url\":\"https:\\\/\\\/www.reseau-entreprendre.org\\\/poitou-charentes\\\/wp-content\\\/uploads\\\/sites\\\/63\\\/2021\\\/12\\\/start-1.jpg\",\"contentUrl\":\"https:\\\/\\\/www.reseau-entreprendre.org\\\/poitou-charentes\\\/wp-content\\\/uploads\\\/sites\\\/63\\\/2021\\\/12\\\/start-1.jpg\",\"width\":234,\"height\":120},{\"@type\":\"BreadcrumbList\",\"@id\":\"https:\\\/\\\/www.reseau-entreprendre.org\\\/poitou-charentes\\\/entreprendre\\\/#breadcrumb\",\"itemListElement\":[{\"@type\":\"ListItem\",\"position\":1,\"name\":\"Accueil\",\"item\":\"https:\\\/\\\/www.reseau-entreprendre.org\\\/poitou-charentes\\\/\"},{\"@type\":\"ListItem\",\"position\":2,\"name\":\"Entreprendre\"}]},{\"@type\":\"WebSite\",\"@id\":\"https:\\\/\\\/www.reseau-entreprendre.org\\\/poitou-charentes\\\/#website\",\"url\":\"https:\\\/\\\/www.reseau-entreprendre.org\\\/poitou-charentes\\\/\",\"name\":\"R\u00e9seau Entreprendre Poitou-Charentes\",\"description\":\"Un site utilisant Les sites de R\u00e9seau Entreprendre\",\"potentialAction\":[{\"@type\":\"SearchAction\",\"target\":{\"@type\":\"EntryPoint\",\"urlTemplate\":\"https:\\\/\\\/www.reseau-entreprendre.org\\\/poitou-charentes\\\/?s={search_term_string}\"},\"query-input\":{\"@type\":\"PropertyValueSpecification\",\"valueRequired\":true,\"valueName\":\"search_term_string\"}}],\"inLanguage\":\"fr-FR\"}]}<\/script>\n<!-- \/ Yoast SEO plugin. -->","yoast_head_json":{"title":"Entreprendre | Reseau Entreprendre Poitou-Charentes","description":"%","robots":{"index":"index","follow":"follow","max-snippet":"max-snippet:-1","max-image-preview":"max-image-preview:large","max-video-preview":"max-video-preview:-1"},"canonical":"https:\/\/www.reseau-entreprendre.org\/poitou-charentes\/entreprendre\/","og_locale":"fr_FR","og_type":"article","og_title":"Entreprendre | Reseau Entreprendre Poitou-Charentes","og_description":"%","og_url":"https:\/\/www.reseau-entreprendre.org\/poitou-charentes\/entreprendre\/","og_site_name":"R\u00e9seau Entreprendre Poitou-Charentes","article_modified_time":"2023-01-26T08:46:17+00:00","og_image":[{"url":"https:\/\/www.reseau-entreprendre.org\/poitou-charentes\/wp-content\/uploads\/sites\/63\/2021\/12\/start-1.jpg","type":"","width":"","height":""}],"twitter_card":"summary_large_image","twitter_misc":{"Dur\u00e9e de lecture estim\u00e9e":"2 minutes"},"schema":{"@context":"https:\/\/schema.org","@graph":[{"@type":"WebPage","@id":"https:\/\/www.reseau-entreprendre.org\/poitou-charentes\/entreprendre\/","url":"https:\/\/www.reseau-entreprendre.org\/poitou-charentes\/entreprendre\/","name":"Entreprendre | Reseau Entreprendre Poitou-Charentes","isPartOf":{"@id":"https:\/\/www.reseau-entreprendre.org\/poitou-charentes\/#website"},"primaryImageOfPage":{"@id":"https:\/\/www.reseau-entreprendre.org\/poitou-charentes\/entreprendre\/#primaryimage"},"image":{"@id":"https:\/\/www.reseau-entreprendre.org\/poitou-charentes\/entreprendre\/#primaryimage"},"thumbnailUrl":"https:\/\/www.reseau-entreprendre.org\/poitou-charentes\/wp-content\/uploads\/sites\/63\/2021\/12\/start-1.jpg","datePublished":"2021-09-23T15:09:25+00:00","dateModified":"2023-01-26T08:46:17+00:00","description":"%","breadcrumb":{"@id":"https:\/\/www.reseau-entreprendre.org\/poitou-charentes\/entreprendre\/#breadcrumb"},"inLanguage":"fr-FR","potentialAction":[{"@type":"ReadAction","target":["https:\/\/www.reseau-entreprendre.org\/poitou-charentes\/entreprendre\/"]}]},{"@type":"ImageObject","inLanguage":"fr-FR","@id":"https:\/\/www.reseau-entreprendre.org\/poitou-charentes\/entreprendre\/#primaryimage","url":"https:\/\/www.reseau-entreprendre.org\/poitou-charentes\/wp-content\/uploads\/sites\/63\/2021\/12\/start-1.jpg","contentUrl":"https:\/\/www.reseau-entreprendre.org\/poitou-charentes\/wp-content\/uploads\/sites\/63\/2021\/12\/start-1.jpg","width":234,"height":120},{"@type":"BreadcrumbList","@id":"https:\/\/www.reseau-entreprendre.org\/poitou-charentes\/entreprendre\/#breadcrumb","itemListElement":[{"@type":"ListItem","position":1,"name":"Accueil","item":"https:\/\/www.reseau-entreprendre.org\/poitou-charentes\/"},{"@type":"ListItem","position":2,"name":"Entreprendre"}]},{"@type":"WebSite","@id":"https:\/\/www.reseau-entreprendre.org\/poitou-charentes\/#website","url":"https:\/\/www.reseau-entreprendre.org\/poitou-charentes\/","name":"R\u00e9seau Entreprendre Poitou-Charentes","description":"Un site utilisant Les sites de R\u00e9seau Entreprendre","potentialAction":[{"@type":"SearchAction","target":{"@type":"EntryPoint","urlTemplate":"https:\/\/www.reseau-entreprendre.org\/poitou-charentes\/?s={search_term_string}"},"query-input":{"@type":"PropertyValueSpecification","valueRequired":true,"valueName":"search_term_string"}}],"inLanguage":"fr-FR"}]}},"_links":{"self":[{"href":"https:\/\/www.reseau-entreprendre.org\/poitou-charentes\/wp-json\/wp\/v2\/pages\/8339","targetHints":{"allow":["GET"]}}],"collection":[{"href":"https:\/\/www.reseau-entreprendre.org\/poitou-charentes\/wp-json\/wp\/v2\/pages"}],"about":[{"href":"https:\/\/www.reseau-entreprendre.org\/poitou-charentes\/wp-json\/wp\/v2\/types\/page"}],"author":[{"embeddable":true,"href":"https:\/\/www.reseau-entreprendre.org\/poitou-charentes\/wp-json\/wp\/v2\/users\/124"}],"replies":[{"embeddable":true,"href":"https:\/\/www.reseau-entreprendre.org\/poitou-charentes\/wp-json\/wp\/v2\/comments?post=8339"}],"version-history":[{"count":0,"href":"https:\/\/www.reseau-entreprendre.org\/poitou-charentes\/wp-json\/wp\/v2\/pages\/8339\/revisions"}],"wp:attachment":[{"href":"https:\/\/www.reseau-entreprendre.org\/poitou-charentes\/wp-json\/wp\/v2\/media?parent=8339"}],"curies":[{"name":"wp","href":"https:\/\/api.w.org\/{rel}","templated":true}]}}