{"id":13,"date":"2017-04-28T12:33:34","date_gmt":"2017-04-28T10:33:34","guid":{"rendered":"http:\/\/re-dev-entreprendre.fr\/provence\/?page_id=13"},"modified":"2024-05-30T16:46:26","modified_gmt":"2024-05-30T14:46:26","slug":"entreprendre","status":"publish","type":"page","link":"https:\/\/www.reseau-entreprendre.org\/provence\/entreprendre\/","title":{"rendered":"Candidater"},"content":{"rendered":"\n<h2 class=\"wp-block-heading has-re-blue-color has-text-color\">Cr\u00e9ation, Innovation, Reprise &amp; Croissance<\/h2>\n\n\n\n<div style=\"height:25px\" aria-hidden=\"true\" class=\"wp-block-spacer\"><\/div>\n\n\n\n<h3 class=\"wp-block-heading has-re-red-color has-text-color\">Un r\u00e9seau de chefs d&#8217;entreprises qui accompagnent les nouveaux entrepreneurs et les entreprises en croissance<\/h3>\n\n\n\n<div style=\"height:25px\" aria-hidden=\"true\" class=\"wp-block-spacer\"><\/div>\n\n\n\n<p>L&#8217;offre d&#8217;accompagnement de R\u00e9seau Entreprendre est destin\u00e9e aux chefs d&#8217;entreprise significativement cr\u00e9ateurs d&#8217;emplois et de richesses, implant\u00e9s dans les Bouches-du-Rh\u00f4ne et d\u00e9sireux de partager les moments phares de leur aventure entrepreneuriale avec d&#8217;autres entrepreneurs.<\/p>\n\n\n\n<p>Rejoindre R\u00e9seau Entreprendre, c&#8217;est acc\u00e9der \u00e0 :<\/p>\n\n\n\n<p><strong>UNE COMMUNAUTE D&#8217;ENTREPRENEURS BENEVOLES<\/strong><br>L&#8217;engagement de ces chefs d&#8217;entreprise au sein de R\u00e9seau Entreprendre est aliment\u00e9 par leur passion de l&#8217;entrepreneuriat et leur envie de la transmettre \u00e0 d&#8217;autres entrepreneurs, dans un esprit de citoyennet\u00e9 \u00e9conomique.<br>Ainsi, les Membres donnent b\u00e9n\u00e9volement de leur temps pour \u00e9tudier les projets, participer aux comit\u00e9s d&#8217;engagement, accompagner des laur\u00e9ats et animer leur association\u2026 Ce qui repr\u00e9sente plus de 5 000 heures de b\u00e9n\u00e9volat par an.<\/p>\n\n\n\n<p><strong>UN ACCOMPAGNEMENT INDIVIDUEL &amp; COLLECTIF<\/strong><br>Les entrepreneurs accompagn\u00e9s par R\u00e9seau Entreprendre b\u00e9n\u00e9ficient d&#8217;un suivi \u00e0 la fois individuel et collectif. L&#8217;accompagnement individuel, qui dure entre 2 et 3 ans, est pris en charge par l&#8217;un de nos Membres b\u00e9n\u00e9voles dans le cadre de rencontres r\u00e9guli\u00e8res avec le Laur\u00e9at.<br>La grande force de R\u00e9seau Entreprendre r\u00e9side cependant dans sa capacit\u00e9 \u00e0 f\u00e9d\u00e9rer une communaut\u00e9 d&#8217;entrepreneurs capable d&#8217;apporter des \u00e9clairages multiples aux questionnements strat\u00e9giques des personnes accompagn\u00e9es.<\/p>\n\n\n\n<p><strong>UN FINANCEMENT SOUS FORME DE PRET D&#8217;HONNEUR<\/strong><br>Particuli\u00e8rement int\u00e9ressant pour leur effet de levier sur les autres financements, notamment bancaires, compris :<br>&#8211; Entre 15 000 et 50 000 euros pour une Cr\u00e9ation ou une Innovation<br>&#8211; Entre 15 000 et 90 000 euros pour une Reprise<br>&#8211; Entre 30 000 et 90 000 euros pour un Booster.<br>Le pr\u00eat Ambition-Croissance est quant \u00e0 lui d\u00e9livr\u00e9 par BPI France (cf. fiche programme Ambition-Croissance).<\/p>\n\n\n\n<p>Notre accompagnement se d\u00e9cline en 5 Programmes, dont voici les principaux crit\u00e8res (liste non exhaustive) :<\/p>\n\n\n\n<p><strong>Programme START \/ Cr\u00e9ation &#8211; Innovation<\/strong><br>&#8211; Etre cr\u00e9ateur depuis moins de 3 ans<br>&#8211; Etre associ\u00e9 majoritaire<br>&#8211; Avoir un apport personnel minimum de 15 k\u20ac<br>&#8211; Cr\u00e9er 5 \u00e0 10 emplois en 3 ans<\/p>\n\n\n\n<p><strong>Programme START \/Transmission<\/strong><br>&#8211; Etre repreneur depuis moins de 6 mois<br>&#8211; Reprendre une structure d&#8217;au moins 10 salari\u00e9s<br>&#8211; Reprendre une structure avec un chiffre d&#8217;affaire d&#8217;au moins 1M\u20ac<br>&#8211; Avoir sign\u00e9 la LOI<br>&#8211; Ce programme ne concerne pas la mise en relation c\u00e9dant \/ repreneur<\/p>\n\n\n\n<p><strong>Programme Booster<\/strong><br>&#8211; Entreprise pr\u00e9sentant \u00e0 minima 3 bilans<br>&#8211; Entreprise avec un chiffre d&#8217;affaire d&#8217;au moins 500 k\u20ac<br>&#8211; Entreprise d&#8217;au moins 5 salari\u00e9s<br>&#8211; Etre associ\u00e9 majoritaire<br>&#8211; Doubler ses emplois en 3 ans<\/p>\n\n\n\n<p><strong>Programme Ambition-Croissance<br><\/strong>&#8211; Entreprise pr\u00e9sentant \u00e0 minima 3 bilans- Entreprise avec un chiffre d&#8217;affaire d&#8217;au moins 1M\u20ac &#8211; Entreprise d&#8217;au moins 10 salari\u00e9s- Etre associ\u00e9 majoritaire- Doubler ou tripler ses emplois en 3 ans<\/p>\n\n\n\n<p><a href=\"https:\/\/www.reseau-entreprendre.org\/provence\/contact\/\">CONTACTEZ-NOUS<\/a><\/p>\n\n\n\n<div class=\"wp-block-group alignwide pb-0 padded bg-light\"><div class=\"wp-block-group__inner-container is-layout-flow wp-block-group-is-layout-flow\">\n<div class=\"wp-block-columns mb-5 is-layout-flex wp-container-core-columns-is-layout-9d6595d7 wp-block-columns-is-layout-flex\">\n<div class=\"wp-block-column is-layout-flow wp-block-column-is-layout-flow\" style=\"flex-basis:43%\">\n<figure class=\"wp-block-image size-full lifted-bottom\"><img loading=\"lazy\" decoding=\"async\" width=\"437\" height=\"458\" src=\"https:\/\/www.reseau-entreprendre.org\/provence\/wp-content\/uploads\/sites\/37\/2021\/10\/home-main-content-4.jpg\" alt=\"\" class=\"wp-image-1230\" srcset=\"https:\/\/www.reseau-entreprendre.org\/provence\/wp-content\/uploads\/sites\/37\/2021\/10\/home-main-content-4.jpg 437w, https:\/\/www.reseau-entreprendre.org\/provence\/wp-content\/uploads\/sites\/37\/2021\/10\/home-main-content-4-286x300.jpg 286w\" sizes=\"auto, (max-width: 437px) 100vw, 437px\" \/><\/figure>\n<\/div>\n\n\n\n<div class=\"wp-block-column is-vertically-aligned-center is-layout-flow wp-block-column-is-layout-flow\">\n<h2 class=\"wp-block-heading\" id=\"rencontrez-des-chefs-d-entreprise-pour-booster-votre-projet\">RENCONTREZ DES CHEFS D&#8217;ENTREPRISE POUR BOOSTER VOTRE PROJET<\/h2>\n\n\n\n<div style=\"height:19px\" aria-hidden=\"true\" class=\"wp-block-spacer\"><\/div>\n\n\n\n<div class=\"wp-block-buttons is-layout-flex wp-block-buttons-is-layout-flex\">\n<div class=\"wp-block-button is-style-fill\"><a class=\"wp-block-button__link has-re-red-background-color has-text-color has-background wp-element-button\" href=\"https:\/\/www.reseau-entreprendre.org\/provence\/contact\/\" style=\"color:#ffffff\">Contactez-nous !<\/a><\/div>\n<\/div>\n<\/div>\n<\/div>\n<\/div><\/div>\n\n\n<div class=\"wp-block-image\">\n<figure class=\"aligncenter\"><img loading=\"lazy\" decoding=\"async\" width=\"760\" height=\"800\" src=\"https:\/\/www.reseau-entreprendre.org\/wp-content\/uploads\/sites\/37\/2017\/04\/offres-2.jpg\" alt=\"\" class=\"wp-image-735\" srcset=\"https:\/\/www.reseau-entreprendre.org\/provence\/wp-content\/uploads\/sites\/37\/2017\/04\/offres-2.jpg 760w, https:\/\/www.reseau-entreprendre.org\/provence\/wp-content\/uploads\/sites\/37\/2017\/04\/offres-2-285x300.jpg 285w\" sizes=\"auto, (max-width: 760px) 100vw, 760px\" \/><\/figure>\n<\/div>","protected":false},"excerpt":{"rendered":"<p>Cr\u00e9ation, Innovation, Reprise &amp; Croissance Un r\u00e9seau de chefs d&#8217;entreprises<\/p>\n","protected":false},"author":39,"featured_media":0,"parent":0,"menu_order":0,"comment_status":"closed","ping_status":"closed","template":"","meta":{"_acf_changed":false,"_monsterinsights_skip_tracking":false,"_monsterinsights_sitenote_active":false,"_monsterinsights_sitenote_note":"","_monsterinsights_sitenote_category":0,"footnotes":""},"class_list":["post-13","page","type-page","status-publish","hentry"],"acf":[],"yoast_head":"<!-- This site is optimized with the Yoast SEO plugin v27.4 - https:\/\/yoast.com\/product\/yoast-seo-wordpress\/ -->\n<title>Entreprendre | Reseau Entreprendre Provence<\/title>\n<meta name=\"description\" content=\"Vous avez un projet de cr\u00e9ation d&#039;entreprise ? R\u00e9seau Entreprendre Provence vous accompagne gratuitement et dans la dur\u00e9e\" \/>\n<meta name=\"robots\" content=\"index, follow, max-snippet:-1, max-image-preview:large, max-video-preview:-1\" \/>\n<link rel=\"canonical\" href=\"https:\/\/www.reseau-entreprendre.org\/provence\/entreprendre\/\" \/>\n<meta property=\"og:locale\" content=\"fr_FR\" \/>\n<meta property=\"og:type\" content=\"article\" \/>\n<meta property=\"og:title\" content=\"Entreprendre | Reseau Entreprendre Provence\" \/>\n<meta property=\"og:description\" content=\"Vous avez un projet de cr\u00e9ation d&#039;entreprise ? R\u00e9seau Entreprendre Provence vous accompagne gratuitement et dans la dur\u00e9e\" \/>\n<meta property=\"og:url\" content=\"https:\/\/www.reseau-entreprendre.org\/provence\/entreprendre\/\" \/>\n<meta property=\"og:site_name\" content=\"R\u00e9seau Entreprendre Provence\" \/>\n<meta property=\"article:modified_time\" content=\"2024-05-30T14:46:26+00:00\" \/>\n<meta property=\"og:image\" content=\"https:\/\/www.reseau-entreprendre.org\/provence\/wp-content\/uploads\/sites\/37\/2021\/10\/home-main-content-4.jpg\" \/>\n<meta name=\"twitter:card\" content=\"summary_large_image\" \/>\n<meta name=\"twitter:label1\" content=\"Dur\u00e9e de lecture estim\u00e9e\" \/>\n\t<meta name=\"twitter:data1\" content=\"3 minutes\" \/>\n<script type=\"application\/ld+json\" class=\"yoast-schema-graph\">{\"@context\":\"https:\\\/\\\/schema.org\",\"@graph\":[{\"@type\":\"WebPage\",\"@id\":\"https:\\\/\\\/www.reseau-entreprendre.org\\\/provence\\\/entreprendre\\\/\",\"url\":\"https:\\\/\\\/www.reseau-entreprendre.org\\\/provence\\\/entreprendre\\\/\",\"name\":\"Entreprendre | Reseau Entreprendre Provence\",\"isPartOf\":{\"@id\":\"https:\\\/\\\/www.reseau-entreprendre.org\\\/provence\\\/#website\"},\"primaryImageOfPage\":{\"@id\":\"https:\\\/\\\/www.reseau-entreprendre.org\\\/provence\\\/entreprendre\\\/#primaryimage\"},\"image\":{\"@id\":\"https:\\\/\\\/www.reseau-entreprendre.org\\\/provence\\\/entreprendre\\\/#primaryimage\"},\"thumbnailUrl\":\"https:\\\/\\\/www.reseau-entreprendre.org\\\/provence\\\/wp-content\\\/uploads\\\/sites\\\/37\\\/2021\\\/10\\\/home-main-content-4.jpg\",\"datePublished\":\"2017-04-28T10:33:34+00:00\",\"dateModified\":\"2024-05-30T14:46:26+00:00\",\"description\":\"Vous avez un projet de cr\u00e9ation d'entreprise ? R\u00e9seau Entreprendre Provence vous accompagne gratuitement et dans la dur\u00e9e\",\"breadcrumb\":{\"@id\":\"https:\\\/\\\/www.reseau-entreprendre.org\\\/provence\\\/entreprendre\\\/#breadcrumb\"},\"inLanguage\":\"fr-FR\",\"potentialAction\":[{\"@type\":\"ReadAction\",\"target\":[\"https:\\\/\\\/www.reseau-entreprendre.org\\\/provence\\\/entreprendre\\\/\"]}]},{\"@type\":\"ImageObject\",\"inLanguage\":\"fr-FR\",\"@id\":\"https:\\\/\\\/www.reseau-entreprendre.org\\\/provence\\\/entreprendre\\\/#primaryimage\",\"url\":\"https:\\\/\\\/www.reseau-entreprendre.org\\\/provence\\\/wp-content\\\/uploads\\\/sites\\\/37\\\/2021\\\/10\\\/home-main-content-4.jpg\",\"contentUrl\":\"https:\\\/\\\/www.reseau-entreprendre.org\\\/provence\\\/wp-content\\\/uploads\\\/sites\\\/37\\\/2021\\\/10\\\/home-main-content-4.jpg\",\"width\":437,\"height\":458},{\"@type\":\"BreadcrumbList\",\"@id\":\"https:\\\/\\\/www.reseau-entreprendre.org\\\/provence\\\/entreprendre\\\/#breadcrumb\",\"itemListElement\":[{\"@type\":\"ListItem\",\"position\":1,\"name\":\"Accueil\",\"item\":\"https:\\\/\\\/www.reseau-entreprendre.org\\\/provence\\\/\"},{\"@type\":\"ListItem\",\"position\":2,\"name\":\"Candidater\"}]},{\"@type\":\"WebSite\",\"@id\":\"https:\\\/\\\/www.reseau-entreprendre.org\\\/provence\\\/#website\",\"url\":\"https:\\\/\\\/www.reseau-entreprendre.org\\\/provence\\\/\",\"name\":\"R\u00e9seau Entreprendre Provence\",\"description\":\"Pour cr\u00e9er des emplois durables, cr\u00e9ons des employeurs responsables\",\"potentialAction\":[{\"@type\":\"SearchAction\",\"target\":{\"@type\":\"EntryPoint\",\"urlTemplate\":\"https:\\\/\\\/www.reseau-entreprendre.org\\\/provence\\\/?s={search_term_string}\"},\"query-input\":{\"@type\":\"PropertyValueSpecification\",\"valueRequired\":true,\"valueName\":\"search_term_string\"}}],\"inLanguage\":\"fr-FR\"}]}<\/script>\n<!-- \/ Yoast SEO plugin. -->","yoast_head_json":{"title":"Entreprendre | Reseau Entreprendre Provence","description":"Vous avez un projet de cr\u00e9ation d'entreprise ? R\u00e9seau Entreprendre Provence vous accompagne gratuitement et dans la dur\u00e9e","robots":{"index":"index","follow":"follow","max-snippet":"max-snippet:-1","max-image-preview":"max-image-preview:large","max-video-preview":"max-video-preview:-1"},"canonical":"https:\/\/www.reseau-entreprendre.org\/provence\/entreprendre\/","og_locale":"fr_FR","og_type":"article","og_title":"Entreprendre | Reseau Entreprendre Provence","og_description":"Vous avez un projet de cr\u00e9ation d'entreprise ? R\u00e9seau Entreprendre Provence vous accompagne gratuitement et dans la dur\u00e9e","og_url":"https:\/\/www.reseau-entreprendre.org\/provence\/entreprendre\/","og_site_name":"R\u00e9seau Entreprendre Provence","article_modified_time":"2024-05-30T14:46:26+00:00","og_image":[{"url":"https:\/\/www.reseau-entreprendre.org\/provence\/wp-content\/uploads\/sites\/37\/2021\/10\/home-main-content-4.jpg","type":"","width":"","height":""}],"twitter_card":"summary_large_image","twitter_misc":{"Dur\u00e9e de lecture estim\u00e9e":"3 minutes"},"schema":{"@context":"https:\/\/schema.org","@graph":[{"@type":"WebPage","@id":"https:\/\/www.reseau-entreprendre.org\/provence\/entreprendre\/","url":"https:\/\/www.reseau-entreprendre.org\/provence\/entreprendre\/","name":"Entreprendre | Reseau Entreprendre Provence","isPartOf":{"@id":"https:\/\/www.reseau-entreprendre.org\/provence\/#website"},"primaryImageOfPage":{"@id":"https:\/\/www.reseau-entreprendre.org\/provence\/entreprendre\/#primaryimage"},"image":{"@id":"https:\/\/www.reseau-entreprendre.org\/provence\/entreprendre\/#primaryimage"},"thumbnailUrl":"https:\/\/www.reseau-entreprendre.org\/provence\/wp-content\/uploads\/sites\/37\/2021\/10\/home-main-content-4.jpg","datePublished":"2017-04-28T10:33:34+00:00","dateModified":"2024-05-30T14:46:26+00:00","description":"Vous avez un projet de cr\u00e9ation d'entreprise ? R\u00e9seau Entreprendre Provence vous accompagne gratuitement et dans la dur\u00e9e","breadcrumb":{"@id":"https:\/\/www.reseau-entreprendre.org\/provence\/entreprendre\/#breadcrumb"},"inLanguage":"fr-FR","potentialAction":[{"@type":"ReadAction","target":["https:\/\/www.reseau-entreprendre.org\/provence\/entreprendre\/"]}]},{"@type":"ImageObject","inLanguage":"fr-FR","@id":"https:\/\/www.reseau-entreprendre.org\/provence\/entreprendre\/#primaryimage","url":"https:\/\/www.reseau-entreprendre.org\/provence\/wp-content\/uploads\/sites\/37\/2021\/10\/home-main-content-4.jpg","contentUrl":"https:\/\/www.reseau-entreprendre.org\/provence\/wp-content\/uploads\/sites\/37\/2021\/10\/home-main-content-4.jpg","width":437,"height":458},{"@type":"BreadcrumbList","@id":"https:\/\/www.reseau-entreprendre.org\/provence\/entreprendre\/#breadcrumb","itemListElement":[{"@type":"ListItem","position":1,"name":"Accueil","item":"https:\/\/www.reseau-entreprendre.org\/provence\/"},{"@type":"ListItem","position":2,"name":"Candidater"}]},{"@type":"WebSite","@id":"https:\/\/www.reseau-entreprendre.org\/provence\/#website","url":"https:\/\/www.reseau-entreprendre.org\/provence\/","name":"R\u00e9seau Entreprendre Provence","description":"Pour cr\u00e9er des emplois durables, cr\u00e9ons des employeurs responsables","potentialAction":[{"@type":"SearchAction","target":{"@type":"EntryPoint","urlTemplate":"https:\/\/www.reseau-entreprendre.org\/provence\/?s={search_term_string}"},"query-input":{"@type":"PropertyValueSpecification","valueRequired":true,"valueName":"search_term_string"}}],"inLanguage":"fr-FR"}]}},"_links":{"self":[{"href":"https:\/\/www.reseau-entreprendre.org\/provence\/wp-json\/wp\/v2\/pages\/13","targetHints":{"allow":["GET"]}}],"collection":[{"href":"https:\/\/www.reseau-entreprendre.org\/provence\/wp-json\/wp\/v2\/pages"}],"about":[{"href":"https:\/\/www.reseau-entreprendre.org\/provence\/wp-json\/wp\/v2\/types\/page"}],"author":[{"embeddable":true,"href":"https:\/\/www.reseau-entreprendre.org\/provence\/wp-json\/wp\/v2\/users\/39"}],"replies":[{"embeddable":true,"href":"https:\/\/www.reseau-entreprendre.org\/provence\/wp-json\/wp\/v2\/comments?post=13"}],"version-history":[{"count":0,"href":"https:\/\/www.reseau-entreprendre.org\/provence\/wp-json\/wp\/v2\/pages\/13\/revisions"}],"wp:attachment":[{"href":"https:\/\/www.reseau-entreprendre.org\/provence\/wp-json\/wp\/v2\/media?parent=13"}],"curies":[{"name":"wp","href":"https:\/\/api.w.org\/{rel}","templated":true}]}}