{"id":1408,"date":"2020-05-11T14:36:44","date_gmt":"2020-05-11T12:36:44","guid":{"rendered":"https:\/\/www.reseau-entreprendre.org\/val-d-oise\/?page_id=1408"},"modified":"2025-06-03T14:57:16","modified_gmt":"2025-06-03T12:57:16","slug":"chefs-dentreprise-rejoignez-nous","status":"publish","type":"page","link":"https:\/\/www.reseau-entreprendre.org\/val-d-oise\/chefs-dentreprise-rejoignez-nous\/","title":{"rendered":"J&#8217;accompagne"},"content":{"rendered":"\n<p><\/p>\n\n\n\n<div style=\"height:28px\" aria-hidden=\"true\" class=\"wp-block-spacer\"><\/div>\n\n\n\n<figure class=\"wp-block-embed aligncenter is-type-video is-provider-youtube wp-block-embed-youtube wp-embed-aspect-16-9 wp-has-aspect-ratio\"><div class=\"wp-block-embed__wrapper\">\n<iframe loading=\"lazy\" title=\"Film Entreprendre sa vie avec R\u00e9seau Entreprendre\u00ae 2022\" width=\"500\" height=\"281\" src=\"https:\/\/www.youtube.com\/embed\/ytRZBog1o9Y?feature=oembed\" frameborder=\"0\" allow=\"accelerometer; autoplay; clipboard-write; encrypted-media; gyroscope; picture-in-picture; web-share\" referrerpolicy=\"strict-origin-when-cross-origin\" allowfullscreen><\/iframe>\n<\/div><\/figure>\n\n\n\n<div class=\"wp-block-columns is-layout-flex wp-container-core-columns-is-layout-9d6595d7 wp-block-columns-is-layout-flex\">\n<div class=\"wp-block-column is-layout-flow wp-block-column-is-layout-flow\" style=\"flex-basis:25%\"><\/div>\n\n\n\n<div class=\"wp-block-column is-layout-flow wp-block-column-is-layout-flow\" style=\"flex-basis:50%\"><\/div>\n\n\n\n<div class=\"wp-block-column is-layout-flow wp-block-column-is-layout-flow\" style=\"flex-basis:25%\"><\/div>\n<\/div>\n\n\n\n<h1 class=\"wp-block-heading has-re-blue-color has-text-color has-link-color wp-elements-d5dbedb099b1217463e265cb82ae4a95\"><strong>Chefs d\u2019entreprise, pourquoi nous rejoindre ?<\/strong><\/h1>\n\n\n\n<p>Vous souhaitez transmettre, partager votre expertise et conseiller ? Devenez Membre du R\u00e9seau Entreprendre Val d&#8217;Oise : nos entrepreneurs laur\u00e9ats vous attendent ! Une fois par mois, vous \u00e9changerez avec eux afin de les accompagner et de les faire grandir dans leur posture de chef d&#8217;entreprise. <\/p>\n\n\n\n<p>Tout au long de l&#8217;ann\u00e9e, une programmation riche en \u00e9v\u00e8nements vous sera propos\u00e9e : d\u00e9jeuners, visites d&#8217;entreprises \u2026 Toujours dans la convivialit\u00e9 et la bonne humeur. <\/p>\n\n\n\n\n\n<h2 class=\"wp-block-heading has-re-yellow-color has-text-color has-link-color wp-elements-9e84fe4a4f303d82335d43813453b754\"><strong>Une implication au choix<\/strong><\/h2>\n\n\n\n<p>Votre implication au sein du R\u00e9seau Entreprendre Val d&#8217;Oise peut se faire de diff\u00e9rentes mani\u00e8res : participer \u00e0 la s\u00e9lection des projets, accompagner des entrepreneurs jusqu&#8217;\u00e0 booster leurs projets et participer \u00e0 la vie active de notre association en fonction de vos disponibilit\u00e9s. <\/p>\n\n\n\n<div class=\"wp-block-columns is-layout-flex wp-container-core-columns-is-layout-9d6595d7 wp-block-columns-is-layout-flex\">\n<div class=\"wp-block-column is-layout-flow wp-block-column-is-layout-flow\">\n<figure class=\"wp-block-image size-full\"><img loading=\"lazy\" decoding=\"async\" width=\"1074\" height=\"716\" src=\"https:\/\/www.reseau-entreprendre.org\/val-d-oise\/wp-content\/uploads\/sites\/27\/2024\/02\/b3557592-08b3-40c3-865e-691a4377a822.jpg\" alt=\"\" class=\"wp-image-2693\" srcset=\"https:\/\/www.reseau-entreprendre.org\/val-d-oise\/wp-content\/uploads\/sites\/27\/2024\/02\/b3557592-08b3-40c3-865e-691a4377a822.jpg 1074w, https:\/\/www.reseau-entreprendre.org\/val-d-oise\/wp-content\/uploads\/sites\/27\/2024\/02\/b3557592-08b3-40c3-865e-691a4377a822-300x200.jpg 300w, https:\/\/www.reseau-entreprendre.org\/val-d-oise\/wp-content\/uploads\/sites\/27\/2024\/02\/b3557592-08b3-40c3-865e-691a4377a822-1024x683.jpg 1024w, https:\/\/www.reseau-entreprendre.org\/val-d-oise\/wp-content\/uploads\/sites\/27\/2024\/02\/b3557592-08b3-40c3-865e-691a4377a822-768x512.jpg 768w, https:\/\/www.reseau-entreprendre.org\/val-d-oise\/wp-content\/uploads\/sites\/27\/2024\/02\/b3557592-08b3-40c3-865e-691a4377a822-391x260.jpg 391w, https:\/\/www.reseau-entreprendre.org\/val-d-oise\/wp-content\/uploads\/sites\/27\/2024\/02\/b3557592-08b3-40c3-865e-691a4377a822-195x130.jpg 195w\" sizes=\"auto, (max-width: 1074px) 100vw, 1074px\" \/><\/figure>\n<\/div>\n\n\n\n<div class=\"wp-block-column is-layout-flow wp-block-column-is-layout-flow\">\n<figure class=\"wp-block-image size-large\"><img loading=\"lazy\" decoding=\"async\" width=\"1024\" height=\"683\" src=\"https:\/\/www.reseau-entreprendre.org\/val-d-oise\/wp-content\/uploads\/sites\/27\/2024\/02\/thumbnail-1024x683.jpg\" alt=\"\" class=\"wp-image-2694\" srcset=\"https:\/\/www.reseau-entreprendre.org\/val-d-oise\/wp-content\/uploads\/sites\/27\/2024\/02\/thumbnail-1024x683.jpg 1024w, https:\/\/www.reseau-entreprendre.org\/val-d-oise\/wp-content\/uploads\/sites\/27\/2024\/02\/thumbnail-300x200.jpg 300w, https:\/\/www.reseau-entreprendre.org\/val-d-oise\/wp-content\/uploads\/sites\/27\/2024\/02\/thumbnail-768x512.jpg 768w, https:\/\/www.reseau-entreprendre.org\/val-d-oise\/wp-content\/uploads\/sites\/27\/2024\/02\/thumbnail-391x260.jpg 391w, https:\/\/www.reseau-entreprendre.org\/val-d-oise\/wp-content\/uploads\/sites\/27\/2024\/02\/thumbnail-195x130.jpg 195w, https:\/\/www.reseau-entreprendre.org\/val-d-oise\/wp-content\/uploads\/sites\/27\/2024\/02\/thumbnail.jpg 1074w\" sizes=\"auto, (max-width: 1024px) 100vw, 1024px\" \/><\/figure>\n<\/div>\n\n\n\n<div class=\"wp-block-column is-layout-flow wp-block-column-is-layout-flow\">\n<figure class=\"wp-block-image size-full is-resized\"><img loading=\"lazy\" decoding=\"async\" width=\"1074\" height=\"716\" src=\"https:\/\/www.reseau-entreprendre.org\/val-d-oise\/wp-content\/uploads\/sites\/27\/2024\/02\/231b6ca4-3322-4744-9738-c5e51194aa83.jpg\" alt=\"\" class=\"wp-image-2692\" style=\"width:338px;height:auto\" srcset=\"https:\/\/www.reseau-entreprendre.org\/val-d-oise\/wp-content\/uploads\/sites\/27\/2024\/02\/231b6ca4-3322-4744-9738-c5e51194aa83.jpg 1074w, https:\/\/www.reseau-entreprendre.org\/val-d-oise\/wp-content\/uploads\/sites\/27\/2024\/02\/231b6ca4-3322-4744-9738-c5e51194aa83-300x200.jpg 300w, https:\/\/www.reseau-entreprendre.org\/val-d-oise\/wp-content\/uploads\/sites\/27\/2024\/02\/231b6ca4-3322-4744-9738-c5e51194aa83-1024x683.jpg 1024w, https:\/\/www.reseau-entreprendre.org\/val-d-oise\/wp-content\/uploads\/sites\/27\/2024\/02\/231b6ca4-3322-4744-9738-c5e51194aa83-768x512.jpg 768w, https:\/\/www.reseau-entreprendre.org\/val-d-oise\/wp-content\/uploads\/sites\/27\/2024\/02\/231b6ca4-3322-4744-9738-c5e51194aa83-391x260.jpg 391w, https:\/\/www.reseau-entreprendre.org\/val-d-oise\/wp-content\/uploads\/sites\/27\/2024\/02\/231b6ca4-3322-4744-9738-c5e51194aa83-195x130.jpg 195w\" sizes=\"auto, (max-width: 1074px) 100vw, 1074px\" \/><\/figure>\n<\/div>\n<\/div>\n\n\n\n<div class=\"wp-block-columns is-layout-flex wp-container-core-columns-is-layout-9d6595d7 wp-block-columns-is-layout-flex\">\n<div class=\"wp-block-column is-layout-flow wp-block-column-is-layout-flow\">\n<h3 class=\"wp-block-heading has-re-blue-color has-text-color has-link-color wp-elements-4a0117855d0071416dde3bc6bd4e8255\"><strong>Rejoignez un r\u00e9seau actif de dirigeants d\u2019entreprises<\/strong><\/h3>\n\n\n\n<p>80 chefs d\u2019entreprise engag\u00e9s \u00e0 faire rayonner l&#8217;ensemble du territoire du Val d&#8217;Oise<\/p>\n<\/div>\n\n\n\n<div class=\"wp-block-column is-layout-flow wp-block-column-is-layout-flow\">\n<h3 class=\"wp-block-heading has-re-yellow-color has-text-color has-link-color wp-elements-24c658db3a00876545f05f204d71af7a\"><strong>Impliquez vous dans l\u2019\u00e9cosyst\u00e8me entrepreneurial<\/strong><\/h3>\n\n\n\n<p>Gr\u00e2ce aux rencontres et \u00e9v\u00e8nements du R\u00e9seau Entreprendre Val d&#8217;Oise.<\/p>\n<\/div>\n\n\n\n<div class=\"wp-block-column is-layout-flow wp-block-column-is-layout-flow\">\n<h3 class=\"wp-block-heading has-re-red-color has-text-color has-link-color wp-elements-40db33f79994f1a290d44d6313776164\"><strong>Apprenez au contact de nouveaux entrepreneurs<\/strong><\/h3>\n\n\n\n<p>Entretenez une veille sur les innovations port\u00e9es par ces jeunes entreprises prometteuses.<\/p>\n<\/div>\n<\/div>\n\n\n\n<div style=\"height:33px\" aria-hidden=\"true\" class=\"wp-block-spacer\"><\/div>\n\n\n\n<div class=\"wp-block-buttons is-content-justification-center is-layout-flex wp-container-core-buttons-is-layout-16018d1d wp-block-buttons-is-layout-flex\">\n<div class=\"wp-block-button\"><a class=\"wp-block-button__link wp-element-button\" href=\"https:\/\/www.reseau-entreprendre.org\/val-d-oise\/formulaire-benevole\/\" target=\"_blank\" rel=\"noreferrer noopener\">Rejoignez-nous ! <\/a><\/div>\n<\/div>\n","protected":false},"excerpt":{"rendered":"<p>Chefs d\u2019entreprise, pourquoi nous rejoindre ? Vous souhaitez transmettre, partager<\/p>\n","protected":false},"author":28,"featured_media":0,"parent":0,"menu_order":0,"comment_status":"closed","ping_status":"closed","template":"","meta":{"_acf_changed":false,"_monsterinsights_skip_tracking":false,"_monsterinsights_sitenote_active":false,"_monsterinsights_sitenote_note":"","_monsterinsights_sitenote_category":0,"footnotes":""},"class_list":["post-1408","page","type-page","status-publish","hentry"],"acf":[],"yoast_head":"<!-- This site is optimized with the Yoast SEO plugin v27.4 - https:\/\/yoast.com\/product\/yoast-seo-wordpress\/ -->\n<title>J&#039;accompagne - R\u00e9seau Entreprendre Val d&#039;Oise<\/title>\n<meta name=\"robots\" content=\"index, follow, max-snippet:-1, max-image-preview:large, max-video-preview:-1\" \/>\n<link rel=\"canonical\" href=\"https:\/\/www.reseau-entreprendre.org\/val-d-oise\/chefs-dentreprise-rejoignez-nous\/\" \/>\n<meta property=\"og:locale\" content=\"fr_FR\" \/>\n<meta property=\"og:type\" content=\"article\" \/>\n<meta property=\"og:title\" content=\"J&#039;accompagne - R\u00e9seau Entreprendre Val d&#039;Oise\" \/>\n<meta property=\"og:description\" content=\"Chefs d\u2019entreprise, pourquoi nous rejoindre ? Vous souhaitez transmettre, partager\" \/>\n<meta property=\"og:url\" content=\"https:\/\/www.reseau-entreprendre.org\/val-d-oise\/chefs-dentreprise-rejoignez-nous\/\" \/>\n<meta property=\"og:site_name\" content=\"R\u00e9seau Entreprendre Val d&#039;Oise\" \/>\n<meta property=\"article:modified_time\" content=\"2025-06-03T12:57:16+00:00\" \/>\n<meta property=\"og:image\" content=\"https:\/\/www.reseau-entreprendre.org\/val-d-oise\/wp-content\/uploads\/sites\/27\/2024\/02\/b3557592-08b3-40c3-865e-691a4377a822.jpg\" \/>\n\t<meta property=\"og:image:width\" content=\"1074\" \/>\n\t<meta property=\"og:image:height\" content=\"716\" \/>\n\t<meta property=\"og:image:type\" content=\"image\/jpeg\" \/>\n<meta name=\"twitter:card\" content=\"summary_large_image\" \/>\n<meta name=\"twitter:label1\" content=\"Dur\u00e9e de lecture estim\u00e9e\" \/>\n\t<meta name=\"twitter:data1\" content=\"2 minutes\" \/>\n<script type=\"application\/ld+json\" class=\"yoast-schema-graph\">{\"@context\":\"https:\\\/\\\/schema.org\",\"@graph\":[{\"@type\":\"WebPage\",\"@id\":\"https:\\\/\\\/www.reseau-entreprendre.org\\\/val-d-oise\\\/chefs-dentreprise-rejoignez-nous\\\/\",\"url\":\"https:\\\/\\\/www.reseau-entreprendre.org\\\/val-d-oise\\\/chefs-dentreprise-rejoignez-nous\\\/\",\"name\":\"J'accompagne - R\u00e9seau Entreprendre Val d&#039;Oise\",\"isPartOf\":{\"@id\":\"https:\\\/\\\/www.reseau-entreprendre.org\\\/val-d-oise\\\/#website\"},\"primaryImageOfPage\":{\"@id\":\"https:\\\/\\\/www.reseau-entreprendre.org\\\/val-d-oise\\\/chefs-dentreprise-rejoignez-nous\\\/#primaryimage\"},\"image\":{\"@id\":\"https:\\\/\\\/www.reseau-entreprendre.org\\\/val-d-oise\\\/chefs-dentreprise-rejoignez-nous\\\/#primaryimage\"},\"thumbnailUrl\":\"https:\\\/\\\/www.reseau-entreprendre.org\\\/val-d-oise\\\/wp-content\\\/uploads\\\/sites\\\/27\\\/2024\\\/02\\\/b3557592-08b3-40c3-865e-691a4377a822.jpg\",\"datePublished\":\"2020-05-11T12:36:44+00:00\",\"dateModified\":\"2025-06-03T12:57:16+00:00\",\"breadcrumb\":{\"@id\":\"https:\\\/\\\/www.reseau-entreprendre.org\\\/val-d-oise\\\/chefs-dentreprise-rejoignez-nous\\\/#breadcrumb\"},\"inLanguage\":\"fr-FR\",\"potentialAction\":[{\"@type\":\"ReadAction\",\"target\":[\"https:\\\/\\\/www.reseau-entreprendre.org\\\/val-d-oise\\\/chefs-dentreprise-rejoignez-nous\\\/\"]}]},{\"@type\":\"ImageObject\",\"inLanguage\":\"fr-FR\",\"@id\":\"https:\\\/\\\/www.reseau-entreprendre.org\\\/val-d-oise\\\/chefs-dentreprise-rejoignez-nous\\\/#primaryimage\",\"url\":\"https:\\\/\\\/www.reseau-entreprendre.org\\\/val-d-oise\\\/wp-content\\\/uploads\\\/sites\\\/27\\\/2024\\\/02\\\/b3557592-08b3-40c3-865e-691a4377a822.jpg\",\"contentUrl\":\"https:\\\/\\\/www.reseau-entreprendre.org\\\/val-d-oise\\\/wp-content\\\/uploads\\\/sites\\\/27\\\/2024\\\/02\\\/b3557592-08b3-40c3-865e-691a4377a822.jpg\",\"width\":1074,\"height\":716},{\"@type\":\"BreadcrumbList\",\"@id\":\"https:\\\/\\\/www.reseau-entreprendre.org\\\/val-d-oise\\\/chefs-dentreprise-rejoignez-nous\\\/#breadcrumb\",\"itemListElement\":[{\"@type\":\"ListItem\",\"position\":1,\"name\":\"Accueil\",\"item\":\"https:\\\/\\\/www.reseau-entreprendre.org\\\/val-d-oise\\\/\"},{\"@type\":\"ListItem\",\"position\":2,\"name\":\"J&#8217;accompagne\"}]},{\"@type\":\"WebSite\",\"@id\":\"https:\\\/\\\/www.reseau-entreprendre.org\\\/val-d-oise\\\/#website\",\"url\":\"https:\\\/\\\/www.reseau-entreprendre.org\\\/val-d-oise\\\/\",\"name\":\"R\u00e9seau Entreprendre Val d&#039;Oise\",\"description\":\"\",\"potentialAction\":[{\"@type\":\"SearchAction\",\"target\":{\"@type\":\"EntryPoint\",\"urlTemplate\":\"https:\\\/\\\/www.reseau-entreprendre.org\\\/val-d-oise\\\/?s={search_term_string}\"},\"query-input\":{\"@type\":\"PropertyValueSpecification\",\"valueRequired\":true,\"valueName\":\"search_term_string\"}}],\"inLanguage\":\"fr-FR\"}]}<\/script>\n<!-- \/ Yoast SEO plugin. -->","yoast_head_json":{"title":"J'accompagne - R\u00e9seau Entreprendre Val d&#039;Oise","robots":{"index":"index","follow":"follow","max-snippet":"max-snippet:-1","max-image-preview":"max-image-preview:large","max-video-preview":"max-video-preview:-1"},"canonical":"https:\/\/www.reseau-entreprendre.org\/val-d-oise\/chefs-dentreprise-rejoignez-nous\/","og_locale":"fr_FR","og_type":"article","og_title":"J'accompagne - R\u00e9seau Entreprendre Val d&#039;Oise","og_description":"Chefs d\u2019entreprise, pourquoi nous rejoindre ? Vous souhaitez transmettre, partager","og_url":"https:\/\/www.reseau-entreprendre.org\/val-d-oise\/chefs-dentreprise-rejoignez-nous\/","og_site_name":"R\u00e9seau Entreprendre Val d&#039;Oise","article_modified_time":"2025-06-03T12:57:16+00:00","og_image":[{"width":1074,"height":716,"url":"https:\/\/www.reseau-entreprendre.org\/val-d-oise\/wp-content\/uploads\/sites\/27\/2024\/02\/b3557592-08b3-40c3-865e-691a4377a822.jpg","type":"image\/jpeg"}],"twitter_card":"summary_large_image","twitter_misc":{"Dur\u00e9e de lecture estim\u00e9e":"2 minutes"},"schema":{"@context":"https:\/\/schema.org","@graph":[{"@type":"WebPage","@id":"https:\/\/www.reseau-entreprendre.org\/val-d-oise\/chefs-dentreprise-rejoignez-nous\/","url":"https:\/\/www.reseau-entreprendre.org\/val-d-oise\/chefs-dentreprise-rejoignez-nous\/","name":"J'accompagne - R\u00e9seau Entreprendre Val d&#039;Oise","isPartOf":{"@id":"https:\/\/www.reseau-entreprendre.org\/val-d-oise\/#website"},"primaryImageOfPage":{"@id":"https:\/\/www.reseau-entreprendre.org\/val-d-oise\/chefs-dentreprise-rejoignez-nous\/#primaryimage"},"image":{"@id":"https:\/\/www.reseau-entreprendre.org\/val-d-oise\/chefs-dentreprise-rejoignez-nous\/#primaryimage"},"thumbnailUrl":"https:\/\/www.reseau-entreprendre.org\/val-d-oise\/wp-content\/uploads\/sites\/27\/2024\/02\/b3557592-08b3-40c3-865e-691a4377a822.jpg","datePublished":"2020-05-11T12:36:44+00:00","dateModified":"2025-06-03T12:57:16+00:00","breadcrumb":{"@id":"https:\/\/www.reseau-entreprendre.org\/val-d-oise\/chefs-dentreprise-rejoignez-nous\/#breadcrumb"},"inLanguage":"fr-FR","potentialAction":[{"@type":"ReadAction","target":["https:\/\/www.reseau-entreprendre.org\/val-d-oise\/chefs-dentreprise-rejoignez-nous\/"]}]},{"@type":"ImageObject","inLanguage":"fr-FR","@id":"https:\/\/www.reseau-entreprendre.org\/val-d-oise\/chefs-dentreprise-rejoignez-nous\/#primaryimage","url":"https:\/\/www.reseau-entreprendre.org\/val-d-oise\/wp-content\/uploads\/sites\/27\/2024\/02\/b3557592-08b3-40c3-865e-691a4377a822.jpg","contentUrl":"https:\/\/www.reseau-entreprendre.org\/val-d-oise\/wp-content\/uploads\/sites\/27\/2024\/02\/b3557592-08b3-40c3-865e-691a4377a822.jpg","width":1074,"height":716},{"@type":"BreadcrumbList","@id":"https:\/\/www.reseau-entreprendre.org\/val-d-oise\/chefs-dentreprise-rejoignez-nous\/#breadcrumb","itemListElement":[{"@type":"ListItem","position":1,"name":"Accueil","item":"https:\/\/www.reseau-entreprendre.org\/val-d-oise\/"},{"@type":"ListItem","position":2,"name":"J&#8217;accompagne"}]},{"@type":"WebSite","@id":"https:\/\/www.reseau-entreprendre.org\/val-d-oise\/#website","url":"https:\/\/www.reseau-entreprendre.org\/val-d-oise\/","name":"R\u00e9seau Entreprendre Val d&#039;Oise","description":"","potentialAction":[{"@type":"SearchAction","target":{"@type":"EntryPoint","urlTemplate":"https:\/\/www.reseau-entreprendre.org\/val-d-oise\/?s={search_term_string}"},"query-input":{"@type":"PropertyValueSpecification","valueRequired":true,"valueName":"search_term_string"}}],"inLanguage":"fr-FR"}]}},"_links":{"self":[{"href":"https:\/\/www.reseau-entreprendre.org\/val-d-oise\/wp-json\/wp\/v2\/pages\/1408","targetHints":{"allow":["GET"]}}],"collection":[{"href":"https:\/\/www.reseau-entreprendre.org\/val-d-oise\/wp-json\/wp\/v2\/pages"}],"about":[{"href":"https:\/\/www.reseau-entreprendre.org\/val-d-oise\/wp-json\/wp\/v2\/types\/page"}],"author":[{"embeddable":true,"href":"https:\/\/www.reseau-entreprendre.org\/val-d-oise\/wp-json\/wp\/v2\/users\/28"}],"replies":[{"embeddable":true,"href":"https:\/\/www.reseau-entreprendre.org\/val-d-oise\/wp-json\/wp\/v2\/comments?post=1408"}],"version-history":[{"count":0,"href":"https:\/\/www.reseau-entreprendre.org\/val-d-oise\/wp-json\/wp\/v2\/pages\/1408\/revisions"}],"wp:attachment":[{"href":"https:\/\/www.reseau-entreprendre.org\/val-d-oise\/wp-json\/wp\/v2\/media?parent=1408"}],"curies":[{"name":"wp","href":"https:\/\/api.w.org\/{rel}","templated":true}]}}