{"id":4238,"date":"2025-06-02T15:10:33","date_gmt":"2025-06-02T13:10:33","guid":{"rendered":"https:\/\/www.reseau-entreprendre.org\/val-d-oise\/?page_id=4238"},"modified":"2025-11-12T12:17:08","modified_gmt":"2025-11-12T11:17:08","slug":"parcours-start-creation-reprise","status":"publish","type":"page","link":"https:\/\/www.reseau-entreprendre.org\/val-d-oise\/parcours-start-creation-reprise\/","title":{"rendered":"Parcours Start Cr\u00e9ation \/ Reprise"},"content":{"rendered":"\n<p><\/p>\n\n\n\n<div class=\"wp-block-columns is-layout-flex wp-container-core-columns-is-layout-9d6595d7 wp-block-columns-is-layout-flex\">\n<div class=\"wp-block-column is-layout-flow wp-block-column-is-layout-flow\"><div class=\"wp-block-image\">\n<figure class=\"aligncenter size-large\"><img loading=\"lazy\" decoding=\"async\" width=\"1024\" height=\"412\" src=\"https:\/\/www.reseau-entreprendre.org\/val-d-oise\/wp-content\/uploads\/sites\/27\/2025\/06\/Capture-decran-2025-06-02-150710-1024x412.png\" alt=\"\" class=\"wp-image-4239\" srcset=\"https:\/\/www.reseau-entreprendre.org\/val-d-oise\/wp-content\/uploads\/sites\/27\/2025\/06\/Capture-decran-2025-06-02-150710-1024x412.png 1024w, https:\/\/www.reseau-entreprendre.org\/val-d-oise\/wp-content\/uploads\/sites\/27\/2025\/06\/Capture-decran-2025-06-02-150710-300x121.png 300w, https:\/\/www.reseau-entreprendre.org\/val-d-oise\/wp-content\/uploads\/sites\/27\/2025\/06\/Capture-decran-2025-06-02-150710-768x309.png 768w, https:\/\/www.reseau-entreprendre.org\/val-d-oise\/wp-content\/uploads\/sites\/27\/2025\/06\/Capture-decran-2025-06-02-150710-210x85.png 210w, https:\/\/www.reseau-entreprendre.org\/val-d-oise\/wp-content\/uploads\/sites\/27\/2025\/06\/Capture-decran-2025-06-02-150710-100x40.png 100w, https:\/\/www.reseau-entreprendre.org\/val-d-oise\/wp-content\/uploads\/sites\/27\/2025\/06\/Capture-decran-2025-06-02-150710.png 1177w\" sizes=\"auto, (max-width: 1024px) 100vw, 1024px\" \/><\/figure>\n<\/div>\n\n\n<div style=\"height:21px\" aria-hidden=\"true\" class=\"wp-block-spacer\"><\/div>\n<\/div>\n<\/div>\n\n\n\n<p class=\"has-text-align-center has-re-blue-color has-text-color has-background has-link-color wp-elements-fd6056055d8017592410bee14d49dbeb\" style=\"background-color:#edfaff;font-size:26px\"><strong>Le programme Start Cr\u00e9ation a pour vocation&nbsp;d\u2019aider les cr\u00e9ateurs d\u2019entreprise au d\u00e9marrage de leur activit\u00e9.<\/strong><\/p>\n\n\n\n<div style=\"height:15px\" aria-hidden=\"true\" class=\"wp-block-spacer\"><\/div>\n\n\n\n<div class=\"wp-block-columns is-layout-flex wp-container-core-columns-is-layout-9d6595d7 wp-block-columns-is-layout-flex\">\n<div class=\"wp-block-column has-background is-layout-flow wp-block-column-is-layout-flow\" style=\"background-color:#edfaff;font-size:17px\">\n<p><\/p>\n\n\n\n<p class=\"has-text-align-center\"><strong>Nos crit\u00e8res d&#8217;\u00e9ligibilit\u00e9 : <br><\/strong><br>&#8211; Immatriculation&nbsp;sur le territoire du Val d\u2019Oise&nbsp;<br><strong>inf\u00e9rieure \u00e0 30 mois<\/strong><\/p>\n\n\n\n<p class=\"has-text-align-center\">&#8211; Pr\u00e9visions d\u2019au moins\u00a0<strong>3 ETP sur 3 ans<\/strong><\/p>\n\n\n\n<p class=\"has-text-align-center\">&#8211; <strong>Besoin d\u2019investissement d\u2019au moins 70 000\u20ac<\/strong>&nbsp;<br>la premi\u00e8re ann\u00e9e<\/p>\n\n\n\n<p class=\"has-text-align-center\">&#8211; <strong>Apport personnel d\u2019au moins 15 000\u20ac<\/strong><\/p>\n\n\n\n<p class=\"has-text-align-center\">&#8211; \u00catre&nbsp;<strong>d\u00e9di\u00e9 \u00e0 100% \u00e0 son projet<\/strong><\/p>\n<\/div>\n\n\n\n<div class=\"wp-block-column has-background is-layout-flow wp-block-column-is-layout-flow\" style=\"background-color:#fff1e0;font-size:17px\">\n<p><\/p>\n\n\n\n<p class=\"has-text-align-center\"><strong>Notre offre d&#8217;accompagnement :<br><\/strong><br><strong>  Accompagnement de<\/strong>&nbsp;<strong>24 mois<\/strong>&nbsp;individuel et collectif<br>&#8211;<strong> Individuel<\/strong>&nbsp;avec un chef d\u2019entreprise exp\u00e9riment\u00e9<br>&#8211; <strong>Collectif&nbsp;<\/strong>au travers de nos Clubs Laur\u00e9ats<\/p>\n\n\n\n<p class=\"has-text-align-center\">  <strong>Mise en r\u00e9seau<\/strong>&nbsp;locale, nationale et internationale<\/p>\n\n\n\n<p class=\"has-text-align-center\"><strong>Accompagnement financier<\/strong>&nbsp;<br>&#8211; Pr\u00eat d\u2019honneur de <strong>15 \u00e0 50 000 \u20ac<\/strong>, sans int\u00e9r\u00eat ni garantie<br>avec un <strong>diff\u00e9r\u00e9 de remboursement de 12 mois<\/strong><\/p>\n<\/div>\n<\/div>\n\n\n\n<div style=\"height:15px\" aria-hidden=\"true\" class=\"wp-block-spacer\"><\/div>\n\n\n\n<p class=\"has-text-align-center has-medium-font-size\"><strong>Nous les avons accompagn\u00e9s<\/strong><\/p>\n\n\n\n<div class=\"wp-block-columns is-layout-flex wp-container-core-columns-is-layout-9d6595d7 wp-block-columns-is-layout-flex\">\n<div class=\"wp-block-column is-layout-flow wp-block-column-is-layout-flow\"><div class=\"wp-block-image\">\n<figure class=\"aligncenter size-full\"><img loading=\"lazy\" decoding=\"async\" width=\"429\" height=\"80\" src=\"https:\/\/www.reseau-entreprendre.org\/val-d-oise\/wp-content\/uploads\/sites\/27\/2025\/06\/Capture-decran-2025-06-02-153424.png\" alt=\"\" class=\"wp-image-4261\" srcset=\"https:\/\/www.reseau-entreprendre.org\/val-d-oise\/wp-content\/uploads\/sites\/27\/2025\/06\/Capture-decran-2025-06-02-153424.png 429w, https:\/\/www.reseau-entreprendre.org\/val-d-oise\/wp-content\/uploads\/sites\/27\/2025\/06\/Capture-decran-2025-06-02-153424-300x56.png 300w, https:\/\/www.reseau-entreprendre.org\/val-d-oise\/wp-content\/uploads\/sites\/27\/2025\/06\/Capture-decran-2025-06-02-153424-210x39.png 210w, https:\/\/www.reseau-entreprendre.org\/val-d-oise\/wp-content\/uploads\/sites\/27\/2025\/06\/Capture-decran-2025-06-02-153424-100x19.png 100w\" sizes=\"auto, (max-width: 429px) 100vw, 429px\" \/><\/figure>\n<\/div><\/div>\n\n\n\n<div class=\"wp-block-column is-layout-flow wp-block-column-is-layout-flow\"><div class=\"wp-block-image\">\n<figure class=\"aligncenter size-full is-resized\"><img loading=\"lazy\" decoding=\"async\" width=\"918\" height=\"283\" src=\"https:\/\/www.reseau-entreprendre.org\/val-d-oise\/wp-content\/uploads\/sites\/27\/2025\/06\/D4G_LockUp_HORIZONTAL-1920x283-3.png\" alt=\"\" class=\"wp-image-4272\" style=\"width:276px;height:auto\" srcset=\"https:\/\/www.reseau-entreprendre.org\/val-d-oise\/wp-content\/uploads\/sites\/27\/2025\/06\/D4G_LockUp_HORIZONTAL-1920x283-3.png 918w, https:\/\/www.reseau-entreprendre.org\/val-d-oise\/wp-content\/uploads\/sites\/27\/2025\/06\/D4G_LockUp_HORIZONTAL-1920x283-3-300x92.png 300w, https:\/\/www.reseau-entreprendre.org\/val-d-oise\/wp-content\/uploads\/sites\/27\/2025\/06\/D4G_LockUp_HORIZONTAL-1920x283-3-768x237.png 768w, https:\/\/www.reseau-entreprendre.org\/val-d-oise\/wp-content\/uploads\/sites\/27\/2025\/06\/D4G_LockUp_HORIZONTAL-1920x283-3-210x65.png 210w, https:\/\/www.reseau-entreprendre.org\/val-d-oise\/wp-content\/uploads\/sites\/27\/2025\/06\/D4G_LockUp_HORIZONTAL-1920x283-3-100x31.png 100w\" sizes=\"auto, (max-width: 918px) 100vw, 918px\" \/><\/figure>\n<\/div><\/div>\n\n\n\n<div class=\"wp-block-column is-layout-flow wp-block-column-is-layout-flow\"><div class=\"wp-block-image\">\n<figure class=\"aligncenter size-large\"><img loading=\"lazy\" decoding=\"async\" width=\"1024\" height=\"227\" src=\"https:\/\/www.reseau-entreprendre.org\/val-d-oise\/wp-content\/uploads\/sites\/27\/2025\/06\/logo-studapart-2-1024x227.png\" alt=\"\" class=\"wp-image-4273\" srcset=\"https:\/\/www.reseau-entreprendre.org\/val-d-oise\/wp-content\/uploads\/sites\/27\/2025\/06\/logo-studapart-2-1024x227.png 1024w, https:\/\/www.reseau-entreprendre.org\/val-d-oise\/wp-content\/uploads\/sites\/27\/2025\/06\/logo-studapart-2-300x67.png 300w, https:\/\/www.reseau-entreprendre.org\/val-d-oise\/wp-content\/uploads\/sites\/27\/2025\/06\/logo-studapart-2-768x170.png 768w, https:\/\/www.reseau-entreprendre.org\/val-d-oise\/wp-content\/uploads\/sites\/27\/2025\/06\/logo-studapart-2-210x47.png 210w, https:\/\/www.reseau-entreprendre.org\/val-d-oise\/wp-content\/uploads\/sites\/27\/2025\/06\/logo-studapart-2-100x22.png 100w, https:\/\/www.reseau-entreprendre.org\/val-d-oise\/wp-content\/uploads\/sites\/27\/2025\/06\/logo-studapart-2.png 1200w\" sizes=\"auto, (max-width: 1024px) 100vw, 1024px\" \/><\/figure>\n<\/div><\/div>\n<\/div>\n\n\n\n<div class=\"wp-block-buttons is-content-justification-center is-layout-flex wp-container-core-buttons-is-layout-16018d1d wp-block-buttons-is-layout-flex\">\n<div class=\"wp-block-button has-custom-width wp-block-button__width-25 is-style-outline is-style-outline--1\"><a class=\"wp-block-button__link has-text-color has-background has-link-color has-custom-font-size wp-element-button\" href=\"https:\/\/www.reseau-entreprendre.org\/val-d-oise\/deposer-une-demande\/\" style=\"color:#000000;background-color:#edfaff;font-size:23px\"><strong>Je candidate<\/strong><\/a><\/div>\n<\/div>\n\n\n\n<div style=\"height:21px\" aria-hidden=\"true\" class=\"wp-block-spacer\"><\/div>\n\n\n\n<hr class=\"wp-block-separator has-alpha-channel-opacity\" \/>\n\n\n\n<div style=\"height:21px\" aria-hidden=\"true\" class=\"wp-block-spacer\"><\/div>\n\n\n\n<p class=\"has-text-align-center has-re-red-color has-text-color has-background has-link-color wp-elements-7202875e1d78b1ffc529589bbcfb09bd\" style=\"background-color:#fedfdf;font-size:26px\"><strong>Le Programme&nbsp;<strong>Start Reprise<\/strong>&nbsp;est un programme d\u2019aide au d\u00e9veloppement pour les repreneurs d\u2019entreprise.<\/strong><\/p>\n\n\n\n<div class=\"wp-block-columns is-layout-flex wp-container-core-columns-is-layout-9d6595d7 wp-block-columns-is-layout-flex\">\n<div class=\"wp-block-column is-layout-flow wp-block-column-is-layout-flow\">\n<div class=\"wp-block-columns is-layout-flex wp-container-core-columns-is-layout-9d6595d7 wp-block-columns-is-layout-flex\">\n<div class=\"wp-block-column has-background is-layout-flow wp-block-column-is-layout-flow\" style=\"background-color:#fedfdf;font-size:17px\">\n<p><\/p>\n\n\n\n<p class=\"has-text-align-center\"><strong>Nos crit\u00e8res d&#8217;\u00e9ligibilit\u00e9 : <br><\/strong><br>&#8211; Immatriculation&nbsp;sur le territoire du Val d\u2019Oise&nbsp;<\/p>\n\n\n\n<p class=\"has-text-align-center\">&#8211; Cr\u00e9ation ou sauvegarde\u00a0<strong>d\u2019au moins 3 emplois \u00e0 3 ans<\/strong><\/p>\n\n\n\n<p class=\"has-text-align-center\">&#8211; Le&nbsp;<strong>prix de rachat de l\u2019entreprise cible est<\/strong><br><strong> sup\u00e9rieur \u00e0 150 000\u20ac<\/strong><\/p>\n\n\n\n<p class=\"has-text-align-center\">&#8211; <strong>Avant<\/strong> la promesse de vente ou<strong> dans les 6 mois <\/strong><br><strong>apr\u00e8s<\/strong> la signature du deal<\/p>\n<\/div>\n\n\n\n<div class=\"wp-block-column has-background is-layout-flow wp-block-column-is-layout-flow\" style=\"background-color:#fff1e0;font-size:17px\">\n<p><\/p>\n\n\n\n<p class=\"has-text-align-center\"><strong>Notre offre d&#8217;accompagnement :<br><\/strong><br><strong>  Accompagnement de<\/strong>&nbsp;<strong>24 mois<\/strong>&nbsp;individuel et collectif<br>&#8211;<strong> Individuel<\/strong>&nbsp;avec un chef d\u2019entreprise exp\u00e9riment\u00e9<br>&#8211; <strong>Collectif&nbsp;<\/strong>au travers de nos Clubs Laur\u00e9ats<\/p>\n\n\n\n<p class=\"has-text-align-center\">  <strong>Mise en r\u00e9seau<\/strong>&nbsp;locale, nationale et internationale<\/p>\n\n\n\n<p class=\"has-text-align-center\"><strong>Accompagnement financier<\/strong>&nbsp;<br>&#8211; Pr\u00eat d\u2019honneur de <strong>15 \u00e0 70 000 \u20ac <\/strong>avec BPI <br>et IDF Transmission, sans int\u00e9r\u00eat ni garantie avec un <br><strong>diff\u00e9r\u00e9 de remboursement de 6 mois<\/strong><\/p>\n<\/div>\n<\/div>\n<\/div>\n<\/div>\n\n\n\n<div style=\"height:18px\" aria-hidden=\"true\" class=\"wp-block-spacer\"><\/div>\n\n\n\n<p class=\"has-text-align-center has-medium-font-size\"><strong>Nous les avons accompagn\u00e9s<\/strong><\/p>\n\n\n\n<div class=\"wp-block-columns is-layout-flex wp-container-core-columns-is-layout-9d6595d7 wp-block-columns-is-layout-flex\">\n<div class=\"wp-block-column is-layout-flow wp-block-column-is-layout-flow\"><div class=\"wp-block-image\">\n<figure class=\"aligncenter size-full is-resized\"><img loading=\"lazy\" decoding=\"async\" width=\"243\" height=\"207\" src=\"https:\/\/www.reseau-entreprendre.org\/val-d-oise\/wp-content\/uploads\/sites\/27\/2025\/06\/images.png\" alt=\"\" class=\"wp-image-4277\" style=\"width:204px;height:auto\" srcset=\"https:\/\/www.reseau-entreprendre.org\/val-d-oise\/wp-content\/uploads\/sites\/27\/2025\/06\/images.png 243w, https:\/\/www.reseau-entreprendre.org\/val-d-oise\/wp-content\/uploads\/sites\/27\/2025\/06\/images-153x130.png 153w, https:\/\/www.reseau-entreprendre.org\/val-d-oise\/wp-content\/uploads\/sites\/27\/2025\/06\/images-100x85.png 100w\" sizes=\"auto, (max-width: 243px) 100vw, 243px\" \/><\/figure>\n<\/div><\/div>\n\n\n\n<div class=\"wp-block-column is-layout-flow wp-block-column-is-layout-flow\"><div class=\"wp-block-image\">\n<figure class=\"aligncenter size-full is-resized\"><img loading=\"lazy\" decoding=\"async\" width=\"200\" height=\"113\" src=\"https:\/\/www.reseau-entreprendre.org\/val-d-oise\/wp-content\/uploads\/sites\/27\/2025\/06\/1630495709976-1-edited.jpg\" alt=\"\" class=\"wp-image-4281\" style=\"width:281px;height:auto\" srcset=\"https:\/\/www.reseau-entreprendre.org\/val-d-oise\/wp-content\/uploads\/sites\/27\/2025\/06\/1630495709976-1-edited.jpg 200w, https:\/\/www.reseau-entreprendre.org\/val-d-oise\/wp-content\/uploads\/sites\/27\/2025\/06\/1630495709976-1-edited-100x57.jpg 100w\" sizes=\"auto, (max-width: 200px) 100vw, 200px\" \/><\/figure>\n<\/div><\/div>\n\n\n\n<div class=\"wp-block-column is-layout-flow wp-block-column-is-layout-flow\">\n<figure class=\"wp-block-image size-full\"><img loading=\"lazy\" decoding=\"async\" width=\"400\" height=\"250\" src=\"https:\/\/www.reseau-entreprendre.org\/val-d-oise\/wp-content\/uploads\/sites\/27\/2025\/06\/lvi-system.jpg\" alt=\"\" class=\"wp-image-4280\" srcset=\"https:\/\/www.reseau-entreprendre.org\/val-d-oise\/wp-content\/uploads\/sites\/27\/2025\/06\/lvi-system.jpg 400w, https:\/\/www.reseau-entreprendre.org\/val-d-oise\/wp-content\/uploads\/sites\/27\/2025\/06\/lvi-system-300x188.jpg 300w, https:\/\/www.reseau-entreprendre.org\/val-d-oise\/wp-content\/uploads\/sites\/27\/2025\/06\/lvi-system-208x130.jpg 208w, https:\/\/www.reseau-entreprendre.org\/val-d-oise\/wp-content\/uploads\/sites\/27\/2025\/06\/lvi-system-100x63.jpg 100w\" sizes=\"auto, (max-width: 400px) 100vw, 400px\" \/><\/figure>\n<\/div>\n<\/div>\n\n\n\n<div class=\"wp-block-buttons is-content-justification-center is-layout-flex wp-container-core-buttons-is-layout-16018d1d wp-block-buttons-is-layout-flex\">\n<div class=\"wp-block-button has-custom-width wp-block-button__width-25 is-style-outline is-style-outline--2\"><a class=\"wp-block-button__link has-text-color has-background has-link-color has-custom-font-size wp-element-button\" href=\"https:\/\/www.reseau-entreprendre.org\/val-d-oise\/deposer-une-demande\/\" style=\"color:#090500;background-color:#fedfdf;font-size:23px\"><strong>Je candidate<\/strong><\/a><\/div>\n<\/div>\n","protected":false},"excerpt":{"rendered":"<p>Le programme Start Cr\u00e9ation a pour vocation&nbsp;d\u2019aider les cr\u00e9ateurs d\u2019entreprise<\/p>\n","protected":false},"author":28,"featured_media":0,"parent":0,"menu_order":0,"comment_status":"closed","ping_status":"closed","template":"","meta":{"_acf_changed":false,"_monsterinsights_skip_tracking":false,"_monsterinsights_sitenote_active":false,"_monsterinsights_sitenote_note":"","_monsterinsights_sitenote_category":0,"footnotes":""},"class_list":["post-4238","page","type-page","status-publish","hentry"],"acf":[],"yoast_head":"<!-- This site is optimized with the Yoast SEO plugin v27.4 - https:\/\/yoast.com\/product\/yoast-seo-wordpress\/ -->\n<title>Parcours Start Cr\u00e9ation \/ Reprise - R\u00e9seau Entreprendre Val d&#039;Oise<\/title>\n<meta name=\"robots\" content=\"index, follow, max-snippet:-1, max-image-preview:large, max-video-preview:-1\" \/>\n<link rel=\"canonical\" href=\"https:\/\/www.reseau-entreprendre.org\/val-d-oise\/parcours-start-creation-reprise\/\" \/>\n<meta property=\"og:locale\" content=\"fr_FR\" \/>\n<meta property=\"og:type\" content=\"article\" \/>\n<meta property=\"og:title\" content=\"Parcours Start Cr\u00e9ation \/ Reprise - R\u00e9seau Entreprendre Val d&#039;Oise\" \/>\n<meta property=\"og:description\" content=\"Le programme Start Cr\u00e9ation a pour vocation&nbsp;d\u2019aider les cr\u00e9ateurs d\u2019entreprise\" \/>\n<meta property=\"og:url\" content=\"https:\/\/www.reseau-entreprendre.org\/val-d-oise\/parcours-start-creation-reprise\/\" \/>\n<meta property=\"og:site_name\" content=\"R\u00e9seau Entreprendre Val d&#039;Oise\" \/>\n<meta property=\"article:modified_time\" content=\"2025-11-12T11:17:08+00:00\" \/>\n<meta property=\"og:image\" content=\"https:\/\/www.reseau-entreprendre.org\/val-d-oise\/wp-content\/uploads\/sites\/27\/2025\/06\/Capture-decran-2025-06-02-150710.png\" \/>\n\t<meta property=\"og:image:width\" content=\"1177\" \/>\n\t<meta property=\"og:image:height\" content=\"474\" \/>\n\t<meta property=\"og:image:type\" content=\"image\/png\" \/>\n<meta name=\"twitter:card\" content=\"summary_large_image\" \/>\n<meta name=\"twitter:label1\" content=\"Dur\u00e9e de lecture estim\u00e9e\" \/>\n\t<meta name=\"twitter:data1\" content=\"3 minutes\" \/>\n<script type=\"application\/ld+json\" class=\"yoast-schema-graph\">{\"@context\":\"https:\\\/\\\/schema.org\",\"@graph\":[{\"@type\":\"WebPage\",\"@id\":\"https:\\\/\\\/www.reseau-entreprendre.org\\\/val-d-oise\\\/parcours-start-creation-reprise\\\/\",\"url\":\"https:\\\/\\\/www.reseau-entreprendre.org\\\/val-d-oise\\\/parcours-start-creation-reprise\\\/\",\"name\":\"Parcours Start Cr\u00e9ation \\\/ Reprise - R\u00e9seau Entreprendre Val d&#039;Oise\",\"isPartOf\":{\"@id\":\"https:\\\/\\\/www.reseau-entreprendre.org\\\/val-d-oise\\\/#website\"},\"primaryImageOfPage\":{\"@id\":\"https:\\\/\\\/www.reseau-entreprendre.org\\\/val-d-oise\\\/parcours-start-creation-reprise\\\/#primaryimage\"},\"image\":{\"@id\":\"https:\\\/\\\/www.reseau-entreprendre.org\\\/val-d-oise\\\/parcours-start-creation-reprise\\\/#primaryimage\"},\"thumbnailUrl\":\"https:\\\/\\\/www.reseau-entreprendre.org\\\/val-d-oise\\\/wp-content\\\/uploads\\\/sites\\\/27\\\/2025\\\/06\\\/Capture-decran-2025-06-02-150710-1024x412.png\",\"datePublished\":\"2025-06-02T13:10:33+00:00\",\"dateModified\":\"2025-11-12T11:17:08+00:00\",\"breadcrumb\":{\"@id\":\"https:\\\/\\\/www.reseau-entreprendre.org\\\/val-d-oise\\\/parcours-start-creation-reprise\\\/#breadcrumb\"},\"inLanguage\":\"fr-FR\",\"potentialAction\":[{\"@type\":\"ReadAction\",\"target\":[\"https:\\\/\\\/www.reseau-entreprendre.org\\\/val-d-oise\\\/parcours-start-creation-reprise\\\/\"]}]},{\"@type\":\"ImageObject\",\"inLanguage\":\"fr-FR\",\"@id\":\"https:\\\/\\\/www.reseau-entreprendre.org\\\/val-d-oise\\\/parcours-start-creation-reprise\\\/#primaryimage\",\"url\":\"https:\\\/\\\/www.reseau-entreprendre.org\\\/val-d-oise\\\/wp-content\\\/uploads\\\/sites\\\/27\\\/2025\\\/06\\\/Capture-decran-2025-06-02-150710.png\",\"contentUrl\":\"https:\\\/\\\/www.reseau-entreprendre.org\\\/val-d-oise\\\/wp-content\\\/uploads\\\/sites\\\/27\\\/2025\\\/06\\\/Capture-decran-2025-06-02-150710.png\",\"width\":1177,\"height\":474},{\"@type\":\"BreadcrumbList\",\"@id\":\"https:\\\/\\\/www.reseau-entreprendre.org\\\/val-d-oise\\\/parcours-start-creation-reprise\\\/#breadcrumb\",\"itemListElement\":[{\"@type\":\"ListItem\",\"position\":1,\"name\":\"Accueil\",\"item\":\"https:\\\/\\\/www.reseau-entreprendre.org\\\/val-d-oise\\\/\"},{\"@type\":\"ListItem\",\"position\":2,\"name\":\"Parcours Start Cr\u00e9ation \\\/ Reprise\"}]},{\"@type\":\"WebSite\",\"@id\":\"https:\\\/\\\/www.reseau-entreprendre.org\\\/val-d-oise\\\/#website\",\"url\":\"https:\\\/\\\/www.reseau-entreprendre.org\\\/val-d-oise\\\/\",\"name\":\"R\u00e9seau Entreprendre Val d&#039;Oise\",\"description\":\"\",\"potentialAction\":[{\"@type\":\"SearchAction\",\"target\":{\"@type\":\"EntryPoint\",\"urlTemplate\":\"https:\\\/\\\/www.reseau-entreprendre.org\\\/val-d-oise\\\/?s={search_term_string}\"},\"query-input\":{\"@type\":\"PropertyValueSpecification\",\"valueRequired\":true,\"valueName\":\"search_term_string\"}}],\"inLanguage\":\"fr-FR\"}]}<\/script>\n<!-- \/ Yoast SEO plugin. -->","yoast_head_json":{"title":"Parcours Start Cr\u00e9ation \/ Reprise - R\u00e9seau Entreprendre Val d&#039;Oise","robots":{"index":"index","follow":"follow","max-snippet":"max-snippet:-1","max-image-preview":"max-image-preview:large","max-video-preview":"max-video-preview:-1"},"canonical":"https:\/\/www.reseau-entreprendre.org\/val-d-oise\/parcours-start-creation-reprise\/","og_locale":"fr_FR","og_type":"article","og_title":"Parcours Start Cr\u00e9ation \/ Reprise - R\u00e9seau Entreprendre Val d&#039;Oise","og_description":"Le programme Start Cr\u00e9ation a pour vocation&nbsp;d\u2019aider les cr\u00e9ateurs d\u2019entreprise","og_url":"https:\/\/www.reseau-entreprendre.org\/val-d-oise\/parcours-start-creation-reprise\/","og_site_name":"R\u00e9seau Entreprendre Val d&#039;Oise","article_modified_time":"2025-11-12T11:17:08+00:00","og_image":[{"width":1177,"height":474,"url":"https:\/\/www.reseau-entreprendre.org\/val-d-oise\/wp-content\/uploads\/sites\/27\/2025\/06\/Capture-decran-2025-06-02-150710.png","type":"image\/png"}],"twitter_card":"summary_large_image","twitter_misc":{"Dur\u00e9e de lecture estim\u00e9e":"3 minutes"},"schema":{"@context":"https:\/\/schema.org","@graph":[{"@type":"WebPage","@id":"https:\/\/www.reseau-entreprendre.org\/val-d-oise\/parcours-start-creation-reprise\/","url":"https:\/\/www.reseau-entreprendre.org\/val-d-oise\/parcours-start-creation-reprise\/","name":"Parcours Start Cr\u00e9ation \/ Reprise - R\u00e9seau Entreprendre Val d&#039;Oise","isPartOf":{"@id":"https:\/\/www.reseau-entreprendre.org\/val-d-oise\/#website"},"primaryImageOfPage":{"@id":"https:\/\/www.reseau-entreprendre.org\/val-d-oise\/parcours-start-creation-reprise\/#primaryimage"},"image":{"@id":"https:\/\/www.reseau-entreprendre.org\/val-d-oise\/parcours-start-creation-reprise\/#primaryimage"},"thumbnailUrl":"https:\/\/www.reseau-entreprendre.org\/val-d-oise\/wp-content\/uploads\/sites\/27\/2025\/06\/Capture-decran-2025-06-02-150710-1024x412.png","datePublished":"2025-06-02T13:10:33+00:00","dateModified":"2025-11-12T11:17:08+00:00","breadcrumb":{"@id":"https:\/\/www.reseau-entreprendre.org\/val-d-oise\/parcours-start-creation-reprise\/#breadcrumb"},"inLanguage":"fr-FR","potentialAction":[{"@type":"ReadAction","target":["https:\/\/www.reseau-entreprendre.org\/val-d-oise\/parcours-start-creation-reprise\/"]}]},{"@type":"ImageObject","inLanguage":"fr-FR","@id":"https:\/\/www.reseau-entreprendre.org\/val-d-oise\/parcours-start-creation-reprise\/#primaryimage","url":"https:\/\/www.reseau-entreprendre.org\/val-d-oise\/wp-content\/uploads\/sites\/27\/2025\/06\/Capture-decran-2025-06-02-150710.png","contentUrl":"https:\/\/www.reseau-entreprendre.org\/val-d-oise\/wp-content\/uploads\/sites\/27\/2025\/06\/Capture-decran-2025-06-02-150710.png","width":1177,"height":474},{"@type":"BreadcrumbList","@id":"https:\/\/www.reseau-entreprendre.org\/val-d-oise\/parcours-start-creation-reprise\/#breadcrumb","itemListElement":[{"@type":"ListItem","position":1,"name":"Accueil","item":"https:\/\/www.reseau-entreprendre.org\/val-d-oise\/"},{"@type":"ListItem","position":2,"name":"Parcours Start Cr\u00e9ation \/ Reprise"}]},{"@type":"WebSite","@id":"https:\/\/www.reseau-entreprendre.org\/val-d-oise\/#website","url":"https:\/\/www.reseau-entreprendre.org\/val-d-oise\/","name":"R\u00e9seau Entreprendre Val d&#039;Oise","description":"","potentialAction":[{"@type":"SearchAction","target":{"@type":"EntryPoint","urlTemplate":"https:\/\/www.reseau-entreprendre.org\/val-d-oise\/?s={search_term_string}"},"query-input":{"@type":"PropertyValueSpecification","valueRequired":true,"valueName":"search_term_string"}}],"inLanguage":"fr-FR"}]}},"_links":{"self":[{"href":"https:\/\/www.reseau-entreprendre.org\/val-d-oise\/wp-json\/wp\/v2\/pages\/4238","targetHints":{"allow":["GET"]}}],"collection":[{"href":"https:\/\/www.reseau-entreprendre.org\/val-d-oise\/wp-json\/wp\/v2\/pages"}],"about":[{"href":"https:\/\/www.reseau-entreprendre.org\/val-d-oise\/wp-json\/wp\/v2\/types\/page"}],"author":[{"embeddable":true,"href":"https:\/\/www.reseau-entreprendre.org\/val-d-oise\/wp-json\/wp\/v2\/users\/28"}],"replies":[{"embeddable":true,"href":"https:\/\/www.reseau-entreprendre.org\/val-d-oise\/wp-json\/wp\/v2\/comments?post=4238"}],"version-history":[{"count":0,"href":"https:\/\/www.reseau-entreprendre.org\/val-d-oise\/wp-json\/wp\/v2\/pages\/4238\/revisions"}],"wp:attachment":[{"href":"https:\/\/www.reseau-entreprendre.org\/val-d-oise\/wp-json\/wp\/v2\/media?parent=4238"}],"curies":[{"name":"wp","href":"https:\/\/api.w.org\/{rel}","templated":true}]}}