{"id":4312,"date":"2025-06-03T14:51:54","date_gmt":"2025-06-03T12:51:54","guid":{"rendered":"https:\/\/www.reseau-entreprendre.org\/val-d-oise\/?page_id=4312"},"modified":"2025-06-03T14:51:56","modified_gmt":"2025-06-03T12:51:56","slug":"parcours-ambition","status":"publish","type":"page","link":"https:\/\/www.reseau-entreprendre.org\/val-d-oise\/parcours-ambition\/","title":{"rendered":"Parcours Ambition"},"content":{"rendered":"\n<div class=\"wp-block-columns is-layout-flex wp-container-core-columns-is-layout-9d6595d7 wp-block-columns-is-layout-flex\">\n<div class=\"wp-block-column is-vertically-aligned-center is-layout-flow wp-block-column-is-layout-flow\">\n<figure class=\"wp-block-image size-large\"><img loading=\"lazy\" decoding=\"async\" width=\"1024\" height=\"435\" src=\"https:\/\/www.reseau-entreprendre.org\/val-d-oise\/wp-content\/uploads\/sites\/27\/2025\/06\/Capture-decran-2025-06-03-144226-1024x435.png\" alt=\"\" class=\"wp-image-4313\" srcset=\"https:\/\/www.reseau-entreprendre.org\/val-d-oise\/wp-content\/uploads\/sites\/27\/2025\/06\/Capture-decran-2025-06-03-144226-1024x435.png 1024w, https:\/\/www.reseau-entreprendre.org\/val-d-oise\/wp-content\/uploads\/sites\/27\/2025\/06\/Capture-decran-2025-06-03-144226-300x127.png 300w, https:\/\/www.reseau-entreprendre.org\/val-d-oise\/wp-content\/uploads\/sites\/27\/2025\/06\/Capture-decran-2025-06-03-144226-768x326.png 768w, https:\/\/www.reseau-entreprendre.org\/val-d-oise\/wp-content\/uploads\/sites\/27\/2025\/06\/Capture-decran-2025-06-03-144226-210x89.png 210w, https:\/\/www.reseau-entreprendre.org\/val-d-oise\/wp-content\/uploads\/sites\/27\/2025\/06\/Capture-decran-2025-06-03-144226-100x42.png 100w, https:\/\/www.reseau-entreprendre.org\/val-d-oise\/wp-content\/uploads\/sites\/27\/2025\/06\/Capture-decran-2025-06-03-144226.png 1292w\" sizes=\"auto, (max-width: 1024px) 100vw, 1024px\" \/><\/figure>\n<\/div>\n<\/div>\n\n\n\n<p class=\"has-text-align-center has-text-color has-background has-link-color wp-elements-6a5066bfe1856e34dcfcfe339a0b9d48\" style=\"color:#7bae8b;background-color:#ddf8e3;font-size:26px\"><strong>Le Programme\u00a0Ambition est un programme d\u2019aide pour les entreprises en forte croissance<\/strong>.<\/p>\n\n\n\n<div style=\"height:13px\" aria-hidden=\"true\" class=\"wp-block-spacer\"><\/div>\n\n\n\n<div class=\"wp-block-columns is-layout-flex wp-container-core-columns-is-layout-9d6595d7 wp-block-columns-is-layout-flex\">\n<div class=\"wp-block-column has-background is-layout-flow wp-block-column-is-layout-flow\" style=\"background-color:#ddf8e3;font-size:17px\">\n<p><\/p>\n\n\n\n<p class=\"has-text-align-center has-background\" style=\"background-color:#ddf8e3\"><strong>Nos crit\u00e8res d&#8217;\u00e9ligibilit\u00e9 : <br><\/strong><br>&#8211; Equipe de\u00a0<strong>12 salari\u00e9s minimum<\/strong><\/p>\n\n\n\n<p class=\"has-text-align-center\">&#8211; <strong>Fort projet de croissance<\/strong><\/p>\n\n\n\n<p class=\"has-text-align-center has-background\" style=\"background-color:#ddf8e3\">&#8211; <strong>Chiffre d\u2019affaires d\u2019au moins 1 M\u20ac<\/strong><\/p>\n<\/div>\n\n\n\n<div class=\"wp-block-column has-background is-layout-flow wp-block-column-is-layout-flow\" style=\"background-color:#fff1e0;font-size:17px\">\n<p><\/p>\n\n\n\n<p class=\"has-text-align-center\"><strong>Notre offre d&#8217;accompagnement :<br><\/strong><br><strong>   Accompagnement de<\/strong>\u00a0<strong>36 mois<\/strong>\u00a0individuel et collectif<br>&#8211;<strong> Individuel<\/strong>\u00a0avec <strong>2<\/strong> <strong>\u00e0 4<\/strong> chefs d\u2019entreprise exp\u00e9riment\u00e9s<br>(Rendez-vous trimestriels)<br>&#8211; <strong>Collectif\u00a0<\/strong>au travers de nos Clubs Laur\u00e9ats<\/p>\n\n\n\n<p class=\"has-text-align-center\">  <strong>Mise en r\u00e9seau<\/strong>&nbsp;locale, nationale et internationale<\/p>\n\n\n\n<p class=\"has-text-align-center\"><strong>S\u00e9minaire <\/strong>&#8220;\u00catre et agir en dirigeant de croissance&#8221;<\/p>\n<\/div>\n<\/div>\n\n\n\n<div style=\"height:15px\" aria-hidden=\"true\" class=\"wp-block-spacer\"><\/div>\n\n\n\n<div class=\"wp-block-buttons is-content-justification-center is-layout-flex wp-container-core-buttons-is-layout-16018d1d wp-block-buttons-is-layout-flex\">\n<div class=\"wp-block-button has-custom-width wp-block-button__width-25 is-style-outline is-style-outline--1\"><a class=\"wp-block-button__link has-text-color has-background has-link-color wp-element-button\" href=\"https:\/\/www.reseau-entreprendre.org\/val-d-oise\/deposer-une-demande\/\" style=\"color:#010000;background-color:#ddf8e3\"><strong>Je candidate<\/strong><\/a><\/div>\n<\/div>\n","protected":false},"excerpt":{"rendered":"<p>Le Programme\u00a0Ambition est un programme d\u2019aide pour les entreprises en<\/p>\n","protected":false},"author":28,"featured_media":0,"parent":0,"menu_order":0,"comment_status":"closed","ping_status":"closed","template":"","meta":{"_acf_changed":false,"_monsterinsights_skip_tracking":false,"_monsterinsights_sitenote_active":false,"_monsterinsights_sitenote_note":"","_monsterinsights_sitenote_category":0,"footnotes":""},"class_list":["post-4312","page","type-page","status-publish","hentry"],"acf":[],"yoast_head":"<!-- This site is optimized with the Yoast SEO plugin v27.4 - https:\/\/yoast.com\/product\/yoast-seo-wordpress\/ -->\n<title>Parcours Ambition - R\u00e9seau Entreprendre Val d&#039;Oise<\/title>\n<meta name=\"robots\" content=\"index, follow, max-snippet:-1, max-image-preview:large, max-video-preview:-1\" \/>\n<link rel=\"canonical\" href=\"https:\/\/www.reseau-entreprendre.org\/val-d-oise\/parcours-ambition\/\" \/>\n<meta property=\"og:locale\" content=\"fr_FR\" \/>\n<meta property=\"og:type\" content=\"article\" \/>\n<meta property=\"og:title\" content=\"Parcours Ambition - R\u00e9seau Entreprendre Val d&#039;Oise\" \/>\n<meta property=\"og:description\" content=\"Le Programme\u00a0Ambition est un programme d\u2019aide pour les entreprises en\" \/>\n<meta property=\"og:url\" content=\"https:\/\/www.reseau-entreprendre.org\/val-d-oise\/parcours-ambition\/\" \/>\n<meta property=\"og:site_name\" content=\"R\u00e9seau Entreprendre Val d&#039;Oise\" \/>\n<meta property=\"article:modified_time\" content=\"2025-06-03T12:51:56+00:00\" \/>\n<meta property=\"og:image\" content=\"https:\/\/www.reseau-entreprendre.org\/val-d-oise\/wp-content\/uploads\/sites\/27\/2025\/06\/Capture-decran-2025-06-03-144226.png\" \/>\n\t<meta property=\"og:image:width\" content=\"1292\" \/>\n\t<meta property=\"og:image:height\" content=\"549\" \/>\n\t<meta property=\"og:image:type\" content=\"image\/png\" \/>\n<meta name=\"twitter:card\" content=\"summary_large_image\" \/>\n<meta name=\"twitter:label1\" content=\"Dur\u00e9e de lecture estim\u00e9e\" \/>\n\t<meta name=\"twitter:data1\" content=\"1 minute\" \/>\n<script type=\"application\/ld+json\" class=\"yoast-schema-graph\">{\"@context\":\"https:\\\/\\\/schema.org\",\"@graph\":[{\"@type\":\"WebPage\",\"@id\":\"https:\\\/\\\/www.reseau-entreprendre.org\\\/val-d-oise\\\/parcours-ambition\\\/\",\"url\":\"https:\\\/\\\/www.reseau-entreprendre.org\\\/val-d-oise\\\/parcours-ambition\\\/\",\"name\":\"Parcours Ambition - R\u00e9seau Entreprendre Val d&#039;Oise\",\"isPartOf\":{\"@id\":\"https:\\\/\\\/www.reseau-entreprendre.org\\\/val-d-oise\\\/#website\"},\"primaryImageOfPage\":{\"@id\":\"https:\\\/\\\/www.reseau-entreprendre.org\\\/val-d-oise\\\/parcours-ambition\\\/#primaryimage\"},\"image\":{\"@id\":\"https:\\\/\\\/www.reseau-entreprendre.org\\\/val-d-oise\\\/parcours-ambition\\\/#primaryimage\"},\"thumbnailUrl\":\"https:\\\/\\\/www.reseau-entreprendre.org\\\/val-d-oise\\\/wp-content\\\/uploads\\\/sites\\\/27\\\/2025\\\/06\\\/Capture-decran-2025-06-03-144226-1024x435.png\",\"datePublished\":\"2025-06-03T12:51:54+00:00\",\"dateModified\":\"2025-06-03T12:51:56+00:00\",\"breadcrumb\":{\"@id\":\"https:\\\/\\\/www.reseau-entreprendre.org\\\/val-d-oise\\\/parcours-ambition\\\/#breadcrumb\"},\"inLanguage\":\"fr-FR\",\"potentialAction\":[{\"@type\":\"ReadAction\",\"target\":[\"https:\\\/\\\/www.reseau-entreprendre.org\\\/val-d-oise\\\/parcours-ambition\\\/\"]}]},{\"@type\":\"ImageObject\",\"inLanguage\":\"fr-FR\",\"@id\":\"https:\\\/\\\/www.reseau-entreprendre.org\\\/val-d-oise\\\/parcours-ambition\\\/#primaryimage\",\"url\":\"https:\\\/\\\/www.reseau-entreprendre.org\\\/val-d-oise\\\/wp-content\\\/uploads\\\/sites\\\/27\\\/2025\\\/06\\\/Capture-decran-2025-06-03-144226.png\",\"contentUrl\":\"https:\\\/\\\/www.reseau-entreprendre.org\\\/val-d-oise\\\/wp-content\\\/uploads\\\/sites\\\/27\\\/2025\\\/06\\\/Capture-decran-2025-06-03-144226.png\",\"width\":1292,\"height\":549},{\"@type\":\"BreadcrumbList\",\"@id\":\"https:\\\/\\\/www.reseau-entreprendre.org\\\/val-d-oise\\\/parcours-ambition\\\/#breadcrumb\",\"itemListElement\":[{\"@type\":\"ListItem\",\"position\":1,\"name\":\"Accueil\",\"item\":\"https:\\\/\\\/www.reseau-entreprendre.org\\\/val-d-oise\\\/\"},{\"@type\":\"ListItem\",\"position\":2,\"name\":\"Parcours Ambition\"}]},{\"@type\":\"WebSite\",\"@id\":\"https:\\\/\\\/www.reseau-entreprendre.org\\\/val-d-oise\\\/#website\",\"url\":\"https:\\\/\\\/www.reseau-entreprendre.org\\\/val-d-oise\\\/\",\"name\":\"R\u00e9seau Entreprendre Val d&#039;Oise\",\"description\":\"\",\"potentialAction\":[{\"@type\":\"SearchAction\",\"target\":{\"@type\":\"EntryPoint\",\"urlTemplate\":\"https:\\\/\\\/www.reseau-entreprendre.org\\\/val-d-oise\\\/?s={search_term_string}\"},\"query-input\":{\"@type\":\"PropertyValueSpecification\",\"valueRequired\":true,\"valueName\":\"search_term_string\"}}],\"inLanguage\":\"fr-FR\"}]}<\/script>\n<!-- \/ Yoast SEO plugin. -->","yoast_head_json":{"title":"Parcours Ambition - R\u00e9seau Entreprendre Val d&#039;Oise","robots":{"index":"index","follow":"follow","max-snippet":"max-snippet:-1","max-image-preview":"max-image-preview:large","max-video-preview":"max-video-preview:-1"},"canonical":"https:\/\/www.reseau-entreprendre.org\/val-d-oise\/parcours-ambition\/","og_locale":"fr_FR","og_type":"article","og_title":"Parcours Ambition - R\u00e9seau Entreprendre Val d&#039;Oise","og_description":"Le Programme\u00a0Ambition est un programme d\u2019aide pour les entreprises en","og_url":"https:\/\/www.reseau-entreprendre.org\/val-d-oise\/parcours-ambition\/","og_site_name":"R\u00e9seau Entreprendre Val d&#039;Oise","article_modified_time":"2025-06-03T12:51:56+00:00","og_image":[{"width":1292,"height":549,"url":"https:\/\/www.reseau-entreprendre.org\/val-d-oise\/wp-content\/uploads\/sites\/27\/2025\/06\/Capture-decran-2025-06-03-144226.png","type":"image\/png"}],"twitter_card":"summary_large_image","twitter_misc":{"Dur\u00e9e de lecture estim\u00e9e":"1 minute"},"schema":{"@context":"https:\/\/schema.org","@graph":[{"@type":"WebPage","@id":"https:\/\/www.reseau-entreprendre.org\/val-d-oise\/parcours-ambition\/","url":"https:\/\/www.reseau-entreprendre.org\/val-d-oise\/parcours-ambition\/","name":"Parcours Ambition - R\u00e9seau Entreprendre Val d&#039;Oise","isPartOf":{"@id":"https:\/\/www.reseau-entreprendre.org\/val-d-oise\/#website"},"primaryImageOfPage":{"@id":"https:\/\/www.reseau-entreprendre.org\/val-d-oise\/parcours-ambition\/#primaryimage"},"image":{"@id":"https:\/\/www.reseau-entreprendre.org\/val-d-oise\/parcours-ambition\/#primaryimage"},"thumbnailUrl":"https:\/\/www.reseau-entreprendre.org\/val-d-oise\/wp-content\/uploads\/sites\/27\/2025\/06\/Capture-decran-2025-06-03-144226-1024x435.png","datePublished":"2025-06-03T12:51:54+00:00","dateModified":"2025-06-03T12:51:56+00:00","breadcrumb":{"@id":"https:\/\/www.reseau-entreprendre.org\/val-d-oise\/parcours-ambition\/#breadcrumb"},"inLanguage":"fr-FR","potentialAction":[{"@type":"ReadAction","target":["https:\/\/www.reseau-entreprendre.org\/val-d-oise\/parcours-ambition\/"]}]},{"@type":"ImageObject","inLanguage":"fr-FR","@id":"https:\/\/www.reseau-entreprendre.org\/val-d-oise\/parcours-ambition\/#primaryimage","url":"https:\/\/www.reseau-entreprendre.org\/val-d-oise\/wp-content\/uploads\/sites\/27\/2025\/06\/Capture-decran-2025-06-03-144226.png","contentUrl":"https:\/\/www.reseau-entreprendre.org\/val-d-oise\/wp-content\/uploads\/sites\/27\/2025\/06\/Capture-decran-2025-06-03-144226.png","width":1292,"height":549},{"@type":"BreadcrumbList","@id":"https:\/\/www.reseau-entreprendre.org\/val-d-oise\/parcours-ambition\/#breadcrumb","itemListElement":[{"@type":"ListItem","position":1,"name":"Accueil","item":"https:\/\/www.reseau-entreprendre.org\/val-d-oise\/"},{"@type":"ListItem","position":2,"name":"Parcours Ambition"}]},{"@type":"WebSite","@id":"https:\/\/www.reseau-entreprendre.org\/val-d-oise\/#website","url":"https:\/\/www.reseau-entreprendre.org\/val-d-oise\/","name":"R\u00e9seau Entreprendre Val d&#039;Oise","description":"","potentialAction":[{"@type":"SearchAction","target":{"@type":"EntryPoint","urlTemplate":"https:\/\/www.reseau-entreprendre.org\/val-d-oise\/?s={search_term_string}"},"query-input":{"@type":"PropertyValueSpecification","valueRequired":true,"valueName":"search_term_string"}}],"inLanguage":"fr-FR"}]}},"_links":{"self":[{"href":"https:\/\/www.reseau-entreprendre.org\/val-d-oise\/wp-json\/wp\/v2\/pages\/4312","targetHints":{"allow":["GET"]}}],"collection":[{"href":"https:\/\/www.reseau-entreprendre.org\/val-d-oise\/wp-json\/wp\/v2\/pages"}],"about":[{"href":"https:\/\/www.reseau-entreprendre.org\/val-d-oise\/wp-json\/wp\/v2\/types\/page"}],"author":[{"embeddable":true,"href":"https:\/\/www.reseau-entreprendre.org\/val-d-oise\/wp-json\/wp\/v2\/users\/28"}],"replies":[{"embeddable":true,"href":"https:\/\/www.reseau-entreprendre.org\/val-d-oise\/wp-json\/wp\/v2\/comments?post=4312"}],"version-history":[{"count":0,"href":"https:\/\/www.reseau-entreprendre.org\/val-d-oise\/wp-json\/wp\/v2\/pages\/4312\/revisions"}],"wp:attachment":[{"href":"https:\/\/www.reseau-entreprendre.org\/val-d-oise\/wp-json\/wp\/v2\/media?parent=4312"}],"curies":[{"name":"wp","href":"https:\/\/api.w.org\/{rel}","templated":true}]}}

<div class="wp-block-columns is-layout-flex wp-container-core-columns-is-layout-9d6595d7 wp-block-columns-is-layout-flex">
<div class="wp-block-column is-vertically-aligned-center is-layout-flow wp-block-column-is-layout-flow">
<figure class="wp-block-image size-large"><img loading="lazy" decoding="async" width="1024" height="435" src="https://www.reseau-entreprendre.org/val-d-oise/wp-content/uploads/sites/27/2025/06/Capture-decran-2025-06-03-144226-1024x435.png" alt="" class="wp-image-4313" srcset="https://www.reseau-entreprendre.org/val-d-oise/wp-content/uploads/sites/27/2025/06/Capture-decran-2025-06-03-144226-1024x435.png 1024w, https://www.reseau-entreprendre.org/val-d-oise/wp-content/uploads/sites/27/2025/06/Capture-decran-2025-06-03-144226-300x127.png 300w, https://www.reseau-entreprendre.org/val-d-oise/wp-content/uploads/sites/27/2025/06/Capture-decran-2025-06-03-144226-768x326.png 768w, https://www.reseau-entreprendre.org/val-d-oise/wp-content/uploads/sites/27/2025/06/Capture-decran-2025-06-03-144226-210x89.png 210w, https://www.reseau-entreprendre.org/val-d-oise/wp-content/uploads/sites/27/2025/06/Capture-decran-2025-06-03-144226-100x42.png 100w, https://www.reseau-entreprendre.org/val-d-oise/wp-content/uploads/sites/27/2025/06/Capture-decran-2025-06-03-144226.png 1292w" sizes="auto, (max-width: 1024px) 100vw, 1024px" /></figure>
</div>
</div>



<p class="has-text-align-center has-text-color has-background has-link-color wp-elements-6a5066bfe1856e34dcfcfe339a0b9d48" style="color:#7bae8b;background-color:#ddf8e3;font-size:26px"><strong>Le Programme Ambition est un programme d’aide pour les entreprises en forte croissance</strong>.</p>



<div style="height:13px" aria-hidden="true" class="wp-block-spacer"></div>



<div class="wp-block-columns is-layout-flex wp-container-core-columns-is-layout-9d6595d7 wp-block-columns-is-layout-flex">
<div class="wp-block-column has-background is-layout-flow wp-block-column-is-layout-flow" style="background-color:#ddf8e3;font-size:17px">
<p></p>



<p class="has-text-align-center has-background" style="background-color:#ddf8e3"><strong>Nos critères d&#8217;éligibilité : <br></strong><br>&#8211; Equipe de <strong>12 salariés minimum</strong></p>



<p class="has-text-align-center">&#8211; <strong>Fort projet de croissance</strong></p>



<p class="has-text-align-center has-background" style="background-color:#ddf8e3">&#8211; <strong>Chiffre d’affaires d’au moins 1 M€</strong></p>
</div>



<div class="wp-block-column has-background is-layout-flow wp-block-column-is-layout-flow" style="background-color:#fff1e0;font-size:17px">
<p></p>



<p class="has-text-align-center"><strong>Notre offre d&#8217;accompagnement :<br></strong><br><strong>   Accompagnement de</strong> <strong>36 mois</strong> individuel et collectif<br>&#8211;<strong> Individuel</strong> avec <strong>2</strong> <strong>à 4</strong> chefs d’entreprise expérimentés<br>(Rendez-vous trimestriels)<br>&#8211; <strong>Collectif </strong>au travers de nos Clubs Lauréats</p>



<p class="has-text-align-center">  <strong>Mise en réseau</strong>&nbsp;locale, nationale et internationale</p>



<p class="has-text-align-center"><strong>Séminaire </strong>&#8220;Être et agir en dirigeant de croissance&#8221;</p>
</div>
</div>



<div style="height:15px" aria-hidden="true" class="wp-block-spacer"></div>



<div class="wp-block-buttons is-content-justification-center is-layout-flex wp-container-core-buttons-is-layout-16018d1d wp-block-buttons-is-layout-flex">
<div class="wp-block-button has-custom-width wp-block-button__width-25 is-style-outline is-style-outline--1"><a class="wp-block-button__link has-text-color has-background has-link-color wp-element-button" href="https://www.reseau-entreprendre.org/val-d-oise/deposer-une-demande/" style="color:#010000;background-color:#ddf8e3"><strong>Je candidate</strong></a></div>
</div>

<!-- This site is optimized with the Yoast SEO plugin v27.4 - https://yoast.com/product/yoast-seo-wordpress/ -->
<title>Parcours Ambition - Réseau Entreprendre Val d&#039;Oise</title>
<meta name="robots" content="index, follow, max-snippet:-1, max-image-preview:large, max-video-preview:-1" />
<link rel="canonical" href="https://www.reseau-entreprendre.org/val-d-oise/parcours-ambition/" />
<meta property="og:locale" content="fr_FR" />
<meta property="og:type" content="article" />
<meta property="og:title" content="Parcours Ambition - Réseau Entreprendre Val d&#039;Oise" />
<meta property="og:description" content="Le Programme Ambition est un programme d’aide pour les entreprises en" />
<meta property="og:url" content="https://www.reseau-entreprendre.org/val-d-oise/parcours-ambition/" />
<meta property="og:site_name" content="Réseau Entreprendre Val d&#039;Oise" />
<meta property="article:modified_time" content="2025-06-03T12:51:56+00:00" />
<meta property="og:image" content="https://www.reseau-entreprendre.org/val-d-oise/wp-content/uploads/sites/27/2025/06/Capture-decran-2025-06-03-144226.png" />
	<meta property="og:image:width" content="1292" />
	<meta property="og:image:height" content="549" />
	<meta property="og:image:type" content="image/png" />
<meta name="twitter:card" content="summary_large_image" />
<meta name="twitter:label1" content="Durée de lecture estimée" />
	<meta name="twitter:data1" content="1 minute" />
<script type="application/ld+json" class="yoast-schema-graph">{"@context":"https:\/\/schema.org","@graph":[{"@type":"WebPage","@id":"https:\/\/www.reseau-entreprendre.org\/val-d-oise\/parcours-ambition\/","url":"https:\/\/www.reseau-entreprendre.org\/val-d-oise\/parcours-ambition\/","name":"Parcours Ambition - Réseau Entreprendre Val d&#039;Oise","isPartOf":{"@id":"https:\/\/www.reseau-entreprendre.org\/val-d-oise\/#website"},"primaryImageOfPage":{"@id":"https:\/\/www.reseau-entreprendre.org\/val-d-oise\/parcours-ambition\/#primaryimage"},"image":{"@id":"https:\/\/www.reseau-entreprendre.org\/val-d-oise\/parcours-ambition\/#primaryimage"},"thumbnailUrl":"https:\/\/www.reseau-entreprendre.org\/val-d-oise\/wp-content\/uploads\/sites\/27\/2025\/06\/Capture-decran-2025-06-03-144226-1024x435.png","datePublished":"2025-06-03T12:51:54+00:00","dateModified":"2025-06-03T12:51:56+00:00","breadcrumb":{"@id":"https:\/\/www.reseau-entreprendre.org\/val-d-oise\/parcours-ambition\/#breadcrumb"},"inLanguage":"fr-FR","potentialAction":[{"@type":"ReadAction","target":["https:\/\/www.reseau-entreprendre.org\/val-d-oise\/parcours-ambition\/"]}]},{"@type":"ImageObject","inLanguage":"fr-FR","@id":"https:\/\/www.reseau-entreprendre.org\/val-d-oise\/parcours-ambition\/#primaryimage","url":"https:\/\/www.reseau-entreprendre.org\/val-d-oise\/wp-content\/uploads\/sites\/27\/2025\/06\/Capture-decran-2025-06-03-144226.png","contentUrl":"https:\/\/www.reseau-entreprendre.org\/val-d-oise\/wp-content\/uploads\/sites\/27\/2025\/06\/Capture-decran-2025-06-03-144226.png","width":1292,"height":549},{"@type":"BreadcrumbList","@id":"https:\/\/www.reseau-entreprendre.org\/val-d-oise\/parcours-ambition\/#breadcrumb","itemListElement":[{"@type":"ListItem","position":1,"name":"Accueil","item":"https:\/\/www.reseau-entreprendre.org\/val-d-oise\/"},{"@type":"ListItem","position":2,"name":"Parcours Ambition"}]},{"@type":"WebSite","@id":"https:\/\/www.reseau-entreprendre.org\/val-d-oise\/#website","url":"https:\/\/www.reseau-entreprendre.org\/val-d-oise\/","name":"Réseau Entreprendre Val d&#039;Oise","description":"","potentialAction":[{"@type":"SearchAction","target":{"@type":"EntryPoint","urlTemplate":"https:\/\/www.reseau-entreprendre.org\/val-d-oise\/?s={search_term_string}"},"query-input":{"@type":"PropertyValueSpecification","valueRequired":true,"valueName":"search_term_string"}}],"inLanguage":"fr-FR"}]}</script>
<!-- / Yoast SEO plugin. -->

Parcours Ambition - Réseau Entreprendre Val d&#039;Oise

Réseau Entreprendre Val d&#039;Oise
