{"id":13,"date":"2017-04-28T12:33:34","date_gmt":"2017-04-28T10:33:34","guid":{"rendered":"http:\/\/re-preprod-entreprendre.fr\/val-de-marne\/?page_id=13"},"modified":"2025-03-12T09:29:52","modified_gmt":"2025-03-12T08:29:52","slug":"entreprendre","status":"publish","type":"page","link":"https:\/\/www.reseau-entreprendre.org\/val-de-marne\/entreprendre\/","title":{"rendered":"Devenir laur\u00e9at"},"content":{"rendered":"\n<p>La mission de R\u00e9seau Entreprendre\u00ae Val-de-Marne est d\u2019<strong>accompagner et financer les cr\u00e9ateurs et repreneurs d\u2019entreprise<\/strong>s \u00e0 fort potentiel de d\u00e9veloppement et de cr\u00e9ation d\u2019emplois. <\/p>\n\n\n\n<ul class=\"wp-block-list\">\n<li><strong>Accompagnement individuel <\/strong>: chaque laur\u00e9at est accompagn\u00e9 par un chef d\u2019entreprise pendant 2 ans, une rencontre mensuelle avec l\u2019accompagnateur est organis\u00e9e pour faire le point sur la situation de l\u2019entreprise et apporter un regard ext\u00e9rieur d\u2019un chef d\u2019entreprise exp\u00e9riment\u00e9.<\/li>\n\n\n\n<li><strong>Accompagnement collectif&nbsp;<\/strong>: une rencontre mensuelle sous forme de clubs de laur\u00e9ats, pour \u00e9changer sur les probl\u00e9matiques des jeunes cr\u00e9ateurs et repreneurs. Des th\u00e8mes sont abord\u00e9s lors de ces rencontres&nbsp;; relations avec son banquier, gestion du temps, lev\u00e9e de fonds, etc.<\/li>\n\n\n\n<li><strong>Financier <\/strong>: pr\u00eat d\u2019honneur de 15 \u00e0 100 000 \u20ac, sans int\u00e9r\u00eat ni garantie, et avec un diff\u00e9r\u00e9 de remboursement de 12 mois pour les cr\u00e9ateurs et de 6 mois pour les repreneurs.<\/li>\n<\/ul>\n\n\n\n<figure class=\"wp-block-embed aligncenter is-type-video is-provider-youtube wp-block-embed-youtube wp-embed-aspect-16-9 wp-has-aspect-ratio\"><div class=\"wp-block-embed__wrapper\">\n<iframe loading=\"lazy\" title=\"D\u00e9couvrez le parcours de Will, cr\u00e9ateur accompagn\u00e9 par R\u00e9seau Entreprendre\" width=\"500\" height=\"281\" src=\"https:\/\/www.youtube.com\/embed\/HFpSe8gmlmc?start=4&#038;feature=oembed\" frameborder=\"0\" allow=\"accelerometer; autoplay; clipboard-write; encrypted-media; gyroscope; picture-in-picture; web-share\" referrerpolicy=\"strict-origin-when-cross-origin\" allowfullscreen><\/iframe>\n<\/div><\/figure>\n\n\n\n<p>Pour pouvoir b\u00e9n\u00e9ficier d\u2019un accompagnement et financement par notre association, votre projet doit r\u00e9pondre aux crit\u00e8res suivants :<\/p>\n\n\n\n<p><strong>Programme Start&nbsp; (Entreprise de moins de 3 ans):<\/strong><\/p>\n\n\n\n<ul class=\"wp-block-list\">\n<li>Cr\u00e9ation de 6 emplois temps plein \u00e0 l\u2019horizon 3 ans.<\/li>\n\n\n\n<li>Besoin de financement sup\u00e9rieur \u00e0 70&nbsp;000 \u20ac<\/li>\n\n\n\n<li>Entreprise de moins de 2 ans avec dernier bilan positif<\/li>\n\n\n\n<li>Activit\u00e9 + si\u00e8ge social \/ r\u00e9sidence du candidat dans le Val-de-Marne<\/li>\n\n\n\n<li>Apport personnel sup\u00e9rieur \u00e0 15&nbsp;000 \u20ac<\/li>\n\n\n\n<li>Le pr\u00eat d\u2019honneur doit \u00eatre coupl\u00e9 \u00e0 un financement externe<\/li>\n<\/ul>\n\n\n\n<p><strong>Programme Booster&nbsp; (Entreprise de plus de 3 ans):<\/strong><\/p>\n\n\n\n<ul class=\"wp-block-list\">\n<li>Chiffre d&#8217;affaires N-1 sup\u00e9rieur \u00e0 500K\u20ac<\/li>\n\n\n\n<li>Nombre de salari\u00e9s&nbsp;: 5 et +<\/li>\n\n\n\n<li>Derniers r\u00e9sultats positifs<\/li>\n\n\n\n<li>Activit\u00e9 + si\u00e8ge social \/ r\u00e9sidence du candidat dans le Val-de-Marne<\/li>\n\n\n\n<li>Besoin de financement sup\u00e9rieur \u00e0 100K\u20ac<\/li>\n\n\n\n<li>Le pr\u00eat d\u2019honneur doit \u00eatre coupl\u00e9 \u00e0 un financement externe<\/li>\n<\/ul>\n\n\n\n<p><strong>Programme Reprise :<\/strong><\/p>\n\n\n\n<ul class=\"wp-block-list\">\n<li>Entreprise cible dans le Val de Marne<\/li>\n\n\n\n<li>Reprise de plus de 6 emplois \u00e0 temps plein avec la volont\u00e9 d&#8217;en cr\u00e9er de nouveaux<\/li>\n\n\n\n<li>Besoin de financement &lt; 3M\u20ac<\/li>\n\n\n\n<li>Derniers r\u00e9sultats positifs<\/li>\n\n\n\n<li>Lettre d\u2019intention sign\u00e9e<\/li>\n\n\n\n<li>Apport personnel sup\u00e9rieur \u00e0 15&nbsp;000 \u20ac<\/li>\n<\/ul>\n\n\n\n<p>R\u00e9seau Entreprendre\u00ae Val-de-Marne a accompagn\u00e9 plus de 120 entreprises depuis sa cr\u00e9ation, soit une vingtaine chaque ann\u00e9e.<\/p>\n\n\n\n<p><\/p>\n\n\n\n<div class=\"wp-block-buttons is-content-justification-center is-layout-flex wp-container-core-buttons-is-layout-16018d1d wp-block-buttons-is-layout-flex\">\n<div class=\"wp-block-button is-style-outline is-style-outline--1\"><a class=\"wp-block-button__link has-re-red-color has-text-color wp-element-button\" href=\"https:\/\/www.reseau-entreprendre.org\/fr\/entreprendre\/formulaire-porteur-projet\/\" target=\"_blank\" rel=\"noreferrer noopener\">Contactez-nous<\/a><\/div>\n<\/div>\n","protected":false},"excerpt":{"rendered":"<p>La mission de R\u00e9seau Entreprendre\u00ae Val-de-Marne est d\u2019accompagner et financer<\/p>\n","protected":false},"author":29,"featured_media":0,"parent":0,"menu_order":0,"comment_status":"closed","ping_status":"closed","template":"","meta":{"_acf_changed":false,"_monsterinsights_skip_tracking":false,"_monsterinsights_sitenote_active":false,"_monsterinsights_sitenote_note":"","_monsterinsights_sitenote_category":0,"footnotes":""},"class_list":["post-13","page","type-page","status-publish","hentry"],"acf":[],"yoast_head":"<!-- This site is optimized with the Yoast SEO plugin v27.4 - https:\/\/yoast.com\/product\/yoast-seo-wordpress\/ -->\n<title>Entreprendre | Reseau Entreprendre Val-de-Marne<\/title>\n<meta name=\"description\" content=\"Vous avez un projet de cr\u00e9ation d&#039;entreprise ? R\u00e9seau Entreprendre Val-de-Marne vous accompagne gratuitement et dans la dur\u00e9e\" \/>\n<meta name=\"robots\" content=\"index, follow, max-snippet:-1, max-image-preview:large, max-video-preview:-1\" \/>\n<link rel=\"canonical\" href=\"https:\/\/www.reseau-entreprendre.org\/val-de-marne\/entreprendre\/\" \/>\n<meta property=\"og:locale\" content=\"fr_FR\" \/>\n<meta property=\"og:type\" content=\"article\" \/>\n<meta property=\"og:title\" content=\"Entreprendre | Reseau Entreprendre Val-de-Marne\" \/>\n<meta property=\"og:description\" content=\"Vous avez un projet de cr\u00e9ation d&#039;entreprise ? R\u00e9seau Entreprendre Val-de-Marne vous accompagne gratuitement et dans la dur\u00e9e\" \/>\n<meta property=\"og:url\" content=\"https:\/\/www.reseau-entreprendre.org\/val-de-marne\/entreprendre\/\" \/>\n<meta property=\"og:site_name\" content=\"R\u00e9seau Entreprendre Val de Marne\" \/>\n<meta property=\"article:modified_time\" content=\"2025-03-12T08:29:52+00:00\" \/>\n<meta name=\"twitter:card\" content=\"summary_large_image\" \/>\n<meta name=\"twitter:label1\" content=\"Dur\u00e9e de lecture estim\u00e9e\" \/>\n\t<meta name=\"twitter:data1\" content=\"2 minutes\" \/>\n<script type=\"application\/ld+json\" class=\"yoast-schema-graph\">{\"@context\":\"https:\\\/\\\/schema.org\",\"@graph\":[{\"@type\":\"WebPage\",\"@id\":\"https:\\\/\\\/www.reseau-entreprendre.org\\\/val-de-marne\\\/entreprendre\\\/\",\"url\":\"https:\\\/\\\/www.reseau-entreprendre.org\\\/val-de-marne\\\/entreprendre\\\/\",\"name\":\"Entreprendre | Reseau Entreprendre Val-de-Marne\",\"isPartOf\":{\"@id\":\"https:\\\/\\\/www.reseau-entreprendre.org\\\/val-de-marne\\\/#website\"},\"datePublished\":\"2017-04-28T10:33:34+00:00\",\"dateModified\":\"2025-03-12T08:29:52+00:00\",\"description\":\"Vous avez un projet de cr\u00e9ation d'entreprise ? R\u00e9seau Entreprendre Val-de-Marne vous accompagne gratuitement et dans la dur\u00e9e\",\"breadcrumb\":{\"@id\":\"https:\\\/\\\/www.reseau-entreprendre.org\\\/val-de-marne\\\/entreprendre\\\/#breadcrumb\"},\"inLanguage\":\"fr-FR\",\"potentialAction\":[{\"@type\":\"ReadAction\",\"target\":[\"https:\\\/\\\/www.reseau-entreprendre.org\\\/val-de-marne\\\/entreprendre\\\/\"]}]},{\"@type\":\"BreadcrumbList\",\"@id\":\"https:\\\/\\\/www.reseau-entreprendre.org\\\/val-de-marne\\\/entreprendre\\\/#breadcrumb\",\"itemListElement\":[{\"@type\":\"ListItem\",\"position\":1,\"name\":\"Accueil\",\"item\":\"https:\\\/\\\/www.reseau-entreprendre.org\\\/val-de-marne\\\/\"},{\"@type\":\"ListItem\",\"position\":2,\"name\":\"Devenir laur\u00e9at\"}]},{\"@type\":\"WebSite\",\"@id\":\"https:\\\/\\\/www.reseau-entreprendre.org\\\/val-de-marne\\\/#website\",\"url\":\"https:\\\/\\\/www.reseau-entreprendre.org\\\/val-de-marne\\\/\",\"name\":\"R\u00e9seau Entreprendre Val de Marne\",\"description\":\"\",\"potentialAction\":[{\"@type\":\"SearchAction\",\"target\":{\"@type\":\"EntryPoint\",\"urlTemplate\":\"https:\\\/\\\/www.reseau-entreprendre.org\\\/val-de-marne\\\/?s={search_term_string}\"},\"query-input\":{\"@type\":\"PropertyValueSpecification\",\"valueRequired\":true,\"valueName\":\"search_term_string\"}}],\"inLanguage\":\"fr-FR\"}]}<\/script>\n<!-- \/ Yoast SEO plugin. -->","yoast_head_json":{"title":"Entreprendre | Reseau Entreprendre Val-de-Marne","description":"Vous avez un projet de cr\u00e9ation d'entreprise ? R\u00e9seau Entreprendre Val-de-Marne vous accompagne gratuitement et dans la dur\u00e9e","robots":{"index":"index","follow":"follow","max-snippet":"max-snippet:-1","max-image-preview":"max-image-preview:large","max-video-preview":"max-video-preview:-1"},"canonical":"https:\/\/www.reseau-entreprendre.org\/val-de-marne\/entreprendre\/","og_locale":"fr_FR","og_type":"article","og_title":"Entreprendre | Reseau Entreprendre Val-de-Marne","og_description":"Vous avez un projet de cr\u00e9ation d'entreprise ? R\u00e9seau Entreprendre Val-de-Marne vous accompagne gratuitement et dans la dur\u00e9e","og_url":"https:\/\/www.reseau-entreprendre.org\/val-de-marne\/entreprendre\/","og_site_name":"R\u00e9seau Entreprendre Val de Marne","article_modified_time":"2025-03-12T08:29:52+00:00","twitter_card":"summary_large_image","twitter_misc":{"Dur\u00e9e de lecture estim\u00e9e":"2 minutes"},"schema":{"@context":"https:\/\/schema.org","@graph":[{"@type":"WebPage","@id":"https:\/\/www.reseau-entreprendre.org\/val-de-marne\/entreprendre\/","url":"https:\/\/www.reseau-entreprendre.org\/val-de-marne\/entreprendre\/","name":"Entreprendre | Reseau Entreprendre Val-de-Marne","isPartOf":{"@id":"https:\/\/www.reseau-entreprendre.org\/val-de-marne\/#website"},"datePublished":"2017-04-28T10:33:34+00:00","dateModified":"2025-03-12T08:29:52+00:00","description":"Vous avez un projet de cr\u00e9ation d'entreprise ? R\u00e9seau Entreprendre Val-de-Marne vous accompagne gratuitement et dans la dur\u00e9e","breadcrumb":{"@id":"https:\/\/www.reseau-entreprendre.org\/val-de-marne\/entreprendre\/#breadcrumb"},"inLanguage":"fr-FR","potentialAction":[{"@type":"ReadAction","target":["https:\/\/www.reseau-entreprendre.org\/val-de-marne\/entreprendre\/"]}]},{"@type":"BreadcrumbList","@id":"https:\/\/www.reseau-entreprendre.org\/val-de-marne\/entreprendre\/#breadcrumb","itemListElement":[{"@type":"ListItem","position":1,"name":"Accueil","item":"https:\/\/www.reseau-entreprendre.org\/val-de-marne\/"},{"@type":"ListItem","position":2,"name":"Devenir laur\u00e9at"}]},{"@type":"WebSite","@id":"https:\/\/www.reseau-entreprendre.org\/val-de-marne\/#website","url":"https:\/\/www.reseau-entreprendre.org\/val-de-marne\/","name":"R\u00e9seau Entreprendre Val de Marne","description":"","potentialAction":[{"@type":"SearchAction","target":{"@type":"EntryPoint","urlTemplate":"https:\/\/www.reseau-entreprendre.org\/val-de-marne\/?s={search_term_string}"},"query-input":{"@type":"PropertyValueSpecification","valueRequired":true,"valueName":"search_term_string"}}],"inLanguage":"fr-FR"}]}},"_links":{"self":[{"href":"https:\/\/www.reseau-entreprendre.org\/val-de-marne\/wp-json\/wp\/v2\/pages\/13","targetHints":{"allow":["GET"]}}],"collection":[{"href":"https:\/\/www.reseau-entreprendre.org\/val-de-marne\/wp-json\/wp\/v2\/pages"}],"about":[{"href":"https:\/\/www.reseau-entreprendre.org\/val-de-marne\/wp-json\/wp\/v2\/types\/page"}],"author":[{"embeddable":true,"href":"https:\/\/www.reseau-entreprendre.org\/val-de-marne\/wp-json\/wp\/v2\/users\/29"}],"replies":[{"embeddable":true,"href":"https:\/\/www.reseau-entreprendre.org\/val-de-marne\/wp-json\/wp\/v2\/comments?post=13"}],"version-history":[{"count":0,"href":"https:\/\/www.reseau-entreprendre.org\/val-de-marne\/wp-json\/wp\/v2\/pages\/13\/revisions"}],"wp:attachment":[{"href":"https:\/\/www.reseau-entreprendre.org\/val-de-marne\/wp-json\/wp\/v2\/media?parent=13"}],"curies":[{"name":"wp","href":"https:\/\/api.w.org\/{rel}","templated":true}]}}