{"id":211,"date":"2017-06-13T17:35:06","date_gmt":"2017-06-13T15:35:06","guid":{"rendered":"http:\/\/re-preprod-entreprendre.fr\/val-de-marne\/?page_id=211"},"modified":"2022-04-13T09:59:13","modified_gmt":"2022-04-13T07:59:13","slug":"ils-nous-soutiennent","status":"publish","type":"page","link":"https:\/\/www.reseau-entreprendre.org\/val-de-marne\/ils-nous-soutiennent\/","title":{"rendered":"Ils nous soutiennent"},"content":{"rendered":"\n<h2 class=\"wp-block-heading\">Merci \u00e0 nos m\u00e9c\u00e8nes pour leur soutien !<\/h2>\n\n\n\n<p>R\u00e9seau Entreprendre b\u00e9n\u00e9ficie du soutien fid\u00e8le de m\u00e9c\u00e8nes, d\u00e9sireux de promouvoir la cause de l\u2019entrepreneuriat, de faciliter l\u2019acte de cr\u00e9er ou reprendre et de contribuer au d\u00e9veloppement de R\u00e9seau Entreprendre et de ses associations membres dans les r\u00e9gions.<\/p>\n\n\n<div data-block_62568278eaf91 class=\"re-partners align\">\n  <\/div>\n\n\n\n<div style=\"height:50px\" aria-hidden=\"true\" class=\"wp-block-spacer\"><\/div>\n\n\n\n<h2 class=\"wp-block-heading\">Nos \u00e9v\u00e9nements \u00e0 venir<\/h2>\n\n\n\n<div id=\"mec_skin_971\" class=\"mec-wrap   \">\r\n\r\n    <form id=\"mec_search_form_971\" class=\"mec-search-form mec-totalcal-box mec-dropdown-classic\" autocomplete=\"off\"><div class=\"mec-dropdown-wrap\" ><div class=\"mec-dropdown-search\"><i class=\"mec-sl-folder\"><\/i><select  name=' ' id='mec_sf_category_971' class='postform'>\n\t<option value='' selected='selected'>Cat\u00e9gorie<\/option>\n\t<option class=\"level-0\" value=\"43\">Visite<\/option>\n<\/select>\n<\/div><\/div><div class=\"mec-text-input-search\"><i class=\"mec-sl-magnifier\"><\/i>\r\n                    <input type=\"search\" value=\"\" id=\"mec_sf_s_971\" placeholder=\"Search\" title=\"Search\" \/>\r\n                <\/div><\/form>\r\n    <div class=\"mec-calendar \" id=\"mec_skin_events_971_full\">\r\n        <div class=\"mec-calendar-topsec\">        <div class=\"mec-calendar-side mec-clear\">\r\n                        <div class=\"mec-skin-monthly-view-month-navigator-container\">\r\n                <div class=\"mec-month-navigator\" id=\"mec_month_navigator_971_202605\"><div class=\"mec-previous-month mec-load-month mec-previous-month\" data-mec-year=\"2026\" data-mec-month=\"04\"><a href=\"#\" class=\"mec-load-month-link\"><i class=\"mec-sl-angle-left\"><\/i> avril<\/a><\/div><div class=\"mec-calendar-header\"><h2>mai 2026<\/h2><\/div><div class=\"mec-next-month mec-load-month mec-next-month\" data-mec-year=\"2026\" data-mec-month=\"06\"><a href=\"#\" class=\"mec-load-month-link\">juin <i class=\"mec-sl-angle-right\"><\/i><\/a><\/div><\/div>\r\n            <\/div>\r\n            \r\n            <div class=\"mec-calendar-table\" id=\"mec_skin_events_971\">\r\n                <div class=\"mec-month-container mec-month-container-selected\" id=\"mec_monthly_view_month_971_202605\" data-month-id=\"202605\"><dl class=\"mec-calendar-table-head\"><dt class=\"mec-calendar-day-head\">LUN<\/dt><dt class=\"mec-calendar-day-head\">MAR<\/dt><dt class=\"mec-calendar-day-head\">MER<\/dt><dt class=\"mec-calendar-day-head\">JEU<\/dt><dt class=\"mec-calendar-day-head\">VEN<\/dt><dt class=\"mec-calendar-day-head\">SAM<\/dt><dt class=\"mec-calendar-day-head\">DIM<\/dt><\/dl><dl class=\"mec-calendar-row\">\r\n    <dt class=\"mec-table-nullday\">27<\/dt><dt class=\"mec-table-nullday\">28<\/dt><dt class=\"mec-table-nullday\">29<\/dt><dt class=\"mec-table-nullday\">30<\/dt><dt class=\"mec-calendar-day \" data-mec-cell=\"20260501\" data-day=\"1\" data-month=\"202605\">1<\/dt><\/dt><dt class=\"mec-calendar-day \" data-mec-cell=\"20260502\" data-day=\"2\" data-month=\"202605\">2<\/dt><\/dt><dt class=\"mec-calendar-day \" data-mec-cell=\"20260503\" data-day=\"3\" data-month=\"202605\">3<\/dt><\/dt><\/dl><dl class=\"mec-calendar-row\"><dt class=\"mec-calendar-day  mec-selected-day\" data-mec-cell=\"20260504\" data-day=\"4\" data-month=\"202605\">4<\/dt><\/dt><dt class=\"mec-calendar-day \" data-mec-cell=\"20260505\" data-day=\"5\" data-month=\"202605\">5<\/dt><\/dt><dt class=\"mec-calendar-day \" data-mec-cell=\"20260506\" data-day=\"6\" data-month=\"202605\">6<\/dt><\/dt><dt class=\"mec-calendar-day \" data-mec-cell=\"20260507\" data-day=\"7\" data-month=\"202605\">7<\/dt><\/dt><dt class=\"mec-calendar-day \" data-mec-cell=\"20260508\" data-day=\"8\" data-month=\"202605\">8<\/dt><\/dt><dt class=\"mec-calendar-day \" data-mec-cell=\"20260509\" data-day=\"9\" data-month=\"202605\">9<\/dt><\/dt><dt class=\"mec-calendar-day \" data-mec-cell=\"20260510\" data-day=\"10\" data-month=\"202605\">10<\/dt><\/dt><\/dl><dl class=\"mec-calendar-row\"><dt class=\"mec-calendar-day \" data-mec-cell=\"20260511\" data-day=\"11\" data-month=\"202605\">11<\/dt><\/dt><dt class=\"mec-calendar-day \" data-mec-cell=\"20260512\" data-day=\"12\" data-month=\"202605\">12<\/dt><\/dt><dt class=\"mec-calendar-day \" data-mec-cell=\"20260513\" data-day=\"13\" data-month=\"202605\">13<\/dt><\/dt><dt class=\"mec-calendar-day \" data-mec-cell=\"20260514\" data-day=\"14\" data-month=\"202605\">14<\/dt><\/dt><dt class=\"mec-calendar-day \" data-mec-cell=\"20260515\" data-day=\"15\" data-month=\"202605\">15<\/dt><\/dt><dt class=\"mec-calendar-day \" data-mec-cell=\"20260516\" data-day=\"16\" data-month=\"202605\">16<\/dt><\/dt><dt class=\"mec-calendar-day \" data-mec-cell=\"20260517\" data-day=\"17\" data-month=\"202605\">17<\/dt><\/dt><\/dl><dl class=\"mec-calendar-row\"><dt class=\"mec-calendar-day \" data-mec-cell=\"20260518\" data-day=\"18\" data-month=\"202605\">18<\/dt><\/dt><dt class=\"mec-calendar-day \" data-mec-cell=\"20260519\" data-day=\"19\" data-month=\"202605\">19<\/dt><\/dt><dt class=\"mec-calendar-day \" data-mec-cell=\"20260520\" data-day=\"20\" data-month=\"202605\">20<\/dt><\/dt><dt class=\"mec-calendar-day \" data-mec-cell=\"20260521\" data-day=\"21\" data-month=\"202605\">21<\/dt><\/dt><dt class=\"mec-calendar-day \" data-mec-cell=\"20260522\" data-day=\"22\" data-month=\"202605\">22<\/dt><\/dt><dt class=\"mec-calendar-day \" data-mec-cell=\"20260523\" data-day=\"23\" data-month=\"202605\">23<\/dt><\/dt><dt class=\"mec-calendar-day \" data-mec-cell=\"20260524\" data-day=\"24\" data-month=\"202605\">24<\/dt><\/dt><\/dl><dl class=\"mec-calendar-row\"><dt class=\"mec-calendar-day \" data-mec-cell=\"20260525\" data-day=\"25\" data-month=\"202605\">25<\/dt><\/dt><dt class=\"mec-calendar-day \" data-mec-cell=\"20260526\" data-day=\"26\" data-month=\"202605\">26<\/dt><\/dt><dt class=\"mec-calendar-day \" data-mec-cell=\"20260527\" data-day=\"27\" data-month=\"202605\">27<\/dt><\/dt><dt class=\"mec-calendar-day \" data-mec-cell=\"20260528\" data-day=\"28\" data-month=\"202605\">28<\/dt><\/dt><dt class=\"mec-calendar-day \" data-mec-cell=\"20260529\" data-day=\"29\" data-month=\"202605\">29<\/dt><\/dt><dt class=\"mec-calendar-day \" data-mec-cell=\"20260530\" data-day=\"30\" data-month=\"202605\">30<\/dt><\/dt><dt class=\"mec-calendar-day \" data-mec-cell=\"20260531\" data-day=\"31\" data-month=\"202605\">31<\/dt><\/dt><\/dl><dl class=\"mec-calendar-row\"><\/dl>\r\n<\/div>\r\n            <\/div>\r\n\r\n                    <\/div>\r\n        <div class=\"mec-calendar-events-side mec-clear\"><div class=\"mec-month-side\" id=\"mec_month_side_971_202605\"><div class=\"mec-calendar-events-sec\" id=\"mec-calendar-events-sec-971-20260501\" data-mec-cell=\"20260501\" ><h6 class=\"mec-table-side-title\">\u00c9v\u00e9nements pour le <span class=\"mec-color mec-table-side-day\"> 1<\/span> mai<\/h6><article class=\"mec-event-article\"><div class=\"mec-event-detail\">Aucun \u00e9v\u00e9nement<\/div><\/article><\/div><div class=\"mec-calendar-events-sec\" id=\"mec-calendar-events-sec-971-20260502\" data-mec-cell=\"20260502\" ><h6 class=\"mec-table-side-title\">\u00c9v\u00e9nements pour le <span class=\"mec-color mec-table-side-day\"> 2<\/span> mai<\/h6><article class=\"mec-event-article\"><div class=\"mec-event-detail\">Aucun \u00e9v\u00e9nement<\/div><\/article><\/div><div class=\"mec-calendar-events-sec\" id=\"mec-calendar-events-sec-971-20260503\" data-mec-cell=\"20260503\" ><h6 class=\"mec-table-side-title\">\u00c9v\u00e9nements pour le <span class=\"mec-color mec-table-side-day\"> 3<\/span> mai<\/h6><article class=\"mec-event-article\"><div class=\"mec-event-detail\">Aucun \u00e9v\u00e9nement<\/div><\/article><\/div><div class=\"mec-calendar-events-sec\" id=\"mec-calendar-events-sec-971-20260504\" data-mec-cell=\"20260504\"  style=\"display: block;\"><h6 class=\"mec-table-side-title\">\u00c9v\u00e9nements pour le <span class=\"mec-color mec-table-side-day\"> 4<\/span> mai<\/h6><article class=\"mec-event-article\"><div class=\"mec-event-detail\">Aucun \u00e9v\u00e9nement<\/div><\/article><\/div><div class=\"mec-calendar-events-sec\" id=\"mec-calendar-events-sec-971-20260505\" data-mec-cell=\"20260505\" ><h6 class=\"mec-table-side-title\">\u00c9v\u00e9nements pour le <span class=\"mec-color mec-table-side-day\"> 5<\/span> mai<\/h6><article class=\"mec-event-article\"><div class=\"mec-event-detail\">Aucun \u00e9v\u00e9nement<\/div><\/article><\/div><div class=\"mec-calendar-events-sec\" id=\"mec-calendar-events-sec-971-20260506\" data-mec-cell=\"20260506\" ><h6 class=\"mec-table-side-title\">\u00c9v\u00e9nements pour le <span class=\"mec-color mec-table-side-day\"> 6<\/span> mai<\/h6><article class=\"mec-event-article\"><div class=\"mec-event-detail\">Aucun \u00e9v\u00e9nement<\/div><\/article><\/div><div class=\"mec-calendar-events-sec\" id=\"mec-calendar-events-sec-971-20260507\" data-mec-cell=\"20260507\" ><h6 class=\"mec-table-side-title\">\u00c9v\u00e9nements pour le <span class=\"mec-color mec-table-side-day\"> 7<\/span> mai<\/h6><article class=\"mec-event-article\"><div class=\"mec-event-detail\">Aucun \u00e9v\u00e9nement<\/div><\/article><\/div><div class=\"mec-calendar-events-sec\" id=\"mec-calendar-events-sec-971-20260508\" data-mec-cell=\"20260508\" ><h6 class=\"mec-table-side-title\">\u00c9v\u00e9nements pour le <span class=\"mec-color mec-table-side-day\"> 8<\/span> mai<\/h6><article class=\"mec-event-article\"><div class=\"mec-event-detail\">Aucun \u00e9v\u00e9nement<\/div><\/article><\/div><div class=\"mec-calendar-events-sec\" id=\"mec-calendar-events-sec-971-20260509\" data-mec-cell=\"20260509\" ><h6 class=\"mec-table-side-title\">\u00c9v\u00e9nements pour le <span class=\"mec-color mec-table-side-day\"> 9<\/span> mai<\/h6><article class=\"mec-event-article\"><div class=\"mec-event-detail\">Aucun \u00e9v\u00e9nement<\/div><\/article><\/div><div class=\"mec-calendar-events-sec\" id=\"mec-calendar-events-sec-971-20260510\" data-mec-cell=\"20260510\" ><h6 class=\"mec-table-side-title\">\u00c9v\u00e9nements pour le <span class=\"mec-color mec-table-side-day\"> 10<\/span> mai<\/h6><article class=\"mec-event-article\"><div class=\"mec-event-detail\">Aucun \u00e9v\u00e9nement<\/div><\/article><\/div><div class=\"mec-calendar-events-sec\" id=\"mec-calendar-events-sec-971-20260511\" data-mec-cell=\"20260511\" ><h6 class=\"mec-table-side-title\">\u00c9v\u00e9nements pour le <span class=\"mec-color mec-table-side-day\"> 11<\/span> mai<\/h6><article class=\"mec-event-article\"><div class=\"mec-event-detail\">Aucun \u00e9v\u00e9nement<\/div><\/article><\/div><div class=\"mec-calendar-events-sec\" id=\"mec-calendar-events-sec-971-20260512\" data-mec-cell=\"20260512\" ><h6 class=\"mec-table-side-title\">\u00c9v\u00e9nements pour le <span class=\"mec-color mec-table-side-day\"> 12<\/span> mai<\/h6><article class=\"mec-event-article\"><div class=\"mec-event-detail\">Aucun \u00e9v\u00e9nement<\/div><\/article><\/div><div class=\"mec-calendar-events-sec\" id=\"mec-calendar-events-sec-971-20260513\" data-mec-cell=\"20260513\" ><h6 class=\"mec-table-side-title\">\u00c9v\u00e9nements pour le <span class=\"mec-color mec-table-side-day\"> 13<\/span> mai<\/h6><article class=\"mec-event-article\"><div class=\"mec-event-detail\">Aucun \u00e9v\u00e9nement<\/div><\/article><\/div><div class=\"mec-calendar-events-sec\" id=\"mec-calendar-events-sec-971-20260514\" data-mec-cell=\"20260514\" ><h6 class=\"mec-table-side-title\">\u00c9v\u00e9nements pour le <span class=\"mec-color mec-table-side-day\"> 14<\/span> mai<\/h6><article class=\"mec-event-article\"><div class=\"mec-event-detail\">Aucun \u00e9v\u00e9nement<\/div><\/article><\/div><div class=\"mec-calendar-events-sec\" id=\"mec-calendar-events-sec-971-20260515\" data-mec-cell=\"20260515\" ><h6 class=\"mec-table-side-title\">\u00c9v\u00e9nements pour le <span class=\"mec-color mec-table-side-day\"> 15<\/span> mai<\/h6><article class=\"mec-event-article\"><div class=\"mec-event-detail\">Aucun \u00e9v\u00e9nement<\/div><\/article><\/div><div class=\"mec-calendar-events-sec\" id=\"mec-calendar-events-sec-971-20260516\" data-mec-cell=\"20260516\" ><h6 class=\"mec-table-side-title\">\u00c9v\u00e9nements pour le <span class=\"mec-color mec-table-side-day\"> 16<\/span> mai<\/h6><article class=\"mec-event-article\"><div class=\"mec-event-detail\">Aucun \u00e9v\u00e9nement<\/div><\/article><\/div><div class=\"mec-calendar-events-sec\" id=\"mec-calendar-events-sec-971-20260517\" data-mec-cell=\"20260517\" ><h6 class=\"mec-table-side-title\">\u00c9v\u00e9nements pour le <span class=\"mec-color mec-table-side-day\"> 17<\/span> mai<\/h6><article class=\"mec-event-article\"><div class=\"mec-event-detail\">Aucun \u00e9v\u00e9nement<\/div><\/article><\/div><div class=\"mec-calendar-events-sec\" id=\"mec-calendar-events-sec-971-20260518\" data-mec-cell=\"20260518\" ><h6 class=\"mec-table-side-title\">\u00c9v\u00e9nements pour le <span class=\"mec-color mec-table-side-day\"> 18<\/span> mai<\/h6><article class=\"mec-event-article\"><div class=\"mec-event-detail\">Aucun \u00e9v\u00e9nement<\/div><\/article><\/div><div class=\"mec-calendar-events-sec\" id=\"mec-calendar-events-sec-971-20260519\" data-mec-cell=\"20260519\" ><h6 class=\"mec-table-side-title\">\u00c9v\u00e9nements pour le <span class=\"mec-color mec-table-side-day\"> 19<\/span> mai<\/h6><article class=\"mec-event-article\"><div class=\"mec-event-detail\">Aucun \u00e9v\u00e9nement<\/div><\/article><\/div><div class=\"mec-calendar-events-sec\" id=\"mec-calendar-events-sec-971-20260520\" data-mec-cell=\"20260520\" ><h6 class=\"mec-table-side-title\">\u00c9v\u00e9nements pour le <span class=\"mec-color mec-table-side-day\"> 20<\/span> mai<\/h6><article class=\"mec-event-article\"><div class=\"mec-event-detail\">Aucun \u00e9v\u00e9nement<\/div><\/article><\/div><div class=\"mec-calendar-events-sec\" id=\"mec-calendar-events-sec-971-20260521\" data-mec-cell=\"20260521\" ><h6 class=\"mec-table-side-title\">\u00c9v\u00e9nements pour le <span class=\"mec-color mec-table-side-day\"> 21<\/span> mai<\/h6><article class=\"mec-event-article\"><div class=\"mec-event-detail\">Aucun \u00e9v\u00e9nement<\/div><\/article><\/div><div class=\"mec-calendar-events-sec\" id=\"mec-calendar-events-sec-971-20260522\" data-mec-cell=\"20260522\" ><h6 class=\"mec-table-side-title\">\u00c9v\u00e9nements pour le <span class=\"mec-color mec-table-side-day\"> 22<\/span> mai<\/h6><article class=\"mec-event-article\"><div class=\"mec-event-detail\">Aucun \u00e9v\u00e9nement<\/div><\/article><\/div><div class=\"mec-calendar-events-sec\" id=\"mec-calendar-events-sec-971-20260523\" data-mec-cell=\"20260523\" ><h6 class=\"mec-table-side-title\">\u00c9v\u00e9nements pour le <span class=\"mec-color mec-table-side-day\"> 23<\/span> mai<\/h6><article class=\"mec-event-article\"><div class=\"mec-event-detail\">Aucun \u00e9v\u00e9nement<\/div><\/article><\/div><div class=\"mec-calendar-events-sec\" id=\"mec-calendar-events-sec-971-20260524\" data-mec-cell=\"20260524\" ><h6 class=\"mec-table-side-title\">\u00c9v\u00e9nements pour le <span class=\"mec-color mec-table-side-day\"> 24<\/span> mai<\/h6><article class=\"mec-event-article\"><div class=\"mec-event-detail\">Aucun \u00e9v\u00e9nement<\/div><\/article><\/div><div class=\"mec-calendar-events-sec\" id=\"mec-calendar-events-sec-971-20260525\" data-mec-cell=\"20260525\" ><h6 class=\"mec-table-side-title\">\u00c9v\u00e9nements pour le <span class=\"mec-color mec-table-side-day\"> 25<\/span> mai<\/h6><article class=\"mec-event-article\"><div class=\"mec-event-detail\">Aucun \u00e9v\u00e9nement<\/div><\/article><\/div><div class=\"mec-calendar-events-sec\" id=\"mec-calendar-events-sec-971-20260526\" data-mec-cell=\"20260526\" ><h6 class=\"mec-table-side-title\">\u00c9v\u00e9nements pour le <span class=\"mec-color mec-table-side-day\"> 26<\/span> mai<\/h6><article class=\"mec-event-article\"><div class=\"mec-event-detail\">Aucun \u00e9v\u00e9nement<\/div><\/article><\/div><div class=\"mec-calendar-events-sec\" id=\"mec-calendar-events-sec-971-20260527\" data-mec-cell=\"20260527\" ><h6 class=\"mec-table-side-title\">\u00c9v\u00e9nements pour le <span class=\"mec-color mec-table-side-day\"> 27<\/span> mai<\/h6><article class=\"mec-event-article\"><div class=\"mec-event-detail\">Aucun \u00e9v\u00e9nement<\/div><\/article><\/div><div class=\"mec-calendar-events-sec\" id=\"mec-calendar-events-sec-971-20260528\" data-mec-cell=\"20260528\" ><h6 class=\"mec-table-side-title\">\u00c9v\u00e9nements pour le <span class=\"mec-color mec-table-side-day\"> 28<\/span> mai<\/h6><article class=\"mec-event-article\"><div class=\"mec-event-detail\">Aucun \u00e9v\u00e9nement<\/div><\/article><\/div><div class=\"mec-calendar-events-sec\" id=\"mec-calendar-events-sec-971-20260529\" data-mec-cell=\"20260529\" ><h6 class=\"mec-table-side-title\">\u00c9v\u00e9nements pour le <span class=\"mec-color mec-table-side-day\"> 29<\/span> mai<\/h6><article class=\"mec-event-article\"><div class=\"mec-event-detail\">Aucun \u00e9v\u00e9nement<\/div><\/article><\/div><div class=\"mec-calendar-events-sec\" id=\"mec-calendar-events-sec-971-20260530\" data-mec-cell=\"20260530\" ><h6 class=\"mec-table-side-title\">\u00c9v\u00e9nements pour le <span class=\"mec-color mec-table-side-day\"> 30<\/span> mai<\/h6><article class=\"mec-event-article\"><div class=\"mec-event-detail\">Aucun \u00e9v\u00e9nement<\/div><\/article><\/div><div class=\"mec-calendar-events-sec\" id=\"mec-calendar-events-sec-971-20260531\" data-mec-cell=\"20260531\" ><h6 class=\"mec-table-side-title\">\u00c9v\u00e9nements pour le <span class=\"mec-color mec-table-side-day\"> 31<\/span> mai<\/h6><article class=\"mec-event-article\"><div class=\"mec-event-detail\">Aucun \u00e9v\u00e9nement<\/div><\/article><\/div><\/div><\/div><\/div><div class=\"mec-event-footer\"><\/div>    <\/div>\r\n\r\n        \r\n        <div class=\"mec-modal-result\"><\/div>\r\n\r\n<\/div>\n","protected":false},"excerpt":{"rendered":"<p>Merci \u00e0 nos m\u00e9c\u00e8nes pour leur soutien ! R\u00e9seau Entreprendre<\/p>\n","protected":false},"author":29,"featured_media":0,"parent":0,"menu_order":0,"comment_status":"closed","ping_status":"closed","template":"","meta":{"_acf_changed":false,"_monsterinsights_skip_tracking":false,"_monsterinsights_sitenote_active":false,"_monsterinsights_sitenote_note":"","_monsterinsights_sitenote_category":0,"footnotes":""},"class_list":["post-211","page","type-page","status-publish","hentry"],"acf":[],"yoast_head":"<!-- This site is optimized with the Yoast SEO plugin v27.4 - https:\/\/yoast.com\/product\/yoast-seo-wordpress\/ -->\n<title>Ils nous soutiennent - R\u00e9seau Entreprendre Val de Marne<\/title>\n<meta name=\"robots\" content=\"index, follow, max-snippet:-1, max-image-preview:large, max-video-preview:-1\" \/>\n<link rel=\"canonical\" href=\"https:\/\/www.reseau-entreprendre.org\/val-de-marne\/ils-nous-soutiennent\/\" \/>\n<meta property=\"og:locale\" content=\"fr_FR\" \/>\n<meta property=\"og:type\" content=\"article\" \/>\n<meta property=\"og:title\" content=\"Ils nous soutiennent - R\u00e9seau Entreprendre Val de Marne\" \/>\n<meta property=\"og:description\" content=\"Merci \u00e0 nos m\u00e9c\u00e8nes pour leur soutien ! R\u00e9seau Entreprendre\" \/>\n<meta property=\"og:url\" content=\"https:\/\/www.reseau-entreprendre.org\/val-de-marne\/ils-nous-soutiennent\/\" \/>\n<meta property=\"og:site_name\" content=\"R\u00e9seau Entreprendre Val de Marne\" \/>\n<meta property=\"article:modified_time\" content=\"2022-04-13T07:59:13+00:00\" \/>\n<meta name=\"twitter:card\" content=\"summary_large_image\" \/>\n<meta name=\"twitter:label1\" content=\"Dur\u00e9e de lecture estim\u00e9e\" \/>\n\t<meta name=\"twitter:data1\" content=\"1 minute\" \/>\n<script type=\"application\/ld+json\" class=\"yoast-schema-graph\">{\"@context\":\"https:\\\/\\\/schema.org\",\"@graph\":[{\"@type\":\"WebPage\",\"@id\":\"https:\\\/\\\/www.reseau-entreprendre.org\\\/val-de-marne\\\/ils-nous-soutiennent\\\/\",\"url\":\"https:\\\/\\\/www.reseau-entreprendre.org\\\/val-de-marne\\\/ils-nous-soutiennent\\\/\",\"name\":\"Ils nous soutiennent - R\u00e9seau Entreprendre Val de Marne\",\"isPartOf\":{\"@id\":\"https:\\\/\\\/www.reseau-entreprendre.org\\\/val-de-marne\\\/#website\"},\"datePublished\":\"2017-06-13T15:35:06+00:00\",\"dateModified\":\"2022-04-13T07:59:13+00:00\",\"breadcrumb\":{\"@id\":\"https:\\\/\\\/www.reseau-entreprendre.org\\\/val-de-marne\\\/ils-nous-soutiennent\\\/#breadcrumb\"},\"inLanguage\":\"fr-FR\",\"potentialAction\":[{\"@type\":\"ReadAction\",\"target\":[\"https:\\\/\\\/www.reseau-entreprendre.org\\\/val-de-marne\\\/ils-nous-soutiennent\\\/\"]}]},{\"@type\":\"BreadcrumbList\",\"@id\":\"https:\\\/\\\/www.reseau-entreprendre.org\\\/val-de-marne\\\/ils-nous-soutiennent\\\/#breadcrumb\",\"itemListElement\":[{\"@type\":\"ListItem\",\"position\":1,\"name\":\"Accueil\",\"item\":\"https:\\\/\\\/www.reseau-entreprendre.org\\\/val-de-marne\\\/\"},{\"@type\":\"ListItem\",\"position\":2,\"name\":\"Ils nous soutiennent\"}]},{\"@type\":\"WebSite\",\"@id\":\"https:\\\/\\\/www.reseau-entreprendre.org\\\/val-de-marne\\\/#website\",\"url\":\"https:\\\/\\\/www.reseau-entreprendre.org\\\/val-de-marne\\\/\",\"name\":\"R\u00e9seau Entreprendre Val de Marne\",\"description\":\"\",\"potentialAction\":[{\"@type\":\"SearchAction\",\"target\":{\"@type\":\"EntryPoint\",\"urlTemplate\":\"https:\\\/\\\/www.reseau-entreprendre.org\\\/val-de-marne\\\/?s={search_term_string}\"},\"query-input\":{\"@type\":\"PropertyValueSpecification\",\"valueRequired\":true,\"valueName\":\"search_term_string\"}}],\"inLanguage\":\"fr-FR\"}]}<\/script>\n<!-- \/ Yoast SEO plugin. -->","yoast_head_json":{"title":"Ils nous soutiennent - R\u00e9seau Entreprendre Val de Marne","robots":{"index":"index","follow":"follow","max-snippet":"max-snippet:-1","max-image-preview":"max-image-preview:large","max-video-preview":"max-video-preview:-1"},"canonical":"https:\/\/www.reseau-entreprendre.org\/val-de-marne\/ils-nous-soutiennent\/","og_locale":"fr_FR","og_type":"article","og_title":"Ils nous soutiennent - R\u00e9seau Entreprendre Val de Marne","og_description":"Merci \u00e0 nos m\u00e9c\u00e8nes pour leur soutien ! R\u00e9seau Entreprendre","og_url":"https:\/\/www.reseau-entreprendre.org\/val-de-marne\/ils-nous-soutiennent\/","og_site_name":"R\u00e9seau Entreprendre Val de Marne","article_modified_time":"2022-04-13T07:59:13+00:00","twitter_card":"summary_large_image","twitter_misc":{"Dur\u00e9e de lecture estim\u00e9e":"1 minute"},"schema":{"@context":"https:\/\/schema.org","@graph":[{"@type":"WebPage","@id":"https:\/\/www.reseau-entreprendre.org\/val-de-marne\/ils-nous-soutiennent\/","url":"https:\/\/www.reseau-entreprendre.org\/val-de-marne\/ils-nous-soutiennent\/","name":"Ils nous soutiennent - R\u00e9seau Entreprendre Val de Marne","isPartOf":{"@id":"https:\/\/www.reseau-entreprendre.org\/val-de-marne\/#website"},"datePublished":"2017-06-13T15:35:06+00:00","dateModified":"2022-04-13T07:59:13+00:00","breadcrumb":{"@id":"https:\/\/www.reseau-entreprendre.org\/val-de-marne\/ils-nous-soutiennent\/#breadcrumb"},"inLanguage":"fr-FR","potentialAction":[{"@type":"ReadAction","target":["https:\/\/www.reseau-entreprendre.org\/val-de-marne\/ils-nous-soutiennent\/"]}]},{"@type":"BreadcrumbList","@id":"https:\/\/www.reseau-entreprendre.org\/val-de-marne\/ils-nous-soutiennent\/#breadcrumb","itemListElement":[{"@type":"ListItem","position":1,"name":"Accueil","item":"https:\/\/www.reseau-entreprendre.org\/val-de-marne\/"},{"@type":"ListItem","position":2,"name":"Ils nous soutiennent"}]},{"@type":"WebSite","@id":"https:\/\/www.reseau-entreprendre.org\/val-de-marne\/#website","url":"https:\/\/www.reseau-entreprendre.org\/val-de-marne\/","name":"R\u00e9seau Entreprendre Val de Marne","description":"","potentialAction":[{"@type":"SearchAction","target":{"@type":"EntryPoint","urlTemplate":"https:\/\/www.reseau-entreprendre.org\/val-de-marne\/?s={search_term_string}"},"query-input":{"@type":"PropertyValueSpecification","valueRequired":true,"valueName":"search_term_string"}}],"inLanguage":"fr-FR"}]}},"_links":{"self":[{"href":"https:\/\/www.reseau-entreprendre.org\/val-de-marne\/wp-json\/wp\/v2\/pages\/211","targetHints":{"allow":["GET"]}}],"collection":[{"href":"https:\/\/www.reseau-entreprendre.org\/val-de-marne\/wp-json\/wp\/v2\/pages"}],"about":[{"href":"https:\/\/www.reseau-entreprendre.org\/val-de-marne\/wp-json\/wp\/v2\/types\/page"}],"author":[{"embeddable":true,"href":"https:\/\/www.reseau-entreprendre.org\/val-de-marne\/wp-json\/wp\/v2\/users\/29"}],"replies":[{"embeddable":true,"href":"https:\/\/www.reseau-entreprendre.org\/val-de-marne\/wp-json\/wp\/v2\/comments?post=211"}],"version-history":[{"count":0,"href":"https:\/\/www.reseau-entreprendre.org\/val-de-marne\/wp-json\/wp\/v2\/pages\/211\/revisions"}],"wp:attachment":[{"href":"https:\/\/www.reseau-entreprendre.org\/val-de-marne\/wp-json\/wp\/v2\/media?parent=211"}],"curies":[{"name":"wp","href":"https:\/\/api.w.org\/{rel}","templated":true}]}}