{"id":4397,"date":"2024-07-03T13:37:03","date_gmt":"2024-07-03T11:37:03","guid":{"rendered":"https:\/\/www.reseau-entreprendre.org\/val-de-marne\/?page_id=4397"},"modified":"2024-07-03T14:57:02","modified_gmt":"2024-07-03T12:57:02","slug":"reseau-entreprendre-val-de-marne","status":"publish","type":"page","link":"https:\/\/www.reseau-entreprendre.org\/val-de-marne\/reseau-entreprendre-val-de-marne\/","title":{"rendered":"R\u00e9seau Entreprendre Val de Marne"},"content":{"rendered":"\n<p>R\u00e9seau Entreprendre\u00ae Val-de-Marne est une association loi 1901 d\u00e9clar\u00e9e d\u2019utilit\u00e9 publique, exclusivement financ\u00e9e par les cotisations de ses membres. Cr\u00e9\u00e9 en septembre 2012 elle a pour vocation d\u2019accompagner et financer les cr\u00e9ateurs et repreneurs d\u2019entreprises \u00e0 fort potentiel de cr\u00e9ation d\u2019emplois dans le Val-de-Marne.<\/p>\n\n\n\n<p>110 chefs d\u2019entreprises b\u00e9n\u00e9voles, donnent du temps pour accompagner dans la dur\u00e9e les porteurs de projets, en amont et aval du comit\u00e9 d\u2019engagement (2 \u00e0 3 ans d\u2019accompagnement).<\/p>\n\n\n\n<p>Notre action est port\u00e9e par 3 fondamentaux :<\/p>\n\n\n\n<blockquote class=\"wp-block-quote is-layout-flow wp-block-quote-is-layout-flow\">\n<ul class=\"wp-block-list\">\n<li>L\u2019important c\u2019est la PERSONNE<\/li>\n\n\n\n<li>Le principe, c\u2019est la GRATUITE<\/li>\n\n\n\n<li>L\u2019esprit, c\u2019est la RECIPROCITE<\/li>\n<\/ul>\n<\/blockquote>\n\n\n\n<p class=\"has-re-blue-color has-text-color has-link-color has-medium-font-size wp-elements-1b3552ca3ec1a1c2f94fdee3e4b08fb0\"><strong>Nos missions ?<\/strong><\/p>\n\n\n\n<ul class=\"wp-block-list\">\n<li>Cr\u00e9er des emplois dans le d\u00e9partement en accompagnant des dirigeants d\u2019entreprises dans la r\u00e9ussite de leur activit\u00e9.<\/li>\n\n\n\n<li>F\u00e9d\u00e9rer une communaut\u00e9 engag\u00e9e et solidaire de chefs d\u2019entreprises vend\u00e9ens autour d\u2019une dynamique \u00e9conomique commune<\/li>\n<\/ul>\n\n\n\n<p class=\"has-re-blue-color has-text-color has-link-color has-medium-font-size wp-elements-9b2837f56cc0e534b52237af1c6916fb\"><strong>L&#8217;\u00e9quipe<\/strong> <strong>R\u00e9seau Entreprendre Val de Marne<\/strong><\/p>\n\n\n\n<figure class=\"wp-block-gallery has-nested-images columns-default is-cropped wp-block-gallery-1 is-layout-flex wp-block-gallery-is-layout-flex\">\n<figure class=\"wp-block-image size-large\"><img loading=\"lazy\" decoding=\"async\" width=\"1024\" height=\"427\" data-id=\"3960\" src=\"https:\/\/www.reseau-entreprendre.org\/val-de-marne\/wp-content\/uploads\/sites\/28\/2024\/05\/Sans-titre-2-1024x427.png\" alt=\"\" class=\"wp-image-3960\" srcset=\"https:\/\/www.reseau-entreprendre.org\/val-de-marne\/wp-content\/uploads\/sites\/28\/2024\/05\/Sans-titre-2-1024x427.png 1024w, https:\/\/www.reseau-entreprendre.org\/val-de-marne\/wp-content\/uploads\/sites\/28\/2024\/05\/Sans-titre-2-300x125.png 300w, https:\/\/www.reseau-entreprendre.org\/val-de-marne\/wp-content\/uploads\/sites\/28\/2024\/05\/Sans-titre-2-768x320.png 768w, https:\/\/www.reseau-entreprendre.org\/val-de-marne\/wp-content\/uploads\/sites\/28\/2024\/05\/Sans-titre-2-210x88.png 210w, https:\/\/www.reseau-entreprendre.org\/val-de-marne\/wp-content\/uploads\/sites\/28\/2024\/05\/Sans-titre-2-100x42.png 100w, https:\/\/www.reseau-entreprendre.org\/val-de-marne\/wp-content\/uploads\/sites\/28\/2024\/05\/Sans-titre-2.png 1474w\" sizes=\"auto, (max-width: 1024px) 100vw, 1024px\" \/><\/figure>\n<\/figure>\n\n\n\n<p>.<strong>Julien SPAGNOLI<\/strong> &#8211; Pr\u00e9sident.  <strong>Marie MONTILLOT<\/strong>  &#8211; Office Manager. <strong>Aniss BENALLAOUA<\/strong> &#8211; Charg\u00e9 d&#8217;accompagnement et de financement. <strong>V\u00e9ronique POITOU <\/strong>&#8211; Directrice.<\/p>\n","protected":false},"excerpt":{"rendered":"<p>R\u00e9seau Entreprendre\u00ae Val-de-Marne est une association loi 1901 d\u00e9clar\u00e9e d\u2019utilit\u00e9<\/p>\n","protected":false},"author":29,"featured_media":0,"parent":0,"menu_order":0,"comment_status":"closed","ping_status":"closed","template":"","meta":{"_acf_changed":false,"_monsterinsights_skip_tracking":false,"_monsterinsights_sitenote_active":false,"_monsterinsights_sitenote_note":"","_monsterinsights_sitenote_category":0,"footnotes":""},"class_list":["post-4397","page","type-page","status-publish","hentry"],"acf":[],"yoast_head":"<!-- This site is optimized with the Yoast SEO plugin v27.4 - https:\/\/yoast.com\/product\/yoast-seo-wordpress\/ -->\n<title>R\u00e9seau Entreprendre Val de Marne - R\u00e9seau Entreprendre Val de Marne<\/title>\n<meta name=\"robots\" content=\"index, follow, max-snippet:-1, max-image-preview:large, max-video-preview:-1\" \/>\n<link rel=\"canonical\" href=\"https:\/\/www.reseau-entreprendre.org\/val-de-marne\/reseau-entreprendre-val-de-marne\/\" \/>\n<meta property=\"og:locale\" content=\"fr_FR\" \/>\n<meta property=\"og:type\" content=\"article\" \/>\n<meta property=\"og:title\" content=\"R\u00e9seau Entreprendre Val de Marne - R\u00e9seau Entreprendre Val de Marne\" \/>\n<meta property=\"og:description\" content=\"R\u00e9seau Entreprendre\u00ae Val-de-Marne est une association loi 1901 d\u00e9clar\u00e9e d\u2019utilit\u00e9\" \/>\n<meta property=\"og:url\" content=\"https:\/\/www.reseau-entreprendre.org\/val-de-marne\/reseau-entreprendre-val-de-marne\/\" \/>\n<meta property=\"og:site_name\" content=\"R\u00e9seau Entreprendre Val de Marne\" \/>\n<meta property=\"article:modified_time\" content=\"2024-07-03T12:57:02+00:00\" \/>\n<meta property=\"og:image\" content=\"https:\/\/www.reseau-entreprendre.org\/val-de-marne\/wp-content\/uploads\/sites\/28\/2024\/05\/Sans-titre-2-1024x427.png\" \/>\n<meta name=\"twitter:card\" content=\"summary_large_image\" \/>\n<meta name=\"twitter:label1\" content=\"Dur\u00e9e de lecture estim\u00e9e\" \/>\n\t<meta name=\"twitter:data1\" content=\"1 minute\" \/>\n<script type=\"application\/ld+json\" class=\"yoast-schema-graph\">{\"@context\":\"https:\\\/\\\/schema.org\",\"@graph\":[{\"@type\":\"WebPage\",\"@id\":\"https:\\\/\\\/www.reseau-entreprendre.org\\\/val-de-marne\\\/reseau-entreprendre-val-de-marne\\\/\",\"url\":\"https:\\\/\\\/www.reseau-entreprendre.org\\\/val-de-marne\\\/reseau-entreprendre-val-de-marne\\\/\",\"name\":\"R\u00e9seau Entreprendre Val de Marne - R\u00e9seau Entreprendre Val de Marne\",\"isPartOf\":{\"@id\":\"https:\\\/\\\/www.reseau-entreprendre.org\\\/val-de-marne\\\/#website\"},\"primaryImageOfPage\":{\"@id\":\"https:\\\/\\\/www.reseau-entreprendre.org\\\/val-de-marne\\\/reseau-entreprendre-val-de-marne\\\/#primaryimage\"},\"image\":{\"@id\":\"https:\\\/\\\/www.reseau-entreprendre.org\\\/val-de-marne\\\/reseau-entreprendre-val-de-marne\\\/#primaryimage\"},\"thumbnailUrl\":\"https:\\\/\\\/www.reseau-entreprendre.org\\\/val-de-marne\\\/wp-content\\\/uploads\\\/sites\\\/28\\\/2024\\\/05\\\/Sans-titre-2-1024x427.png\",\"datePublished\":\"2024-07-03T11:37:03+00:00\",\"dateModified\":\"2024-07-03T12:57:02+00:00\",\"breadcrumb\":{\"@id\":\"https:\\\/\\\/www.reseau-entreprendre.org\\\/val-de-marne\\\/reseau-entreprendre-val-de-marne\\\/#breadcrumb\"},\"inLanguage\":\"fr-FR\",\"potentialAction\":[{\"@type\":\"ReadAction\",\"target\":[\"https:\\\/\\\/www.reseau-entreprendre.org\\\/val-de-marne\\\/reseau-entreprendre-val-de-marne\\\/\"]}]},{\"@type\":\"ImageObject\",\"inLanguage\":\"fr-FR\",\"@id\":\"https:\\\/\\\/www.reseau-entreprendre.org\\\/val-de-marne\\\/reseau-entreprendre-val-de-marne\\\/#primaryimage\",\"url\":\"https:\\\/\\\/www.reseau-entreprendre.org\\\/val-de-marne\\\/wp-content\\\/uploads\\\/sites\\\/28\\\/2024\\\/05\\\/Sans-titre-2.png\",\"contentUrl\":\"https:\\\/\\\/www.reseau-entreprendre.org\\\/val-de-marne\\\/wp-content\\\/uploads\\\/sites\\\/28\\\/2024\\\/05\\\/Sans-titre-2.png\",\"width\":1474,\"height\":615},{\"@type\":\"BreadcrumbList\",\"@id\":\"https:\\\/\\\/www.reseau-entreprendre.org\\\/val-de-marne\\\/reseau-entreprendre-val-de-marne\\\/#breadcrumb\",\"itemListElement\":[{\"@type\":\"ListItem\",\"position\":1,\"name\":\"Accueil\",\"item\":\"https:\\\/\\\/www.reseau-entreprendre.org\\\/val-de-marne\\\/\"},{\"@type\":\"ListItem\",\"position\":2,\"name\":\"R\u00e9seau Entreprendre Val de Marne\"}]},{\"@type\":\"WebSite\",\"@id\":\"https:\\\/\\\/www.reseau-entreprendre.org\\\/val-de-marne\\\/#website\",\"url\":\"https:\\\/\\\/www.reseau-entreprendre.org\\\/val-de-marne\\\/\",\"name\":\"R\u00e9seau Entreprendre Val de Marne\",\"description\":\"\",\"potentialAction\":[{\"@type\":\"SearchAction\",\"target\":{\"@type\":\"EntryPoint\",\"urlTemplate\":\"https:\\\/\\\/www.reseau-entreprendre.org\\\/val-de-marne\\\/?s={search_term_string}\"},\"query-input\":{\"@type\":\"PropertyValueSpecification\",\"valueRequired\":true,\"valueName\":\"search_term_string\"}}],\"inLanguage\":\"fr-FR\"}]}<\/script>\n<!-- \/ Yoast SEO plugin. -->","yoast_head_json":{"title":"R\u00e9seau Entreprendre Val de Marne - R\u00e9seau Entreprendre Val de Marne","robots":{"index":"index","follow":"follow","max-snippet":"max-snippet:-1","max-image-preview":"max-image-preview:large","max-video-preview":"max-video-preview:-1"},"canonical":"https:\/\/www.reseau-entreprendre.org\/val-de-marne\/reseau-entreprendre-val-de-marne\/","og_locale":"fr_FR","og_type":"article","og_title":"R\u00e9seau Entreprendre Val de Marne - R\u00e9seau Entreprendre Val de Marne","og_description":"R\u00e9seau Entreprendre\u00ae Val-de-Marne est une association loi 1901 d\u00e9clar\u00e9e d\u2019utilit\u00e9","og_url":"https:\/\/www.reseau-entreprendre.org\/val-de-marne\/reseau-entreprendre-val-de-marne\/","og_site_name":"R\u00e9seau Entreprendre Val de Marne","article_modified_time":"2024-07-03T12:57:02+00:00","og_image":[{"url":"https:\/\/www.reseau-entreprendre.org\/val-de-marne\/wp-content\/uploads\/sites\/28\/2024\/05\/Sans-titre-2-1024x427.png","type":"","width":"","height":""}],"twitter_card":"summary_large_image","twitter_misc":{"Dur\u00e9e de lecture estim\u00e9e":"1 minute"},"schema":{"@context":"https:\/\/schema.org","@graph":[{"@type":"WebPage","@id":"https:\/\/www.reseau-entreprendre.org\/val-de-marne\/reseau-entreprendre-val-de-marne\/","url":"https:\/\/www.reseau-entreprendre.org\/val-de-marne\/reseau-entreprendre-val-de-marne\/","name":"R\u00e9seau Entreprendre Val de Marne - R\u00e9seau Entreprendre Val de Marne","isPartOf":{"@id":"https:\/\/www.reseau-entreprendre.org\/val-de-marne\/#website"},"primaryImageOfPage":{"@id":"https:\/\/www.reseau-entreprendre.org\/val-de-marne\/reseau-entreprendre-val-de-marne\/#primaryimage"},"image":{"@id":"https:\/\/www.reseau-entreprendre.org\/val-de-marne\/reseau-entreprendre-val-de-marne\/#primaryimage"},"thumbnailUrl":"https:\/\/www.reseau-entreprendre.org\/val-de-marne\/wp-content\/uploads\/sites\/28\/2024\/05\/Sans-titre-2-1024x427.png","datePublished":"2024-07-03T11:37:03+00:00","dateModified":"2024-07-03T12:57:02+00:00","breadcrumb":{"@id":"https:\/\/www.reseau-entreprendre.org\/val-de-marne\/reseau-entreprendre-val-de-marne\/#breadcrumb"},"inLanguage":"fr-FR","potentialAction":[{"@type":"ReadAction","target":["https:\/\/www.reseau-entreprendre.org\/val-de-marne\/reseau-entreprendre-val-de-marne\/"]}]},{"@type":"ImageObject","inLanguage":"fr-FR","@id":"https:\/\/www.reseau-entreprendre.org\/val-de-marne\/reseau-entreprendre-val-de-marne\/#primaryimage","url":"https:\/\/www.reseau-entreprendre.org\/val-de-marne\/wp-content\/uploads\/sites\/28\/2024\/05\/Sans-titre-2.png","contentUrl":"https:\/\/www.reseau-entreprendre.org\/val-de-marne\/wp-content\/uploads\/sites\/28\/2024\/05\/Sans-titre-2.png","width":1474,"height":615},{"@type":"BreadcrumbList","@id":"https:\/\/www.reseau-entreprendre.org\/val-de-marne\/reseau-entreprendre-val-de-marne\/#breadcrumb","itemListElement":[{"@type":"ListItem","position":1,"name":"Accueil","item":"https:\/\/www.reseau-entreprendre.org\/val-de-marne\/"},{"@type":"ListItem","position":2,"name":"R\u00e9seau Entreprendre Val de Marne"}]},{"@type":"WebSite","@id":"https:\/\/www.reseau-entreprendre.org\/val-de-marne\/#website","url":"https:\/\/www.reseau-entreprendre.org\/val-de-marne\/","name":"R\u00e9seau Entreprendre Val de Marne","description":"","potentialAction":[{"@type":"SearchAction","target":{"@type":"EntryPoint","urlTemplate":"https:\/\/www.reseau-entreprendre.org\/val-de-marne\/?s={search_term_string}"},"query-input":{"@type":"PropertyValueSpecification","valueRequired":true,"valueName":"search_term_string"}}],"inLanguage":"fr-FR"}]}},"_links":{"self":[{"href":"https:\/\/www.reseau-entreprendre.org\/val-de-marne\/wp-json\/wp\/v2\/pages\/4397","targetHints":{"allow":["GET"]}}],"collection":[{"href":"https:\/\/www.reseau-entreprendre.org\/val-de-marne\/wp-json\/wp\/v2\/pages"}],"about":[{"href":"https:\/\/www.reseau-entreprendre.org\/val-de-marne\/wp-json\/wp\/v2\/types\/page"}],"author":[{"embeddable":true,"href":"https:\/\/www.reseau-entreprendre.org\/val-de-marne\/wp-json\/wp\/v2\/users\/29"}],"replies":[{"embeddable":true,"href":"https:\/\/www.reseau-entreprendre.org\/val-de-marne\/wp-json\/wp\/v2\/comments?post=4397"}],"version-history":[{"count":0,"href":"https:\/\/www.reseau-entreprendre.org\/val-de-marne\/wp-json\/wp\/v2\/pages\/4397\/revisions"}],"wp:attachment":[{"href":"https:\/\/www.reseau-entreprendre.org\/val-de-marne\/wp-json\/wp\/v2\/media?parent=4397"}],"curies":[{"name":"wp","href":"https:\/\/api.w.org\/{rel}","templated":true}]}}