{"id":714,"date":"2017-08-30T12:32:21","date_gmt":"2017-08-30T10:32:21","guid":{"rendered":"http:\/\/re-preprod-entreprendre.fr\/val-de-marne\/?page_id=714"},"modified":"2024-05-27T13:05:19","modified_gmt":"2024-05-27T11:05:19","slug":"bulletin-dadhesion","status":"publish","type":"page","link":"https:\/\/www.reseau-entreprendre.org\/val-de-marne\/bulletin-dadhesion\/","title":{"rendered":"Devenir m\u00e9c\u00e8ne"},"content":{"rendered":"\n<h2 class=\"wp-block-heading\">Vous \u00eates une entreprise ou une institution : soutenez notre action et devenez m\u00e9c\u00e8ne !<\/h2>\n\n\n\n<p>Rejoignez R\u00e9seau Entreprendre Val de Marne, un r\u00e9seau de chefs d&#8217;entreprises engag\u00e9s, soutenez la cr\u00e9ation d&#8217;emplois durables dans les territoires, faites vivre les valeurs entrepreneuriales \u00e0 vos \u00e9quipes et valorisez vos actions en faveur du d\u00e9veloppement \u00e9conomique local.<\/p>\n\n\n\n<div style=\"height:40px\" aria-hidden=\"true\" class=\"wp-block-spacer\"><\/div>\n\n\n\n<h3 class=\"has-re-blue-color has-text-color wp-block-heading\">R\u00e9seau Entreprendre, un r\u00e9seau national et international d&#8217;entraide entrepreneuriale<\/h3>\n\n\n\n<p>Etre m\u00e9c\u00e8ne de R\u00e9seau Entreprendre, c&#8217;est&nbsp;:<\/p>\n\n\n\n<ul class=\"wp-block-list\"><li>Participer \u00e0 un<strong>&nbsp;r\u00e9seau dynamique de plus de 10.000 chefs d&#8217;entreprise<\/strong>s engag\u00e9s citoyens.<\/li><li>Soutenir la&nbsp;<strong>cr\u00e9ation d&#8217;emplois durables<\/strong>&nbsp;dans les territoires.<\/li><li>Faire vivre les<strong>&nbsp;valeurs entrepreneuriales<\/strong>&nbsp;\u00e0 vos \u00e9quipes.<\/li><li>Valoriser vos&nbsp;<strong>actions en faveur du d\u00e9veloppement \u00e9conomique local<\/strong>.<\/li><li>C&#8217;est aussi une multitude d&#8217;actions que nous pouvons d\u00e9finir avec vous en fonction de vos attentes.<\/li><\/ul>\n\n\n\n<h4 class=\"wp-block-heading\">Vous souhaitez soutenir notre action et devenir m\u00e9c\u00e8ne ?<\/h4>\n\n\n\n<div class=\"wp-block-buttons is-layout-flex wp-block-buttons-is-layout-flex\">\n<div class=\"wp-block-button is-style-outline is-style-outline--1\"><a class=\"wp-block-button__link has-re-red-color has-text-color\">Contactez-nous<\/a><\/div>\n<\/div>\n\n\n\n<div style=\"height:40px\" aria-hidden=\"true\" class=\"wp-block-spacer\"><\/div>\n\n\n\n<h3 class=\"has-re-blue-color has-text-color wp-block-heading\">Notre force, c&#8217;est l&#8217;accompagnement des nouveaux entrepreneurs<\/h3>\n\n\n\n<ul class=\"wp-block-list\"><li>La mission de R\u00e9seau Entreprendre est de&nbsp;<strong>contribuer \u00e0 la r\u00e9ussite de nouveaux entrepreneurs significativement cr\u00e9ateurs d&#8217;emplois et de richesses<\/strong>.<\/li><li>Le c\u0153ur de m\u00e9tier de R\u00e9seau Entreprendre, c&#8217;est l&#8217;<strong>accompagnement par des chefs d&#8217;entreprise<\/strong>. L&#8217;engagement des ces chefs d&#8217;entreprise au sein de R\u00e9seau Entreprendre est aliment\u00e9 par leur passion de l&#8217;entrepreneuriat et leur envie de la transmettre \u00e0 de nouveaux entrepreneurs dans un esprit de citoyennet\u00e9 \u00e9conomique. C&#8217;est aussi un&nbsp;<strong>financement sous forme de pr\u00eats d&#8217;honneur<\/strong>, particuli\u00e8rement int\u00e9ressants pour leur effet de levier sur les autres financements, notamment bancaires.<\/li><\/ul>\n\n\n\n<div style=\"height:40px\" aria-hidden=\"true\" class=\"wp-block-spacer\"><\/div>\n\n\n\n<h3 class=\"has-re-blue-color has-text-color wp-block-heading\">Les chefs d&#8217;entreprise de R\u00e9seau Entreprendre accompagnent les cr\u00e9ateurs et repreneurs d&#8217;entreprises \u00e0 potentiel<\/h3>\n\n\n\n<p>L&#8217;accompagnement de R\u00e9seau Entreprendre s&#8217;adresse aux&nbsp;<strong>cr\u00e9ateurs et repreneurs<\/strong>&nbsp;qui, par l&#8217;ambition qu&#8217;ils portent, leur potentiel entrepreneurial, leur m\u00e9tier et le march\u00e9 auquel ils s&#8217;adressent, sont&nbsp;<strong>susceptibles de faire de leur entreprise, une PME apte \u00e0 se d\u00e9velopper<\/strong>.<\/p>\n\n\n\n<div style=\"height:40px\" aria-hidden=\"true\" class=\"wp-block-spacer\"><\/div>\n\n\n\n<div class=\"wp-block-group\"><div class=\"wp-block-group__inner-container is-layout-flow wp-block-group-is-layout-flow\">\n<h2 class=\"has-text-align-center wp-block-heading\">Ils nous soutiennent<\/h2>\n\n\n\n<div style=\"height:40px\" aria-hidden=\"true\" class=\"wp-block-spacer\"><\/div>\n\n\n<div data-block_612f778378a6f class=\"re-partners-home align\">\n  \n  <\/div>\n<\/div><\/div>\n","protected":false},"excerpt":{"rendered":"<p>Vous \u00eates une entreprise ou une institution : soutenez notre<\/p>\n","protected":false},"author":29,"featured_media":0,"parent":0,"menu_order":0,"comment_status":"closed","ping_status":"closed","template":"","meta":{"_acf_changed":false,"_monsterinsights_skip_tracking":false,"_monsterinsights_sitenote_active":false,"_monsterinsights_sitenote_note":"","_monsterinsights_sitenote_category":0,"footnotes":""},"class_list":["post-714","page","type-page","status-publish","hentry"],"acf":[],"yoast_head":"<!-- This site is optimized with the Yoast SEO plugin v27.5 - https:\/\/yoast.com\/product\/yoast-seo-wordpress\/ -->\n<title>Devenir m\u00e9c\u00e8ne - R\u00e9seau Entreprendre Val de Marne<\/title>\n<meta name=\"robots\" content=\"index, follow, max-snippet:-1, max-image-preview:large, max-video-preview:-1\" \/>\n<link rel=\"canonical\" href=\"https:\/\/www.reseau-entreprendre.org\/val-de-marne\/bulletin-dadhesion\/\" \/>\n<meta property=\"og:locale\" content=\"fr_FR\" \/>\n<meta property=\"og:type\" content=\"article\" \/>\n<meta property=\"og:title\" content=\"Devenir m\u00e9c\u00e8ne - R\u00e9seau Entreprendre Val de Marne\" \/>\n<meta property=\"og:description\" content=\"Vous \u00eates une entreprise ou une institution : soutenez notre\" \/>\n<meta property=\"og:url\" content=\"https:\/\/www.reseau-entreprendre.org\/val-de-marne\/bulletin-dadhesion\/\" \/>\n<meta property=\"og:site_name\" content=\"R\u00e9seau Entreprendre Val de Marne\" \/>\n<meta property=\"article:modified_time\" content=\"2024-05-27T11:05:19+00:00\" \/>\n<meta name=\"twitter:card\" content=\"summary_large_image\" \/>\n<meta name=\"twitter:label1\" content=\"Dur\u00e9e de lecture estim\u00e9e\" \/>\n\t<meta name=\"twitter:data1\" content=\"2 minutes\" \/>\n<script type=\"application\/ld+json\" class=\"yoast-schema-graph\">{\"@context\":\"https:\\\/\\\/schema.org\",\"@graph\":[{\"@type\":\"WebPage\",\"@id\":\"https:\\\/\\\/www.reseau-entreprendre.org\\\/val-de-marne\\\/bulletin-dadhesion\\\/\",\"url\":\"https:\\\/\\\/www.reseau-entreprendre.org\\\/val-de-marne\\\/bulletin-dadhesion\\\/\",\"name\":\"Devenir m\u00e9c\u00e8ne - R\u00e9seau Entreprendre Val de Marne\",\"isPartOf\":{\"@id\":\"https:\\\/\\\/www.reseau-entreprendre.org\\\/val-de-marne\\\/#website\"},\"datePublished\":\"2017-08-30T10:32:21+00:00\",\"dateModified\":\"2024-05-27T11:05:19+00:00\",\"breadcrumb\":{\"@id\":\"https:\\\/\\\/www.reseau-entreprendre.org\\\/val-de-marne\\\/bulletin-dadhesion\\\/#breadcrumb\"},\"inLanguage\":\"fr-FR\",\"potentialAction\":[{\"@type\":\"ReadAction\",\"target\":[\"https:\\\/\\\/www.reseau-entreprendre.org\\\/val-de-marne\\\/bulletin-dadhesion\\\/\"]}]},{\"@type\":\"BreadcrumbList\",\"@id\":\"https:\\\/\\\/www.reseau-entreprendre.org\\\/val-de-marne\\\/bulletin-dadhesion\\\/#breadcrumb\",\"itemListElement\":[{\"@type\":\"ListItem\",\"position\":1,\"name\":\"Accueil\",\"item\":\"https:\\\/\\\/www.reseau-entreprendre.org\\\/val-de-marne\\\/\"},{\"@type\":\"ListItem\",\"position\":2,\"name\":\"Devenir m\u00e9c\u00e8ne\"}]},{\"@type\":\"WebSite\",\"@id\":\"https:\\\/\\\/www.reseau-entreprendre.org\\\/val-de-marne\\\/#website\",\"url\":\"https:\\\/\\\/www.reseau-entreprendre.org\\\/val-de-marne\\\/\",\"name\":\"R\u00e9seau Entreprendre Val de Marne\",\"description\":\"\",\"potentialAction\":[{\"@type\":\"SearchAction\",\"target\":{\"@type\":\"EntryPoint\",\"urlTemplate\":\"https:\\\/\\\/www.reseau-entreprendre.org\\\/val-de-marne\\\/?s={search_term_string}\"},\"query-input\":{\"@type\":\"PropertyValueSpecification\",\"valueRequired\":true,\"valueName\":\"search_term_string\"}}],\"inLanguage\":\"fr-FR\"}]}<\/script>\n<!-- \/ Yoast SEO plugin. -->","yoast_head_json":{"title":"Devenir m\u00e9c\u00e8ne - R\u00e9seau Entreprendre Val de Marne","robots":{"index":"index","follow":"follow","max-snippet":"max-snippet:-1","max-image-preview":"max-image-preview:large","max-video-preview":"max-video-preview:-1"},"canonical":"https:\/\/www.reseau-entreprendre.org\/val-de-marne\/bulletin-dadhesion\/","og_locale":"fr_FR","og_type":"article","og_title":"Devenir m\u00e9c\u00e8ne - R\u00e9seau Entreprendre Val de Marne","og_description":"Vous \u00eates une entreprise ou une institution : soutenez notre","og_url":"https:\/\/www.reseau-entreprendre.org\/val-de-marne\/bulletin-dadhesion\/","og_site_name":"R\u00e9seau Entreprendre Val de Marne","article_modified_time":"2024-05-27T11:05:19+00:00","twitter_card":"summary_large_image","twitter_misc":{"Dur\u00e9e de lecture estim\u00e9e":"2 minutes"},"schema":{"@context":"https:\/\/schema.org","@graph":[{"@type":"WebPage","@id":"https:\/\/www.reseau-entreprendre.org\/val-de-marne\/bulletin-dadhesion\/","url":"https:\/\/www.reseau-entreprendre.org\/val-de-marne\/bulletin-dadhesion\/","name":"Devenir m\u00e9c\u00e8ne - R\u00e9seau Entreprendre Val de Marne","isPartOf":{"@id":"https:\/\/www.reseau-entreprendre.org\/val-de-marne\/#website"},"datePublished":"2017-08-30T10:32:21+00:00","dateModified":"2024-05-27T11:05:19+00:00","breadcrumb":{"@id":"https:\/\/www.reseau-entreprendre.org\/val-de-marne\/bulletin-dadhesion\/#breadcrumb"},"inLanguage":"fr-FR","potentialAction":[{"@type":"ReadAction","target":["https:\/\/www.reseau-entreprendre.org\/val-de-marne\/bulletin-dadhesion\/"]}]},{"@type":"BreadcrumbList","@id":"https:\/\/www.reseau-entreprendre.org\/val-de-marne\/bulletin-dadhesion\/#breadcrumb","itemListElement":[{"@type":"ListItem","position":1,"name":"Accueil","item":"https:\/\/www.reseau-entreprendre.org\/val-de-marne\/"},{"@type":"ListItem","position":2,"name":"Devenir m\u00e9c\u00e8ne"}]},{"@type":"WebSite","@id":"https:\/\/www.reseau-entreprendre.org\/val-de-marne\/#website","url":"https:\/\/www.reseau-entreprendre.org\/val-de-marne\/","name":"R\u00e9seau Entreprendre Val de Marne","description":"","potentialAction":[{"@type":"SearchAction","target":{"@type":"EntryPoint","urlTemplate":"https:\/\/www.reseau-entreprendre.org\/val-de-marne\/?s={search_term_string}"},"query-input":{"@type":"PropertyValueSpecification","valueRequired":true,"valueName":"search_term_string"}}],"inLanguage":"fr-FR"}]}},"_links":{"self":[{"href":"https:\/\/www.reseau-entreprendre.org\/val-de-marne\/wp-json\/wp\/v2\/pages\/714","targetHints":{"allow":["GET"]}}],"collection":[{"href":"https:\/\/www.reseau-entreprendre.org\/val-de-marne\/wp-json\/wp\/v2\/pages"}],"about":[{"href":"https:\/\/www.reseau-entreprendre.org\/val-de-marne\/wp-json\/wp\/v2\/types\/page"}],"author":[{"embeddable":true,"href":"https:\/\/www.reseau-entreprendre.org\/val-de-marne\/wp-json\/wp\/v2\/users\/29"}],"replies":[{"embeddable":true,"href":"https:\/\/www.reseau-entreprendre.org\/val-de-marne\/wp-json\/wp\/v2\/comments?post=714"}],"version-history":[{"count":0,"href":"https:\/\/www.reseau-entreprendre.org\/val-de-marne\/wp-json\/wp\/v2\/pages\/714\/revisions"}],"wp:attachment":[{"href":"https:\/\/www.reseau-entreprendre.org\/val-de-marne\/wp-json\/wp\/v2\/media?parent=714"}],"curies":[{"name":"wp","href":"https:\/\/api.w.org\/{rel}","templated":true}]}}