{"id":2138,"date":"2024-01-05T09:44:56","date_gmt":"2024-01-05T08:44:56","guid":{"rendered":"https:\/\/www.reseau-entreprendre.org\/var\/?page_id=2138"},"modified":"2024-01-05T11:09:42","modified_gmt":"2024-01-05T10:09:42","slug":"start","status":"publish","type":"page","link":"https:\/\/www.reseau-entreprendre.org\/var\/start\/","title":{"rendered":"START"},"content":{"rendered":"\n<h3 class=\"wp-block-heading\">Vous souhaitez vous renforcer et r\u00e9ussir votre d\u00e9marrage d\u2019activit\u00e9 :<\/h3>\n\n\n\n<ul class=\"wp-block-list\">\n<li>Vous avez une preuve de concept ? un produit ou un service ? un business plan et un pr\u00e9visionnel financier d\u00e9j\u00e0 \u00e9labor\u00e9s ?<\/li>\n<\/ul>\n\n\n\n<ul class=\"wp-block-list\">\n<li>Votre entreprise a moins de 3 ans ?<\/li>\n<\/ul>\n\n\n\n<ul class=\"wp-block-list\">\n<li>Vous pr\u00e9voyez la cr\u00e9ation 5 emplois ? Dans le cas d\u2019une reprise, la cible doit compter au minimum 5 emplois.<\/li>\n<\/ul>\n\n\n\n<ul class=\"wp-block-list\">\n<li>Vous \u00eates majoritaire au capital de l\u2019entreprise et non franchis\u00e9 et vous \u00eates impliqu\u00e9s \u00e0 100% dans votre projet entrepreneurial ?<\/li>\n<\/ul>\n\n\n\n<div class=\"wp-block-group has-background\" style=\"background-color:#f2faff\"><div class=\"wp-block-group__inner-container is-layout-constrained wp-block-group-is-layout-constrained\">\n<div style=\"height:51px\" aria-hidden=\"true\" class=\"wp-block-spacer\"><\/div>\n\n\n\n<h3 class=\"wp-block-heading has-text-align-center has-re-blue-color has-text-color has-link-color wp-elements-d6bafdbf9d0d75af439ab71c0552b5ae\"><strong>Notre accompagnement<\/strong><\/h3>\n\n\n\n<div style=\"height:51px\" aria-hidden=\"true\" class=\"wp-block-spacer\"><\/div>\n\n\n\n<div class=\"wp-block-group is-vertical is-content-justification-center is-layout-flex wp-container-core-group-is-layout-4b2eccd6 wp-block-group-is-layout-flex\">\n<figure class=\"wp-block-image size-full is-resized\"><img loading=\"lazy\" decoding=\"async\" width=\"117\" height=\"90\" src=\"https:\/\/www.reseau-entreprendre.org\/var\/wp-content\/uploads\/sites\/49\/2024\/01\/couple-1.png\" alt=\"\" class=\"wp-image-2163\" style=\"width:81px;height:auto\" \/><\/figure>\n\n\n\n<h5 class=\"wp-block-heading\"><strong>Mentorat individuel<\/strong><\/h5>\n\n\n\n<ul class=\"wp-block-list\">\n<li>Par un chef d\u2019entreprise (profil senior), \u00e9changez de pair \u00e0 pair chaque mois pendant 3 ann\u00e9es<\/li>\n<\/ul>\n<\/div>\n\n\n\n<div style=\"height:51px\" aria-hidden=\"true\" class=\"wp-block-spacer\"><\/div>\n\n\n\n<div class=\"wp-block-group is-vertical is-content-justification-center is-layout-flex wp-container-core-group-is-layout-4b2eccd6 wp-block-group-is-layout-flex\">\n<figure class=\"wp-block-image size-full is-resized\"><img loading=\"lazy\" decoding=\"async\" width=\"100\" height=\"101\" src=\"https:\/\/www.reseau-entreprendre.org\/var\/wp-content\/uploads\/sites\/49\/2024\/01\/tirelire-rouge.png\" alt=\"\" class=\"wp-image-2167\" style=\"width:81px;height:auto\" \/><\/figure>\n\n\n\n<h5 class=\"wp-block-heading\"><strong><strong>Financier<\/strong><\/strong><\/h5>\n\n\n\n<ul class=\"wp-block-list\">\n<li>Par l\u2019octroi d\u2019un pr\u00eat d\u2019honneur jusqu\u2019\u00e0 30k\u20ac ou jusqu\u2019\u00e0 60k\u20ac pour les projets b\u00e9n\u00e9ficiant du dipositif Start\u2019Up &amp; Go, \u00e0 taux 0%, sans int\u00e9r\u00eat, ni caution personnelle<\/li>\n<\/ul>\n<\/div>\n\n\n\n<div style=\"height:51px\" aria-hidden=\"true\" class=\"wp-block-spacer\"><\/div>\n\n\n\n<div class=\"wp-block-group is-vertical is-content-justification-center is-layout-flex wp-container-core-group-is-layout-4b2eccd6 wp-block-group-is-layout-flex\">\n<figure class=\"wp-block-image size-full is-resized\"><img loading=\"lazy\" decoding=\"async\" width=\"84\" height=\"70\" src=\"https:\/\/www.reseau-entreprendre.org\/var\/wp-content\/uploads\/sites\/49\/2024\/01\/pouce.png\" alt=\"\" class=\"wp-image-2165\" style=\"width:81px;height:auto\" \/><\/figure>\n\n\n\n<h5 class=\"wp-block-heading\"><strong><strong>\u00c9voluer collectivement<\/strong><\/strong><\/h5>\n\n\n\n<ul class=\"wp-block-list\">\n<li>En vous int\u00e9grant \u00e0 un club de laur\u00e9at vivant les m\u00eames phases de d\u00e9veloppement que vous.<\/li>\n<\/ul>\n\n\n\n<ul class=\"wp-block-list\">\n<li>En participant \u00e0 nos 6 conf\u00e9rences th\u00e9matiques annuelles sur des sujets essentiels \u00e0 votre d\u00e9veloppement<\/li>\n<\/ul>\n<\/div>\n\n\n\n<div style=\"height:51px\" aria-hidden=\"true\" class=\"wp-block-spacer\"><\/div>\n\n\n\n<div class=\"wp-block-group is-vertical is-content-justification-center is-layout-flex wp-container-core-group-is-layout-4b2eccd6 wp-block-group-is-layout-flex\">\n<figure class=\"wp-block-image size-full is-resized\"><img loading=\"lazy\" decoding=\"async\" width=\"114\" height=\"72\" src=\"https:\/\/www.reseau-entreprendre.org\/var\/wp-content\/uploads\/sites\/49\/2024\/01\/temoignages.png\" alt=\"\" class=\"wp-image-2170\" style=\"width:81px;height:auto\" \/><\/figure>\n\n\n\n<h5 class=\"wp-block-heading has-text-align-center\"><strong><strong>Connecter<\/strong><\/strong><\/h5>\n\n\n\n<ul class=\"wp-block-list\">\n<li>Vous donner acc\u00e8s \u00e0 un r\u00e9seau de 14 000 chefs d\u2019entreprise<\/li>\n<\/ul>\n\n\n\n<ul class=\"wp-block-list\">\n<li>Convivialit\u00e9 et \u00e9changes lors de nos \u00e9v\u00e9nements annuels<\/li>\n<\/ul>\n<\/div>\n\n\n\n<div style=\"height:51px\" aria-hidden=\"true\" class=\"wp-block-spacer\"><\/div>\n\n\n\n<div class=\"wp-block-buttons is-content-justification-center is-layout-flex wp-container-core-buttons-is-layout-16018d1d wp-block-buttons-is-layout-flex\">\n<div class=\"wp-block-button\"><a class=\"wp-block-button__link has-white-color has-re-blue-background-color has-text-color has-background has-link-color wp-element-button\" href=\"https:\/\/www.reseau-entreprendre.org\/var\/deposer-une-demande\/\" target=\"_blank\" rel=\"noreferrer noopener\">Je candidate<\/a><\/div>\n<\/div>\n\n\n\n<div style=\"height:37px\" aria-hidden=\"true\" class=\"wp-block-spacer\"><\/div>\n<\/div><\/div>\n","protected":false},"excerpt":{"rendered":"<p>Vous souhaitez vous renforcer et r\u00e9ussir votre d\u00e9marrage d\u2019activit\u00e9 :<\/p>\n","protected":false},"author":201,"featured_media":0,"parent":0,"menu_order":0,"comment_status":"closed","ping_status":"closed","template":"","meta":{"_acf_changed":false,"_monsterinsights_skip_tracking":false,"_monsterinsights_sitenote_active":false,"_monsterinsights_sitenote_note":"","_monsterinsights_sitenote_category":0,"footnotes":""},"class_list":["post-2138","page","type-page","status-publish","hentry"],"acf":[],"yoast_head":"<!-- This site is optimized with the Yoast SEO plugin v27.4 - https:\/\/yoast.com\/product\/yoast-seo-wordpress\/ -->\n<title>START - R\u00e9seau Entreprendre Var<\/title>\n<meta name=\"robots\" content=\"index, follow, max-snippet:-1, max-image-preview:large, max-video-preview:-1\" \/>\n<link rel=\"canonical\" href=\"https:\/\/www.reseau-entreprendre.org\/var\/start\/\" \/>\n<meta property=\"og:locale\" content=\"fr_FR\" \/>\n<meta property=\"og:type\" content=\"article\" \/>\n<meta property=\"og:title\" content=\"START - R\u00e9seau Entreprendre Var\" \/>\n<meta property=\"og:description\" content=\"Vous souhaitez vous renforcer et r\u00e9ussir votre d\u00e9marrage d\u2019activit\u00e9 :\" \/>\n<meta property=\"og:url\" content=\"https:\/\/www.reseau-entreprendre.org\/var\/start\/\" \/>\n<meta property=\"og:site_name\" content=\"R\u00e9seau Entreprendre Var\" \/>\n<meta property=\"article:modified_time\" content=\"2024-01-05T10:09:42+00:00\" \/>\n<meta property=\"og:image\" content=\"https:\/\/www.reseau-entreprendre.org\/var\/wp-content\/uploads\/sites\/49\/2024\/01\/couple-1.png\" \/>\n<meta name=\"twitter:card\" content=\"summary_large_image\" \/>\n<meta name=\"twitter:label1\" content=\"Dur\u00e9e de lecture estim\u00e9e\" \/>\n\t<meta name=\"twitter:data1\" content=\"2 minutes\" \/>\n<script type=\"application\/ld+json\" class=\"yoast-schema-graph\">{\"@context\":\"https:\\\/\\\/schema.org\",\"@graph\":[{\"@type\":\"WebPage\",\"@id\":\"https:\\\/\\\/www.reseau-entreprendre.org\\\/var\\\/start\\\/\",\"url\":\"https:\\\/\\\/www.reseau-entreprendre.org\\\/var\\\/start\\\/\",\"name\":\"START - R\u00e9seau Entreprendre Var\",\"isPartOf\":{\"@id\":\"https:\\\/\\\/www.reseau-entreprendre.org\\\/var\\\/#website\"},\"primaryImageOfPage\":{\"@id\":\"https:\\\/\\\/www.reseau-entreprendre.org\\\/var\\\/start\\\/#primaryimage\"},\"image\":{\"@id\":\"https:\\\/\\\/www.reseau-entreprendre.org\\\/var\\\/start\\\/#primaryimage\"},\"thumbnailUrl\":\"https:\\\/\\\/www.reseau-entreprendre.org\\\/var\\\/wp-content\\\/uploads\\\/sites\\\/49\\\/2024\\\/01\\\/couple-1.png\",\"datePublished\":\"2024-01-05T08:44:56+00:00\",\"dateModified\":\"2024-01-05T10:09:42+00:00\",\"breadcrumb\":{\"@id\":\"https:\\\/\\\/www.reseau-entreprendre.org\\\/var\\\/start\\\/#breadcrumb\"},\"inLanguage\":\"fr-FR\",\"potentialAction\":[{\"@type\":\"ReadAction\",\"target\":[\"https:\\\/\\\/www.reseau-entreprendre.org\\\/var\\\/start\\\/\"]}]},{\"@type\":\"ImageObject\",\"inLanguage\":\"fr-FR\",\"@id\":\"https:\\\/\\\/www.reseau-entreprendre.org\\\/var\\\/start\\\/#primaryimage\",\"url\":\"https:\\\/\\\/www.reseau-entreprendre.org\\\/var\\\/wp-content\\\/uploads\\\/sites\\\/49\\\/2024\\\/01\\\/couple-1.png\",\"contentUrl\":\"https:\\\/\\\/www.reseau-entreprendre.org\\\/var\\\/wp-content\\\/uploads\\\/sites\\\/49\\\/2024\\\/01\\\/couple-1.png\",\"width\":117,\"height\":90},{\"@type\":\"BreadcrumbList\",\"@id\":\"https:\\\/\\\/www.reseau-entreprendre.org\\\/var\\\/start\\\/#breadcrumb\",\"itemListElement\":[{\"@type\":\"ListItem\",\"position\":1,\"name\":\"Accueil\",\"item\":\"https:\\\/\\\/www.reseau-entreprendre.org\\\/var\\\/\"},{\"@type\":\"ListItem\",\"position\":2,\"name\":\"START\"}]},{\"@type\":\"WebSite\",\"@id\":\"https:\\\/\\\/www.reseau-entreprendre.org\\\/var\\\/#website\",\"url\":\"https:\\\/\\\/www.reseau-entreprendre.org\\\/var\\\/\",\"name\":\"R\u00e9seau Entreprendre Var\",\"description\":\"Aucun entrepreneur ne doit rester seul \",\"potentialAction\":[{\"@type\":\"SearchAction\",\"target\":{\"@type\":\"EntryPoint\",\"urlTemplate\":\"https:\\\/\\\/www.reseau-entreprendre.org\\\/var\\\/?s={search_term_string}\"},\"query-input\":{\"@type\":\"PropertyValueSpecification\",\"valueRequired\":true,\"valueName\":\"search_term_string\"}}],\"inLanguage\":\"fr-FR\"}]}<\/script>\n<!-- \/ Yoast SEO plugin. -->","yoast_head_json":{"title":"START - R\u00e9seau Entreprendre Var","robots":{"index":"index","follow":"follow","max-snippet":"max-snippet:-1","max-image-preview":"max-image-preview:large","max-video-preview":"max-video-preview:-1"},"canonical":"https:\/\/www.reseau-entreprendre.org\/var\/start\/","og_locale":"fr_FR","og_type":"article","og_title":"START - R\u00e9seau Entreprendre Var","og_description":"Vous souhaitez vous renforcer et r\u00e9ussir votre d\u00e9marrage d\u2019activit\u00e9 :","og_url":"https:\/\/www.reseau-entreprendre.org\/var\/start\/","og_site_name":"R\u00e9seau Entreprendre Var","article_modified_time":"2024-01-05T10:09:42+00:00","og_image":[{"url":"https:\/\/www.reseau-entreprendre.org\/var\/wp-content\/uploads\/sites\/49\/2024\/01\/couple-1.png","type":"","width":"","height":""}],"twitter_card":"summary_large_image","twitter_misc":{"Dur\u00e9e de lecture estim\u00e9e":"2 minutes"},"schema":{"@context":"https:\/\/schema.org","@graph":[{"@type":"WebPage","@id":"https:\/\/www.reseau-entreprendre.org\/var\/start\/","url":"https:\/\/www.reseau-entreprendre.org\/var\/start\/","name":"START - R\u00e9seau Entreprendre Var","isPartOf":{"@id":"https:\/\/www.reseau-entreprendre.org\/var\/#website"},"primaryImageOfPage":{"@id":"https:\/\/www.reseau-entreprendre.org\/var\/start\/#primaryimage"},"image":{"@id":"https:\/\/www.reseau-entreprendre.org\/var\/start\/#primaryimage"},"thumbnailUrl":"https:\/\/www.reseau-entreprendre.org\/var\/wp-content\/uploads\/sites\/49\/2024\/01\/couple-1.png","datePublished":"2024-01-05T08:44:56+00:00","dateModified":"2024-01-05T10:09:42+00:00","breadcrumb":{"@id":"https:\/\/www.reseau-entreprendre.org\/var\/start\/#breadcrumb"},"inLanguage":"fr-FR","potentialAction":[{"@type":"ReadAction","target":["https:\/\/www.reseau-entreprendre.org\/var\/start\/"]}]},{"@type":"ImageObject","inLanguage":"fr-FR","@id":"https:\/\/www.reseau-entreprendre.org\/var\/start\/#primaryimage","url":"https:\/\/www.reseau-entreprendre.org\/var\/wp-content\/uploads\/sites\/49\/2024\/01\/couple-1.png","contentUrl":"https:\/\/www.reseau-entreprendre.org\/var\/wp-content\/uploads\/sites\/49\/2024\/01\/couple-1.png","width":117,"height":90},{"@type":"BreadcrumbList","@id":"https:\/\/www.reseau-entreprendre.org\/var\/start\/#breadcrumb","itemListElement":[{"@type":"ListItem","position":1,"name":"Accueil","item":"https:\/\/www.reseau-entreprendre.org\/var\/"},{"@type":"ListItem","position":2,"name":"START"}]},{"@type":"WebSite","@id":"https:\/\/www.reseau-entreprendre.org\/var\/#website","url":"https:\/\/www.reseau-entreprendre.org\/var\/","name":"R\u00e9seau Entreprendre Var","description":"Aucun entrepreneur ne doit rester seul ","potentialAction":[{"@type":"SearchAction","target":{"@type":"EntryPoint","urlTemplate":"https:\/\/www.reseau-entreprendre.org\/var\/?s={search_term_string}"},"query-input":{"@type":"PropertyValueSpecification","valueRequired":true,"valueName":"search_term_string"}}],"inLanguage":"fr-FR"}]}},"_links":{"self":[{"href":"https:\/\/www.reseau-entreprendre.org\/var\/wp-json\/wp\/v2\/pages\/2138","targetHints":{"allow":["GET"]}}],"collection":[{"href":"https:\/\/www.reseau-entreprendre.org\/var\/wp-json\/wp\/v2\/pages"}],"about":[{"href":"https:\/\/www.reseau-entreprendre.org\/var\/wp-json\/wp\/v2\/types\/page"}],"author":[{"embeddable":true,"href":"https:\/\/www.reseau-entreprendre.org\/var\/wp-json\/wp\/v2\/users\/201"}],"replies":[{"embeddable":true,"href":"https:\/\/www.reseau-entreprendre.org\/var\/wp-json\/wp\/v2\/comments?post=2138"}],"version-history":[{"count":0,"href":"https:\/\/www.reseau-entreprendre.org\/var\/wp-json\/wp\/v2\/pages\/2138\/revisions"}],"wp:attachment":[{"href":"https:\/\/www.reseau-entreprendre.org\/var\/wp-json\/wp\/v2\/media?parent=2138"}],"curies":[{"name":"wp","href":"https:\/\/api.w.org\/{rel}","templated":true}]}}