{"id":7644,"date":"2023-12-15T16:59:11","date_gmt":"2023-12-15T15:59:11","guid":{"rendered":"https:\/\/www.reseau-entreprendre.org\/vendee\/?page_id=7644"},"modified":"2024-03-05T14:52:26","modified_gmt":"2024-03-05T13:52:26","slug":"nos-podcasts","status":"publish","type":"page","link":"https:\/\/www.reseau-entreprendre.org\/vendee\/nos-podcasts\/","title":{"rendered":"Nos podcasts"},"content":{"rendered":"\n<p>T\u00e9moignages inspirants, partages d&#8217;exp\u00e9riences, diversit\u00e9s des parcours &#8230; derri\u00e8re chaque entreprise se cache la figure d&#8217;un homme ou d&#8217;une femme fa\u00e7onn\u00e9 par son v\u00e9cu et ses rencontres. <\/p>\n\n\n\n<p class=\"has-re-blue-color has-text-color has-link-color wp-elements-10c0ec5ad35758ca2bc6289a99fa440f\">A travers notre s\u00e9rie de podcasts, retrouvez les portraits de ces hommes et femmes qui font avancer la dynamique \u00e9conomique de la Vend\u00e9e !<\/p>\n\n\n\n<figure class=\"wp-block-image size-full\"><a href=\"https:\/\/podcast.ausha.co\/a-la-vendeenne-par-reseau-entreprendre-vendee\" target=\"_blank\" rel=\"noreferrer noopener\"><img loading=\"lazy\" decoding=\"async\" width=\"729\" height=\"795\" src=\"https:\/\/www.reseau-entreprendre.org\/vendee\/wp-content\/uploads\/sites\/18\/2023\/12\/Capture-1.png\" alt=\"\" class=\"wp-image-7651\" srcset=\"https:\/\/www.reseau-entreprendre.org\/vendee\/wp-content\/uploads\/sites\/18\/2023\/12\/Capture-1.png 729w, https:\/\/www.reseau-entreprendre.org\/vendee\/wp-content\/uploads\/sites\/18\/2023\/12\/Capture-1-275x300.png 275w, https:\/\/www.reseau-entreprendre.org\/vendee\/wp-content\/uploads\/sites\/18\/2023\/12\/Capture-1-119x130.png 119w\" sizes=\"auto, (max-width: 729px) 100vw, 729px\" \/><\/a><\/figure>\n\n\n\n<p><\/p>\n\n\n\n<p><\/p>\n\n\n\n<div class=\"wp-block-columns is-layout-flex wp-container-core-columns-is-layout-9d6595d7 wp-block-columns-is-layout-flex\">\n<div class=\"wp-block-column is-layout-flow wp-block-column-is-layout-flow\" style=\"flex-basis:33.33%\">\n<figure class=\"wp-block-image size-full is-resized\"><img loading=\"lazy\" decoding=\"async\" width=\"300\" height=\"301\" src=\"https:\/\/www.reseau-entreprendre.org\/vendee\/wp-content\/uploads\/sites\/18\/2024\/02\/Poscast-Vendee.png\" alt=\"\" class=\"wp-image-7816\" style=\"width:326px;height:auto\" srcset=\"https:\/\/www.reseau-entreprendre.org\/vendee\/wp-content\/uploads\/sites\/18\/2024\/02\/Poscast-Vendee.png 300w, https:\/\/www.reseau-entreprendre.org\/vendee\/wp-content\/uploads\/sites\/18\/2024\/02\/Poscast-Vendee-150x150.png 150w, https:\/\/www.reseau-entreprendre.org\/vendee\/wp-content\/uploads\/sites\/18\/2024\/02\/Poscast-Vendee-130x130.png 130w\" sizes=\"auto, (max-width: 300px) 100vw, 300px\" \/><\/figure>\n<\/div>\n\n\n\n<div class=\"wp-block-column is-layout-flow wp-block-column-is-layout-flow\" style=\"flex-basis:80%\">\n<p style=\"font-size:14px\">5 f\u00e9vrier 2024<\/p>\n\n\n\n<h2 class=\"wp-block-heading\" style=\"font-size:24px;font-style:normal;font-weight:500\">Fabienne Lamothe, cr\u00e9atrice du restaurant \u00d4 Bell&#8217;Endroit<\/h2>\n\n\n\n<p style=\"font-size:18px\">\u00c9mission pr\u00e9sent\u00e9e par\u00a0Auberi Maitrot<\/p>\n\n\n\n<p class=\"has-small-font-size\">Chaque mois, d\u00e9couvrez le parcours de Vend\u00e9ens qui ont d\u00e9cid\u00e9 de faire appel au R\u00e9seau Entreprendre Vend\u00e9e<\/p>\n\n\n\n<div class=\"wp-block-buttons is-layout-flex wp-block-buttons-is-layout-flex\">\n<div class=\"wp-block-button has-custom-font-size has-small-font-size\"><a class=\"wp-block-button__link wp-element-button\" href=\"https:\/\/www.rcf.fr\/economie-et-societe\/et-si-on-apprenait-a-se-connaitre-reseau-entreprendre\/embed?episodeId=402429\" target=\"_blank\" rel=\"noreferrer noopener\">\u00c9couter<\/a><\/div>\n<\/div>\n\n\n\n<div style=\"height:25px\" aria-hidden=\"true\" class=\"wp-block-spacer\"><\/div>\n\n\n\n<p class=\"has-re-red-color has-text-color has-link-color has-medium-font-size wp-elements-604b6ec42deaddc9357f82e94a49f913\">Fabienne Lamothe est laur\u00e9ate 2018 du R\u00e9seau Entreprendre Vend\u00e9e. 27 min<\/p>\n<\/div>\n<\/div>\n\n\n\n<div class=\"wp-block-columns is-layout-flex wp-container-core-columns-is-layout-9d6595d7 wp-block-columns-is-layout-flex\">\n<div class=\"wp-block-column is-layout-flow wp-block-column-is-layout-flow\" style=\"flex-basis:33.33%\">\n<figure class=\"wp-block-image size-full is-resized\"><img loading=\"lazy\" decoding=\"async\" width=\"300\" height=\"301\" src=\"https:\/\/www.reseau-entreprendre.org\/vendee\/wp-content\/uploads\/sites\/18\/2024\/02\/Poscast-Vendee.png\" alt=\"\" class=\"wp-image-7816\" style=\"width:326px;height:auto\" srcset=\"https:\/\/www.reseau-entreprendre.org\/vendee\/wp-content\/uploads\/sites\/18\/2024\/02\/Poscast-Vendee.png 300w, https:\/\/www.reseau-entreprendre.org\/vendee\/wp-content\/uploads\/sites\/18\/2024\/02\/Poscast-Vendee-150x150.png 150w, https:\/\/www.reseau-entreprendre.org\/vendee\/wp-content\/uploads\/sites\/18\/2024\/02\/Poscast-Vendee-130x130.png 130w\" sizes=\"auto, (max-width: 300px) 100vw, 300px\" \/><\/figure>\n<\/div>\n\n\n\n<div class=\"wp-block-column is-layout-flow wp-block-column-is-layout-flow\" style=\"flex-basis:80%\">\n<p style=\"font-size:14px\">8 janvier 2024<\/p>\n\n\n\n<h2 class=\"wp-block-heading\" style=\"font-size:24px;font-style:normal;font-weight:500\">Marion Bourgeais cr\u00e9atrice de l&#8217;escape game &#8220;Gardez Le Secret&#8221; aux Herbiers <\/h2>\n\n\n\n<p style=\"font-size:18px\">\u00c9mission pr\u00e9sent\u00e9e par\u00a0Auberi Maitrot<\/p>\n\n\n\n<p class=\"has-small-font-size\">Chaque mois, d\u00e9couvrez le parcours de Vend\u00e9ens qui ont d\u00e9cid\u00e9 de faire appel au R\u00e9seau Entreprendre Vend\u00e9e<\/p>\n\n\n\n<div class=\"wp-block-buttons is-layout-flex wp-block-buttons-is-layout-flex\">\n<div class=\"wp-block-button has-custom-font-size has-small-font-size\"><a class=\"wp-block-button__link wp-element-button\" href=\"https:\/\/www.rcf.fr\/economie-et-societe\/et-si-on-apprenait-a-se-connaitre-reseau-entreprendre\/embed?episodeId=421271\" target=\"_blank\" rel=\"noreferrer noopener\">\u00c9couter<\/a><\/div>\n<\/div>\n\n\n\n<div style=\"height:25px\" aria-hidden=\"true\" class=\"wp-block-spacer\"><\/div>\n\n\n\n<p class=\"has-re-red-color has-text-color has-link-color has-medium-font-size wp-elements-1d8468adfbde130c5923a34114fb5b00\">Marion Bourgeais est laur\u00e9ate 2020 de R\u00e9seau Entreprendre Vend\u00e9e. 23 min<\/p>\n<\/div>\n<\/div>\n\n\n\n<div class=\"wp-block-columns is-layout-flex wp-container-core-columns-is-layout-9d6595d7 wp-block-columns-is-layout-flex\">\n<div class=\"wp-block-column is-layout-flow wp-block-column-is-layout-flow\" style=\"flex-basis:33.33%\">\n<figure class=\"wp-block-image size-full is-resized\"><img loading=\"lazy\" decoding=\"async\" width=\"300\" height=\"301\" src=\"https:\/\/www.reseau-entreprendre.org\/vendee\/wp-content\/uploads\/sites\/18\/2024\/02\/Poscast-Vendee.png\" alt=\"\" class=\"wp-image-7816\" style=\"width:326px;height:auto\" srcset=\"https:\/\/www.reseau-entreprendre.org\/vendee\/wp-content\/uploads\/sites\/18\/2024\/02\/Poscast-Vendee.png 300w, https:\/\/www.reseau-entreprendre.org\/vendee\/wp-content\/uploads\/sites\/18\/2024\/02\/Poscast-Vendee-150x150.png 150w, https:\/\/www.reseau-entreprendre.org\/vendee\/wp-content\/uploads\/sites\/18\/2024\/02\/Poscast-Vendee-130x130.png 130w\" sizes=\"auto, (max-width: 300px) 100vw, 300px\" \/><\/figure>\n<\/div>\n\n\n\n<div class=\"wp-block-column is-layout-flow wp-block-column-is-layout-flow\" style=\"flex-basis:80%\">\n<p style=\"font-size:14px\">11 d\u00e9cembre 2023<\/p>\n\n\n\n<h2 class=\"wp-block-heading\" style=\"font-size:24px;font-style:normal;font-weight:500\">St\u00e9phane Olivier et son entreprise Strat&#8217;Engine<\/h2>\n\n\n\n<p style=\"font-size:18px\">\u00c9mission pr\u00e9sent\u00e9e par\u00a0Auberi Maitrot<\/p>\n\n\n\n<p class=\"has-small-font-size\">Chaque mois, d\u00e9couvrez le parcours de Vend\u00e9ens qui ont d\u00e9cid\u00e9 de faire appel au R\u00e9seau Entreprendre Vend\u00e9e<\/p>\n\n\n\n<div class=\"wp-block-buttons is-layout-flex wp-block-buttons-is-layout-flex\">\n<div class=\"wp-block-button has-custom-font-size has-small-font-size\"><a class=\"wp-block-button__link wp-element-button\" href=\"https:\/\/www.rcf.fr\/economie-et-societe\/et-si-on-apprenait-a-se-connaitre-reseau-entreprendre\/embed?episodeId=419791\" target=\"_blank\" rel=\"noreferrer noopener\">\u00c9couter<\/a><\/div>\n<\/div>\n\n\n\n<div style=\"height:25px\" aria-hidden=\"true\" class=\"wp-block-spacer\"><\/div>\n\n\n\n<p class=\"has-re-red-color has-text-color has-link-color has-medium-font-size wp-elements-a29e68fd36a40ac9f3afa5578f561ab8\">St\u00e9phane Olivier est laur\u00e9at 2023 de R\u00e9seau Entreprendre Vend\u00e9e. 26 min<\/p>\n<\/div>\n<\/div>\n\n\n\n<div class=\"wp-block-columns is-layout-flex wp-container-core-columns-is-layout-9d6595d7 wp-block-columns-is-layout-flex\">\n<div class=\"wp-block-column is-layout-flow wp-block-column-is-layout-flow\" style=\"flex-basis:33.33%\">\n<figure class=\"wp-block-image size-full is-resized\"><img loading=\"lazy\" decoding=\"async\" width=\"300\" height=\"301\" src=\"https:\/\/www.reseau-entreprendre.org\/vendee\/wp-content\/uploads\/sites\/18\/2024\/02\/Poscast-Vendee.png\" alt=\"\" class=\"wp-image-7816\" style=\"width:326px;height:auto\" srcset=\"https:\/\/www.reseau-entreprendre.org\/vendee\/wp-content\/uploads\/sites\/18\/2024\/02\/Poscast-Vendee.png 300w, https:\/\/www.reseau-entreprendre.org\/vendee\/wp-content\/uploads\/sites\/18\/2024\/02\/Poscast-Vendee-150x150.png 150w, https:\/\/www.reseau-entreprendre.org\/vendee\/wp-content\/uploads\/sites\/18\/2024\/02\/Poscast-Vendee-130x130.png 130w\" sizes=\"auto, (max-width: 300px) 100vw, 300px\" \/><\/figure>\n<\/div>\n\n\n\n<div class=\"wp-block-column is-layout-flow wp-block-column-is-layout-flow\" style=\"flex-basis:80%\">\n<p style=\"font-size:14px\">13 novembre 2023<\/p>\n\n\n\n<h2 class=\"wp-block-heading\" style=\"font-size:24px;font-style:normal;font-weight:500\">Recycuir, cr\u00e9ateur de la mati\u00e8re Poreva<\/h2>\n\n\n\n<p style=\"font-size:18px\">\u00c9mission pr\u00e9sent\u00e9e par\u00a0Auberi Maitrot<\/p>\n\n\n\n<p class=\"has-small-font-size\">Chaque mois, d\u00e9couvrez le parcours de Vend\u00e9ens qui ont d\u00e9cid\u00e9 de faire appel au R\u00e9seau Entreprendre Vend\u00e9e<\/p>\n\n\n\n<div class=\"wp-block-buttons is-layout-flex wp-block-buttons-is-layout-flex\">\n<div class=\"wp-block-button has-custom-font-size has-small-font-size\"><a class=\"wp-block-button__link wp-element-button\" href=\"https:\/\/www.rcf.fr\/economie-et-societe\/et-si-on-apprenait-a-se-connaitre-reseau-entreprendre\/embed?episodeId=419662\" target=\"_blank\" rel=\"noreferrer noopener\">\u00c9couter<\/a><\/div>\n<\/div>\n\n\n\n<div style=\"height:25px\" aria-hidden=\"true\" class=\"wp-block-spacer\"><\/div>\n\n\n\n<p class=\"has-re-red-color has-text-color has-link-color has-medium-font-size wp-elements-a8adf717518ceebc1fbe4eb5fa5155b9\">Baptiste Cormerais et Clovis Richard sont laur\u00e9ats 2022 de R\u00e9seau Entreprendre Vend\u00e9e. 27 min<\/p>\n<\/div>\n<\/div>\n\n\n\n<div class=\"wp-block-columns is-layout-flex wp-container-core-columns-is-layout-9d6595d7 wp-block-columns-is-layout-flex\">\n<div class=\"wp-block-column is-layout-flow wp-block-column-is-layout-flow\" style=\"flex-basis:33.33%\">\n<figure class=\"wp-block-image size-full is-resized\"><img loading=\"lazy\" decoding=\"async\" width=\"300\" height=\"301\" src=\"https:\/\/www.reseau-entreprendre.org\/vendee\/wp-content\/uploads\/sites\/18\/2024\/02\/Poscast-Vendee.png\" alt=\"\" class=\"wp-image-7816\" style=\"width:326px;height:auto\" srcset=\"https:\/\/www.reseau-entreprendre.org\/vendee\/wp-content\/uploads\/sites\/18\/2024\/02\/Poscast-Vendee.png 300w, https:\/\/www.reseau-entreprendre.org\/vendee\/wp-content\/uploads\/sites\/18\/2024\/02\/Poscast-Vendee-150x150.png 150w, https:\/\/www.reseau-entreprendre.org\/vendee\/wp-content\/uploads\/sites\/18\/2024\/02\/Poscast-Vendee-130x130.png 130w\" sizes=\"auto, (max-width: 300px) 100vw, 300px\" \/><\/figure>\n<\/div>\n\n\n\n<div class=\"wp-block-column is-layout-flow wp-block-column-is-layout-flow\" style=\"flex-basis:80%\">\n<p style=\"font-size:14px\">16 octobre 2023<\/p>\n\n\n\n<h2 class=\"wp-block-heading\" style=\"font-size:24px;font-style:normal;font-weight:500\">L&#8217;aventure de B-Side Factory : la 1\u00e8re usine de pressage de vinyles en Vend\u00e9e<\/h2>\n\n\n\n<p style=\"font-size:18px\">\u00c9mission pr\u00e9sent\u00e9e par\u00a0Auberi Maitrot<\/p>\n\n\n\n<p class=\"has-small-font-size\">Chaque mois, d\u00e9couvrez le parcours de Vend\u00e9ens qui ont d\u00e9cid\u00e9 de faire appel au R\u00e9seau Entreprendre Vend\u00e9e<\/p>\n\n\n\n<div class=\"wp-block-buttons is-layout-flex wp-block-buttons-is-layout-flex\">\n<div class=\"wp-block-button has-custom-font-size has-small-font-size\"><a class=\"wp-block-button__link wp-element-button\" href=\"https:\/\/www.rcf.fr\/economie-et-societe\/et-si-on-apprenait-a-se-connaitre-reseau-entreprendre\/embed?episodeId=412886\" target=\"_blank\" rel=\"noreferrer noopener\">\u00c9couter<\/a><\/div>\n<\/div>\n\n\n\n<div style=\"height:25px\" aria-hidden=\"true\" class=\"wp-block-spacer\"><\/div>\n\n\n\n<p class=\"has-re-red-color has-text-color has-link-color has-medium-font-size wp-elements-c794f846925bbedf716e8239b12e5a4a\">Mich\u00e8le et Jeff Ferrand sont laur\u00e9ats 2021 de R\u00e9seau Entreprendre Vend\u00e9e. 26 min<\/p>\n<\/div>\n<\/div>\n","protected":false},"excerpt":{"rendered":"<p>T\u00e9moignages inspirants, partages d&#8217;exp\u00e9riences, diversit\u00e9s des parcours &#8230; derri\u00e8re chaque<\/p>\n","protected":false},"author":18,"featured_media":7346,"parent":0,"menu_order":0,"comment_status":"closed","ping_status":"closed","template":"","meta":{"_acf_changed":false,"_monsterinsights_skip_tracking":false,"_monsterinsights_sitenote_active":false,"_monsterinsights_sitenote_note":"","_monsterinsights_sitenote_category":0,"footnotes":""},"class_list":["post-7644","page","type-page","status-publish","has-post-thumbnail","hentry"],"acf":[],"yoast_head":"<!-- This site is optimized with the Yoast SEO plugin v27.4 - https:\/\/yoast.com\/product\/yoast-seo-wordpress\/ -->\n<title>Nos podcasts - R\u00e9seau Entreprendre Vend\u00e9e<\/title>\n<meta name=\"robots\" content=\"index, follow, max-snippet:-1, max-image-preview:large, max-video-preview:-1\" \/>\n<link rel=\"canonical\" href=\"https:\/\/www.reseau-entreprendre.org\/vendee\/nos-podcasts\/\" \/>\n<meta property=\"og:locale\" content=\"fr_FR\" \/>\n<meta property=\"og:type\" content=\"article\" \/>\n<meta property=\"og:title\" content=\"Nos podcasts - R\u00e9seau Entreprendre Vend\u00e9e\" \/>\n<meta property=\"og:description\" content=\"T\u00e9moignages inspirants, partages d&#8217;exp\u00e9riences, diversit\u00e9s des parcours &#8230; derri\u00e8re chaque\" \/>\n<meta property=\"og:url\" content=\"https:\/\/www.reseau-entreprendre.org\/vendee\/nos-podcasts\/\" \/>\n<meta property=\"og:site_name\" content=\"R\u00e9seau Entreprendre Vend\u00e9e\" \/>\n<meta property=\"article:modified_time\" content=\"2024-03-05T13:52:26+00:00\" \/>\n<meta property=\"og:image\" content=\"https:\/\/www.reseau-entreprendre.org\/vendee\/wp-content\/uploads\/sites\/18\/2023\/11\/1-1.png\" \/>\n\t<meta property=\"og:image:width\" content=\"1485\" \/>\n\t<meta property=\"og:image:height\" content=\"1485\" \/>\n\t<meta property=\"og:image:type\" content=\"image\/png\" \/>\n<meta name=\"twitter:card\" content=\"summary_large_image\" \/>\n<meta name=\"twitter:label1\" content=\"Dur\u00e9e de lecture estim\u00e9e\" \/>\n\t<meta name=\"twitter:data1\" content=\"3 minutes\" \/>\n<script type=\"application\/ld+json\" class=\"yoast-schema-graph\">{\"@context\":\"https:\\\/\\\/schema.org\",\"@graph\":[{\"@type\":\"WebPage\",\"@id\":\"https:\\\/\\\/www.reseau-entreprendre.org\\\/vendee\\\/nos-podcasts\\\/\",\"url\":\"https:\\\/\\\/www.reseau-entreprendre.org\\\/vendee\\\/nos-podcasts\\\/\",\"name\":\"Nos podcasts - R\u00e9seau Entreprendre Vend\u00e9e\",\"isPartOf\":{\"@id\":\"https:\\\/\\\/www.reseau-entreprendre.org\\\/vendee\\\/#website\"},\"primaryImageOfPage\":{\"@id\":\"https:\\\/\\\/www.reseau-entreprendre.org\\\/vendee\\\/nos-podcasts\\\/#primaryimage\"},\"image\":{\"@id\":\"https:\\\/\\\/www.reseau-entreprendre.org\\\/vendee\\\/nos-podcasts\\\/#primaryimage\"},\"thumbnailUrl\":\"https:\\\/\\\/www.reseau-entreprendre.org\\\/vendee\\\/wp-content\\\/uploads\\\/sites\\\/18\\\/2023\\\/11\\\/1-1.png\",\"datePublished\":\"2023-12-15T15:59:11+00:00\",\"dateModified\":\"2024-03-05T13:52:26+00:00\",\"breadcrumb\":{\"@id\":\"https:\\\/\\\/www.reseau-entreprendre.org\\\/vendee\\\/nos-podcasts\\\/#breadcrumb\"},\"inLanguage\":\"fr-FR\",\"potentialAction\":[{\"@type\":\"ReadAction\",\"target\":[\"https:\\\/\\\/www.reseau-entreprendre.org\\\/vendee\\\/nos-podcasts\\\/\"]}]},{\"@type\":\"ImageObject\",\"inLanguage\":\"fr-FR\",\"@id\":\"https:\\\/\\\/www.reseau-entreprendre.org\\\/vendee\\\/nos-podcasts\\\/#primaryimage\",\"url\":\"https:\\\/\\\/www.reseau-entreprendre.org\\\/vendee\\\/wp-content\\\/uploads\\\/sites\\\/18\\\/2023\\\/11\\\/1-1.png\",\"contentUrl\":\"https:\\\/\\\/www.reseau-entreprendre.org\\\/vendee\\\/wp-content\\\/uploads\\\/sites\\\/18\\\/2023\\\/11\\\/1-1.png\",\"width\":1485,\"height\":1485},{\"@type\":\"BreadcrumbList\",\"@id\":\"https:\\\/\\\/www.reseau-entreprendre.org\\\/vendee\\\/nos-podcasts\\\/#breadcrumb\",\"itemListElement\":[{\"@type\":\"ListItem\",\"position\":1,\"name\":\"Accueil\",\"item\":\"https:\\\/\\\/www.reseau-entreprendre.org\\\/vendee\\\/\"},{\"@type\":\"ListItem\",\"position\":2,\"name\":\"Nos podcasts\"}]},{\"@type\":\"WebSite\",\"@id\":\"https:\\\/\\\/www.reseau-entreprendre.org\\\/vendee\\\/#website\",\"url\":\"https:\\\/\\\/www.reseau-entreprendre.org\\\/vendee\\\/\",\"name\":\"R\u00e9seau Entreprendre Vend\u00e9e\",\"description\":\"Un site utilisant Les sites de R\u00e9seau Entreprendre\",\"potentialAction\":[{\"@type\":\"SearchAction\",\"target\":{\"@type\":\"EntryPoint\",\"urlTemplate\":\"https:\\\/\\\/www.reseau-entreprendre.org\\\/vendee\\\/?s={search_term_string}\"},\"query-input\":{\"@type\":\"PropertyValueSpecification\",\"valueRequired\":true,\"valueName\":\"search_term_string\"}}],\"inLanguage\":\"fr-FR\"}]}<\/script>\n<!-- \/ Yoast SEO plugin. -->","yoast_head_json":{"title":"Nos podcasts - R\u00e9seau Entreprendre Vend\u00e9e","robots":{"index":"index","follow":"follow","max-snippet":"max-snippet:-1","max-image-preview":"max-image-preview:large","max-video-preview":"max-video-preview:-1"},"canonical":"https:\/\/www.reseau-entreprendre.org\/vendee\/nos-podcasts\/","og_locale":"fr_FR","og_type":"article","og_title":"Nos podcasts - R\u00e9seau Entreprendre Vend\u00e9e","og_description":"T\u00e9moignages inspirants, partages d&#8217;exp\u00e9riences, diversit\u00e9s des parcours &#8230; derri\u00e8re chaque","og_url":"https:\/\/www.reseau-entreprendre.org\/vendee\/nos-podcasts\/","og_site_name":"R\u00e9seau Entreprendre Vend\u00e9e","article_modified_time":"2024-03-05T13:52:26+00:00","og_image":[{"width":1485,"height":1485,"url":"https:\/\/www.reseau-entreprendre.org\/vendee\/wp-content\/uploads\/sites\/18\/2023\/11\/1-1.png","type":"image\/png"}],"twitter_card":"summary_large_image","twitter_misc":{"Dur\u00e9e de lecture estim\u00e9e":"3 minutes"},"schema":{"@context":"https:\/\/schema.org","@graph":[{"@type":"WebPage","@id":"https:\/\/www.reseau-entreprendre.org\/vendee\/nos-podcasts\/","url":"https:\/\/www.reseau-entreprendre.org\/vendee\/nos-podcasts\/","name":"Nos podcasts - R\u00e9seau Entreprendre Vend\u00e9e","isPartOf":{"@id":"https:\/\/www.reseau-entreprendre.org\/vendee\/#website"},"primaryImageOfPage":{"@id":"https:\/\/www.reseau-entreprendre.org\/vendee\/nos-podcasts\/#primaryimage"},"image":{"@id":"https:\/\/www.reseau-entreprendre.org\/vendee\/nos-podcasts\/#primaryimage"},"thumbnailUrl":"https:\/\/www.reseau-entreprendre.org\/vendee\/wp-content\/uploads\/sites\/18\/2023\/11\/1-1.png","datePublished":"2023-12-15T15:59:11+00:00","dateModified":"2024-03-05T13:52:26+00:00","breadcrumb":{"@id":"https:\/\/www.reseau-entreprendre.org\/vendee\/nos-podcasts\/#breadcrumb"},"inLanguage":"fr-FR","potentialAction":[{"@type":"ReadAction","target":["https:\/\/www.reseau-entreprendre.org\/vendee\/nos-podcasts\/"]}]},{"@type":"ImageObject","inLanguage":"fr-FR","@id":"https:\/\/www.reseau-entreprendre.org\/vendee\/nos-podcasts\/#primaryimage","url":"https:\/\/www.reseau-entreprendre.org\/vendee\/wp-content\/uploads\/sites\/18\/2023\/11\/1-1.png","contentUrl":"https:\/\/www.reseau-entreprendre.org\/vendee\/wp-content\/uploads\/sites\/18\/2023\/11\/1-1.png","width":1485,"height":1485},{"@type":"BreadcrumbList","@id":"https:\/\/www.reseau-entreprendre.org\/vendee\/nos-podcasts\/#breadcrumb","itemListElement":[{"@type":"ListItem","position":1,"name":"Accueil","item":"https:\/\/www.reseau-entreprendre.org\/vendee\/"},{"@type":"ListItem","position":2,"name":"Nos podcasts"}]},{"@type":"WebSite","@id":"https:\/\/www.reseau-entreprendre.org\/vendee\/#website","url":"https:\/\/www.reseau-entreprendre.org\/vendee\/","name":"R\u00e9seau Entreprendre Vend\u00e9e","description":"Un site utilisant Les sites de R\u00e9seau Entreprendre","potentialAction":[{"@type":"SearchAction","target":{"@type":"EntryPoint","urlTemplate":"https:\/\/www.reseau-entreprendre.org\/vendee\/?s={search_term_string}"},"query-input":{"@type":"PropertyValueSpecification","valueRequired":true,"valueName":"search_term_string"}}],"inLanguage":"fr-FR"}]}},"_links":{"self":[{"href":"https:\/\/www.reseau-entreprendre.org\/vendee\/wp-json\/wp\/v2\/pages\/7644","targetHints":{"allow":["GET"]}}],"collection":[{"href":"https:\/\/www.reseau-entreprendre.org\/vendee\/wp-json\/wp\/v2\/pages"}],"about":[{"href":"https:\/\/www.reseau-entreprendre.org\/vendee\/wp-json\/wp\/v2\/types\/page"}],"author":[{"embeddable":true,"href":"https:\/\/www.reseau-entreprendre.org\/vendee\/wp-json\/wp\/v2\/users\/18"}],"replies":[{"embeddable":true,"href":"https:\/\/www.reseau-entreprendre.org\/vendee\/wp-json\/wp\/v2\/comments?post=7644"}],"version-history":[{"count":0,"href":"https:\/\/www.reseau-entreprendre.org\/vendee\/wp-json\/wp\/v2\/pages\/7644\/revisions"}],"wp:featuredmedia":[{"embeddable":true,"href":"https:\/\/www.reseau-entreprendre.org\/vendee\/wp-json\/wp\/v2\/media\/7346"}],"wp:attachment":[{"href":"https:\/\/www.reseau-entreprendre.org\/vendee\/wp-json\/wp\/v2\/media?parent=7644"}],"curies":[{"name":"wp","href":"https:\/\/api.w.org\/{rel}","templated":true}]}}