{"id":2912,"date":"2023-08-16T10:54:45","date_gmt":"2023-08-16T08:54:45","guid":{"rendered":"https:\/\/www.reseau-entreprendre.org\/wallonie\/?page_id=2912"},"modified":"2023-08-16T10:54:46","modified_gmt":"2023-08-16T08:54:46","slug":"formulaire-partenaire","status":"publish","type":"page","link":"https:\/\/www.reseau-entreprendre.org\/wallonie\/formulaire-partenaire\/","title":{"rendered":"Formulaire partenaire"},"content":{"rendered":"\n<h2 class=\"wp-block-heading\">Rejoignez-nous&#8230;<\/h2>\n\n\n<div class=\"wpforms-container wpforms-container-full wpforms-block wpforms-block-539459cc-0ef8-43e5-b614-d223d40a7c9a wpforms-render-modern\" id=\"wpforms-2908\"><form id=\"wpforms-form-2908\" class=\"wpforms-validate wpforms-form wpforms-ajax-form\" data-formid=\"2908\" method=\"post\" enctype=\"multipart\/form-data\" action=\"\/wallonie\/wp-json\/wp\/v2\/pages\/2912\" data-token=\"4711d075e1ec903e745f8e8980eef4f4\" data-token-time=\"1775302022\"><noscript class=\"wpforms-error-noscript\">Veuillez activer JavaScript dans votre navigateur pour remplir ce formulaire.<\/noscript><div id=\"wpforms-error-noscript\" style=\"display: none;\">Veuillez activer JavaScript dans votre navigateur pour remplir ce formulaire.<\/div><div class=\"wpforms-field-container\"><div id=\"wpforms-2908-field_44-container\" class=\"wpforms-field wpforms-field-layout\" data-field-id=\"44\"><div class=\"wpforms-field-layout-columns wpforms-field-layout-preset-50-50\"><div class=\"wpforms-layout-column wpforms-layout-column-50\" ><div id=\"wpforms-2908-field_60-container\" class=\"wpforms-field wpforms-field-text\" data-field-id=\"60\"><label class=\"wpforms-field-label\" for=\"wpforms-2908-field_60\">Nom de votre entreprise <span class=\"wpforms-required-label\" aria-hidden=\"true\">*<\/span><\/label><input type=\"text\" id=\"wpforms-2908-field_60\" class=\"wpforms-field-medium wpforms-field-required\" name=\"wpforms[fields][60]\" aria-errormessage=\"wpforms-2908-field_60-error\" required><\/div><\/div><div class=\"wpforms-layout-column wpforms-layout-column-50\" ><div id=\"wpforms-2908-field_62-container\" class=\"wpforms-field wpforms-field-text\" data-field-id=\"62\"><label class=\"wpforms-field-label\" for=\"wpforms-2908-field_62\">Poste occup\u00e9:<\/label><input type=\"text\" id=\"wpforms-2908-field_62\" class=\"wpforms-field-medium\" name=\"wpforms[fields][62]\" aria-errormessage=\"wpforms-2908-field_62-error\" ><\/div><\/div><\/div><\/div><div id=\"wpforms-2908-field_67-container\" class=\"wpforms-field wpforms-field-textarea\" data-field-id=\"67\"><label class=\"wpforms-field-label\" for=\"wpforms-2908-field_67\">Formulez votre demande: <span class=\"wpforms-required-label\" aria-hidden=\"true\">*<\/span><\/label><textarea id=\"wpforms-2908-field_67\" class=\"wpforms-field-medium wpforms-field-required\" name=\"wpforms[fields][67]\" aria-errormessage=\"wpforms-2908-field_67-error\" required><\/textarea><\/div><div id=\"wpforms-2908-field_72-container\" class=\"wpforms-field wpforms-field-html\" data-field-id=\"72\"><div id=\"wpforms-2908-field_72\" aria-errormessage=\"wpforms-2908-field_72-error\"><hr \/><\/div><\/div><div id=\"wpforms-2908-field_68-container\" class=\"wpforms-field wpforms-field-checkbox wpforms-list-inline\" data-field-id=\"68\"><fieldset><legend class=\"wpforms-field-label\">Civilit\u00e9 <span class=\"wpforms-required-label\" aria-hidden=\"true\">*<\/span><\/legend><ul id=\"wpforms-2908-field_68\" class=\"wpforms-field-required\"><li class=\"choice-1 depth-1\"><input type=\"checkbox\" id=\"wpforms-2908-field_68_1\" name=\"wpforms[fields][68][]\" value=\"Monsieur\" aria-errormessage=\"wpforms-2908-field_68_1-error\" required ><label class=\"wpforms-field-label-inline\" for=\"wpforms-2908-field_68_1\">Monsieur<\/label><\/li><li class=\"choice-2 depth-1\"><input type=\"checkbox\" id=\"wpforms-2908-field_68_2\" name=\"wpforms[fields][68][]\" value=\"Madame\" aria-errormessage=\"wpforms-2908-field_68_2-error\" required ><label class=\"wpforms-field-label-inline\" for=\"wpforms-2908-field_68_2\">Madame<\/label><\/li><\/ul><\/fieldset><\/div><div id=\"wpforms-2908-field_69-container\" class=\"wpforms-field wpforms-field-name\" data-field-id=\"69\"><fieldset><legend class=\"wpforms-field-label\">Pr\u00e9nom NOM <span class=\"wpforms-required-label\" aria-hidden=\"true\">*<\/span><\/legend><div class=\"wpforms-field-row wpforms-field-large\"><div class=\"wpforms-field-row-block wpforms-first wpforms-one-half\"><input type=\"text\" id=\"wpforms-2908-field_69\" class=\"wpforms-field-name-first wpforms-field-required\" name=\"wpforms[fields][69][first]\" aria-errormessage=\"wpforms-2908-field_69-error\" required><label for=\"wpforms-2908-field_69\" class=\"wpforms-field-sublabel after\">Pr\u00e9nom<\/label><\/div><div class=\"wpforms-field-row-block wpforms-one-half\"><input type=\"text\" id=\"wpforms-2908-field_69-last\" class=\"wpforms-field-name-last wpforms-field-required\" name=\"wpforms[fields][69][last]\" aria-errormessage=\"wpforms-2908-field_69-last-error\" required><label for=\"wpforms-2908-field_69-last\" class=\"wpforms-field-sublabel after\">Nom<\/label><\/div><\/div><\/fieldset><\/div><div id=\"wpforms-2908-field_64-container\" class=\"wpforms-field wpforms-field-layout\" data-field-id=\"64\"><div class=\"wpforms-field-layout-columns wpforms-field-layout-preset-50-50\"><div class=\"wpforms-layout-column wpforms-layout-column-50\" ><div id=\"wpforms-2908-field_71-container\" class=\"wpforms-field wpforms-field-email\" data-field-id=\"71\"><label class=\"wpforms-field-label\" for=\"wpforms-2908-field_71\">E-mail <span class=\"wpforms-required-label\" aria-hidden=\"true\">*<\/span><\/label><input type=\"email\" id=\"wpforms-2908-field_71\" class=\"wpforms-field-medium wpforms-field-required\" name=\"wpforms[fields][71]\" spellcheck=\"false\" aria-errormessage=\"wpforms-2908-field_71-error\" required><\/div><\/div><div class=\"wpforms-layout-column wpforms-layout-column-50\" ><div id=\"wpforms-2908-field_70-container\" class=\"wpforms-field wpforms-field-phone\" data-field-id=\"70\"><label class=\"wpforms-field-label\" for=\"wpforms-2908-field_70\">T\u00e9l\u00e9phone <span class=\"wpforms-required-label\" aria-hidden=\"true\">*<\/span><\/label><input type=\"tel\" id=\"wpforms-2908-field_70\" class=\"wpforms-field-medium wpforms-field-required wpforms-smart-phone-field\" data-rule-smart-phone-field=\"true\" name=\"wpforms[fields][70]\" aria-label=\"T\u00e9l\u00e9phone\" aria-errormessage=\"wpforms-2908-field_70-error\" required><\/div><\/div><\/div><\/div><div id=\"wpforms-2908-field_73-container\" class=\"wpforms-field wpforms-field-html\" data-field-id=\"73\"><div id=\"wpforms-2908-field_73\" aria-errormessage=\"wpforms-2908-field_73-error\"><hr \/><\/div><\/div><div id=\"wpforms-2908-field_27-container\" class=\"wpforms-field wpforms-field-radio wpforms-list-3-columns\" data-field-id=\"27\"><fieldset><legend class=\"wpforms-field-label\">Comment avez-vous entendu parler de nous ?<\/legend><ul id=\"wpforms-2908-field_27\"><li class=\"choice-4 depth-1\"><input type=\"radio\" id=\"wpforms-2908-field_27_4\" name=\"wpforms[fields][27]\" value=\"Acteurs de la cr\u00e9ation\" aria-errormessage=\"wpforms-2908-field_27_4-error\"  ><label class=\"wpforms-field-label-inline\" for=\"wpforms-2908-field_27_4\">Acteurs de la cr\u00e9ation<\/label><\/li><li class=\"choice-5 depth-1\"><input type=\"radio\" id=\"wpforms-2908-field_27_5\" name=\"wpforms[fields][27]\" value=\"APM\" aria-errormessage=\"wpforms-2908-field_27_5-error\"  ><label class=\"wpforms-field-label-inline\" for=\"wpforms-2908-field_27_5\">APM<\/label><\/li><li class=\"choice-6 depth-1\"><input type=\"radio\" id=\"wpforms-2908-field_27_6\" name=\"wpforms[fields][27]\" value=\"Association R\u00e9seau Entreprendre\u00a9\" aria-errormessage=\"wpforms-2908-field_27_6-error\"  ><label class=\"wpforms-field-label-inline\" for=\"wpforms-2908-field_27_6\">Association R\u00e9seau Entreprendre\u00a9<\/label><\/li><li class=\"choice-7 depth-1\"><input type=\"radio\" id=\"wpforms-2908-field_27_7\" name=\"wpforms[fields][27]\" value=\"Autre candidat\" aria-errormessage=\"wpforms-2908-field_27_7-error\"  ><label class=\"wpforms-field-label-inline\" for=\"wpforms-2908-field_27_7\">Autre candidat<\/label><\/li><li class=\"choice-8 depth-1\"><input type=\"radio\" id=\"wpforms-2908-field_27_8\" name=\"wpforms[fields][27]\" value=\"Autre Partenaire\" aria-errormessage=\"wpforms-2908-field_27_8-error\"  ><label class=\"wpforms-field-label-inline\" for=\"wpforms-2908-field_27_8\">Autre Partenaire<\/label><\/li><li class=\"choice-9 depth-1\"><input type=\"radio\" id=\"wpforms-2908-field_27_9\" name=\"wpforms[fields][27]\" value=\"Banque\" aria-errormessage=\"wpforms-2908-field_27_9-error\"  ><label class=\"wpforms-field-label-inline\" for=\"wpforms-2908-field_27_9\">Banque<\/label><\/li><li class=\"choice-10 depth-1\"><input type=\"radio\" id=\"wpforms-2908-field_27_10\" name=\"wpforms[fields][27]\" value=\"CCI\" aria-errormessage=\"wpforms-2908-field_27_10-error\"  ><label class=\"wpforms-field-label-inline\" for=\"wpforms-2908-field_27_10\">CCI<\/label><\/li><li class=\"choice-11 depth-1\"><input type=\"radio\" id=\"wpforms-2908-field_27_11\" name=\"wpforms[fields][27]\" value=\"CJD\" aria-errormessage=\"wpforms-2908-field_27_11-error\"  ><label class=\"wpforms-field-label-inline\" for=\"wpforms-2908-field_27_11\">CJD<\/label><\/li><li class=\"choice-12 depth-1\"><input type=\"radio\" id=\"wpforms-2908-field_27_12\" name=\"wpforms[fields][27]\" value=\"CRA\" aria-errormessage=\"wpforms-2908-field_27_12-error\"  ><label class=\"wpforms-field-label-inline\" for=\"wpforms-2908-field_27_12\">CRA<\/label><\/li><li class=\"choice-13 depth-1\"><input type=\"radio\" id=\"wpforms-2908-field_27_13\" name=\"wpforms[fields][27]\" value=\"\u00c9quipe association\" aria-errormessage=\"wpforms-2908-field_27_13-error\"  ><label class=\"wpforms-field-label-inline\" for=\"wpforms-2908-field_27_13\">\u00c9quipe association<\/label><\/li><li class=\"choice-14 depth-1\"><input type=\"radio\" id=\"wpforms-2908-field_27_14\" name=\"wpforms[fields][27]\" value=\"\u00c9quipe comptable\" aria-errormessage=\"wpforms-2908-field_27_14-error\"  ><label class=\"wpforms-field-label-inline\" for=\"wpforms-2908-field_27_14\">\u00c9quipe comptable<\/label><\/li><li class=\"choice-15 depth-1\"><input type=\"radio\" id=\"wpforms-2908-field_27_15\" name=\"wpforms[fields][27]\" value=\"Internet\" aria-errormessage=\"wpforms-2908-field_27_15-error\"  ><label class=\"wpforms-field-label-inline\" for=\"wpforms-2908-field_27_15\">Internet<\/label><\/li><li class=\"choice-16 depth-1\"><input type=\"radio\" id=\"wpforms-2908-field_27_16\" name=\"wpforms[fields][27]\" value=\"Laur\u00e9at\" aria-errormessage=\"wpforms-2908-field_27_16-error\"  ><label class=\"wpforms-field-label-inline\" for=\"wpforms-2908-field_27_16\">Laur\u00e9at<\/label><\/li><li class=\"choice-17 depth-1\"><input type=\"radio\" id=\"wpforms-2908-field_27_17\" name=\"wpforms[fields][27]\" value=\"MEDEF\" aria-errormessage=\"wpforms-2908-field_27_17-error\"  ><label class=\"wpforms-field-label-inline\" for=\"wpforms-2908-field_27_17\">MEDEF<\/label><\/li><li class=\"choice-18 depth-1\"><input type=\"radio\" id=\"wpforms-2908-field_27_18\" name=\"wpforms[fields][27]\" value=\"Membre\" aria-errormessage=\"wpforms-2908-field_27_18-error\"  ><label class=\"wpforms-field-label-inline\" for=\"wpforms-2908-field_27_18\">Membre<\/label><\/li><li class=\"choice-19 depth-1\"><input type=\"radio\" id=\"wpforms-2908-field_27_19\" name=\"wpforms[fields][27]\" value=\"Presse\" aria-errormessage=\"wpforms-2908-field_27_19-error\"  ><label class=\"wpforms-field-label-inline\" for=\"wpforms-2908-field_27_19\">Presse<\/label><\/li><li class=\"choice-20 depth-1\"><input type=\"radio\" id=\"wpforms-2908-field_27_20\" name=\"wpforms[fields][27]\" value=\"Universit\u00e9 \/ \u00c9cole\" aria-errormessage=\"wpforms-2908-field_27_20-error\"  ><label class=\"wpforms-field-label-inline\" for=\"wpforms-2908-field_27_20\">Universit\u00e9 \/ \u00c9cole<\/label><\/li><\/ul><\/fieldset><\/div><div id=\"wpforms-2908-field_40-container\" class=\"wpforms-field wpforms-field-gdpr-checkbox\" data-field-id=\"40\"><label class=\"wpforms-field-label wpforms-label-hide\" aria-hidden=\"false\">Accord RGPD <span class=\"wpforms-required-label\" aria-hidden=\"true\">*<\/span><\/label><ul id=\"wpforms-2908-field_40\" class=\"wpforms-field-required\"><li class=\"choice-1\"><input type=\"checkbox\" id=\"wpforms-2908-field_40_1\" name=\"wpforms[fields][40][]\" value=\"En cochant cette case, j\u2019accepte le traitement de mes donn\u00e9es par ce site, et autorise R\u00e9seau Entreprendre \u00e0 me contacter.\" aria-errormessage=\"wpforms-2908-field_40_1-error\" required ><label class=\"wpforms-field-label-inline\" for=\"wpforms-2908-field_40_1\">En cochant cette case, j\u2019accepte le traitement de mes donn\u00e9es par ce site, et autorise R\u00e9seau Entreprendre \u00e0 me contacter. <span class=\"wpforms-required-label\" aria-hidden=\"true\">*<\/span><\/label><\/li><\/ul><\/div><div id=\"wpforms-2908-field_43-container\" class=\"wpforms-field wpforms-field-content\" data-field-id=\"43\"><div id=\"wpforms-2908-field_43\" class=\"wpforms-field-large wpforms-field-row\" aria-errormessage=\"wpforms-2908-field_43-error\"><p style=\"font-size: 11px\">Les informations recueillies sur ce formulaire sont enregistr\u00e9es dans un fichier informatis\u00e9 par R\u00e9seau Entreprendre\u00ae pour la gestion de notre prospection de laur\u00e9ats potentiels, et qui peuvent \u00eatre accompagn\u00e9s par l\u2019association R\u00e9seau Entreprendre\u00ae de leur r\u00e9gion. Elles sont conserv\u00e9es pendant 6 mois et sont destin\u00e9es \u00e0 l\u2019association R\u00e9seau Entreprendre\u00ae de votre r\u00e9gion, qui peut-\u00eatre install\u00e9e dans l\u2019union europ\u00e9enne ou dans les 10 pays dans lesquels R\u00e9seau Entreprendre\u00ae est implant\u00e9. Conform\u00e9ment \u00e0 la loi \u00ab Informatique et libert\u00e9s \u00bb puis \u00ab RGPD \u00bb au 25 mai 2018, vous pouvez exercer votre droit d\u2019acc\u00e8s aux donn\u00e9es vous concernant et les faire rectifier ou supprimer ou porter en contactant : rgpd@reseau-entreprendre.org.<\/p>\n<div class=\"wpforms-field-content-display-frontend-clear\"><\/div><\/div><\/div><div id=\"wpforms-2908-field_76-container\" class=\"wpforms-field wpforms-field-content\" data-field-id=\"76\"><div id=\"wpforms-2908-field_76\" class=\"wpforms-field-large wpforms-field-row\" aria-errormessage=\"wpforms-2908-field_76-error\"><h1 style=\"font-size: 16px\"><strong>Information de s\u00e9curit\u00e9 et probl\u00e8me d&#8217;envoi :<\/strong><\/h1>\n<p style=\"font-size: 13px\">Si vous rencontrez des difficult\u00e9s pour envoyer le formulaire, vous devez vous rendre dans les Cookies et accepter le Cookie antispam ReCaptcha. Une fois le formulaire envoy\u00e9, vous pouvez le d\u00e9cocher et continuer votre visite. Merci de votre visite. R\u00e9seau Entreprendre.<\/p>\n<div class=\"wpforms-field-content-display-frontend-clear\"><\/div><\/div><\/div><\/div><!-- .wpforms-field-container --><div class=\"wpforms-submit-container\" ><input type=\"hidden\" name=\"wpforms[id]\" value=\"2908\"><input type=\"hidden\" name=\"page_title\" value=\"\"><input type=\"hidden\" name=\"page_url\" value=\"https:\/\/www.reseau-entreprendre.org\/wallonie\/wp-json\/wp\/v2\/pages\/2912\"><input type=\"hidden\" name=\"url_referer\" value=\"\"><button type=\"submit\" name=\"wpforms[submit]\" id=\"wpforms-submit-2908\" class=\"wpforms-submit\" data-alt-text=\"Envoi...\" data-submit-text=\"Envoyer\" aria-live=\"assertive\" value=\"wpforms-submit\">Envoyer<\/button><img loading=\"lazy\" decoding=\"async\" src=\"https:\/\/www.reseau-entreprendre.org\/wallonie\/wp-content\/plugins\/wpforms\/assets\/images\/submit-spin.svg\" class=\"wpforms-submit-spinner\" style=\"display: none;\" width=\"26\" height=\"26\" alt=\"Chargement en cours\"><\/div><\/form><\/div>  <!-- .wpforms-container -->","protected":false},"excerpt":{"rendered":"<p>Rejoignez-nous&#8230;<\/p>\n","protected":false},"author":167,"featured_media":0,"parent":0,"menu_order":0,"comment_status":"closed","ping_status":"closed","template":"","meta":{"_acf_changed":false,"_monsterinsights_skip_tracking":false,"_monsterinsights_sitenote_active":false,"_monsterinsights_sitenote_note":"","_monsterinsights_sitenote_category":0,"footnotes":""},"class_list":["post-2912","page","type-page","status-publish","hentry"],"acf":[],"yoast_head":"<!-- This site is optimized with the Yoast SEO plugin v27.2 - https:\/\/yoast.com\/product\/yoast-seo-wordpress\/ -->\n<title>Formulaire partenaire - R\u00e9seau Entreprendre Wallonie<\/title>\n<meta name=\"robots\" content=\"index, follow, max-snippet:-1, max-image-preview:large, max-video-preview:-1\" \/>\n<link rel=\"canonical\" href=\"https:\/\/www.reseau-entreprendre.org\/wallonie\/formulaire-partenaire\/\" \/>\n<meta property=\"og:locale\" content=\"fr_FR\" \/>\n<meta property=\"og:type\" content=\"article\" \/>\n<meta property=\"og:title\" content=\"Formulaire partenaire - R\u00e9seau Entreprendre Wallonie\" \/>\n<meta property=\"og:description\" content=\"Rejoignez-nous&#8230;\" \/>\n<meta property=\"og:url\" content=\"https:\/\/www.reseau-entreprendre.org\/wallonie\/formulaire-partenaire\/\" \/>\n<meta property=\"og:site_name\" content=\"R\u00e9seau Entreprendre Wallonie\" \/>\n<meta property=\"article:modified_time\" content=\"2023-08-16T08:54:46+00:00\" \/>\n<meta name=\"twitter:card\" content=\"summary_large_image\" \/>\n<meta name=\"twitter:label1\" content=\"Dur\u00e9e de lecture estim\u00e9e\" \/>\n\t<meta name=\"twitter:data1\" content=\"1 minute\" \/>\n<script type=\"application\/ld+json\" class=\"yoast-schema-graph\">{\"@context\":\"https:\/\/schema.org\",\"@graph\":[{\"@type\":\"WebPage\",\"@id\":\"https:\/\/www.reseau-entreprendre.org\/wallonie\/formulaire-partenaire\/\",\"url\":\"https:\/\/www.reseau-entreprendre.org\/wallonie\/formulaire-partenaire\/\",\"name\":\"Formulaire partenaire - R\u00e9seau Entreprendre Wallonie\",\"isPartOf\":{\"@id\":\"https:\/\/www.reseau-entreprendre.org\/wallonie\/#website\"},\"datePublished\":\"2023-08-16T08:54:45+00:00\",\"dateModified\":\"2023-08-16T08:54:46+00:00\",\"breadcrumb\":{\"@id\":\"https:\/\/www.reseau-entreprendre.org\/wallonie\/formulaire-partenaire\/#breadcrumb\"},\"inLanguage\":\"fr-FR\",\"potentialAction\":[{\"@type\":\"ReadAction\",\"target\":[\"https:\/\/www.reseau-entreprendre.org\/wallonie\/formulaire-partenaire\/\"]}]},{\"@type\":\"BreadcrumbList\",\"@id\":\"https:\/\/www.reseau-entreprendre.org\/wallonie\/formulaire-partenaire\/#breadcrumb\",\"itemListElement\":[{\"@type\":\"ListItem\",\"position\":1,\"name\":\"Accueil\",\"item\":\"https:\/\/www.reseau-entreprendre.org\/wallonie\/\"},{\"@type\":\"ListItem\",\"position\":2,\"name\":\"Formulaire partenaire\"}]},{\"@type\":\"WebSite\",\"@id\":\"https:\/\/www.reseau-entreprendre.org\/wallonie\/#website\",\"url\":\"https:\/\/www.reseau-entreprendre.org\/wallonie\/\",\"name\":\"R\u00e9seau Entreprendre Wallonie\",\"description\":\"Un site utilisant Les sites de R\u00e9seau Entreprendre\",\"potentialAction\":[{\"@type\":\"SearchAction\",\"target\":{\"@type\":\"EntryPoint\",\"urlTemplate\":\"https:\/\/www.reseau-entreprendre.org\/wallonie\/?s={search_term_string}\"},\"query-input\":{\"@type\":\"PropertyValueSpecification\",\"valueRequired\":true,\"valueName\":\"search_term_string\"}}],\"inLanguage\":\"fr-FR\"}]}<\/script>\n<!-- \/ Yoast SEO plugin. -->","yoast_head_json":{"title":"Formulaire partenaire - R\u00e9seau Entreprendre Wallonie","robots":{"index":"index","follow":"follow","max-snippet":"max-snippet:-1","max-image-preview":"max-image-preview:large","max-video-preview":"max-video-preview:-1"},"canonical":"https:\/\/www.reseau-entreprendre.org\/wallonie\/formulaire-partenaire\/","og_locale":"fr_FR","og_type":"article","og_title":"Formulaire partenaire - R\u00e9seau Entreprendre Wallonie","og_description":"Rejoignez-nous&#8230;","og_url":"https:\/\/www.reseau-entreprendre.org\/wallonie\/formulaire-partenaire\/","og_site_name":"R\u00e9seau Entreprendre Wallonie","article_modified_time":"2023-08-16T08:54:46+00:00","twitter_card":"summary_large_image","twitter_misc":{"Dur\u00e9e de lecture estim\u00e9e":"1 minute"},"schema":{"@context":"https:\/\/schema.org","@graph":[{"@type":"WebPage","@id":"https:\/\/www.reseau-entreprendre.org\/wallonie\/formulaire-partenaire\/","url":"https:\/\/www.reseau-entreprendre.org\/wallonie\/formulaire-partenaire\/","name":"Formulaire partenaire - R\u00e9seau Entreprendre Wallonie","isPartOf":{"@id":"https:\/\/www.reseau-entreprendre.org\/wallonie\/#website"},"datePublished":"2023-08-16T08:54:45+00:00","dateModified":"2023-08-16T08:54:46+00:00","breadcrumb":{"@id":"https:\/\/www.reseau-entreprendre.org\/wallonie\/formulaire-partenaire\/#breadcrumb"},"inLanguage":"fr-FR","potentialAction":[{"@type":"ReadAction","target":["https:\/\/www.reseau-entreprendre.org\/wallonie\/formulaire-partenaire\/"]}]},{"@type":"BreadcrumbList","@id":"https:\/\/www.reseau-entreprendre.org\/wallonie\/formulaire-partenaire\/#breadcrumb","itemListElement":[{"@type":"ListItem","position":1,"name":"Accueil","item":"https:\/\/www.reseau-entreprendre.org\/wallonie\/"},{"@type":"ListItem","position":2,"name":"Formulaire partenaire"}]},{"@type":"WebSite","@id":"https:\/\/www.reseau-entreprendre.org\/wallonie\/#website","url":"https:\/\/www.reseau-entreprendre.org\/wallonie\/","name":"R\u00e9seau Entreprendre Wallonie","description":"Un site utilisant Les sites de R\u00e9seau Entreprendre","potentialAction":[{"@type":"SearchAction","target":{"@type":"EntryPoint","urlTemplate":"https:\/\/www.reseau-entreprendre.org\/wallonie\/?s={search_term_string}"},"query-input":{"@type":"PropertyValueSpecification","valueRequired":true,"valueName":"search_term_string"}}],"inLanguage":"fr-FR"}]}},"_links":{"self":[{"href":"https:\/\/www.reseau-entreprendre.org\/wallonie\/wp-json\/wp\/v2\/pages\/2912","targetHints":{"allow":["GET"]}}],"collection":[{"href":"https:\/\/www.reseau-entreprendre.org\/wallonie\/wp-json\/wp\/v2\/pages"}],"about":[{"href":"https:\/\/www.reseau-entreprendre.org\/wallonie\/wp-json\/wp\/v2\/types\/page"}],"author":[{"embeddable":true,"href":"https:\/\/www.reseau-entreprendre.org\/wallonie\/wp-json\/wp\/v2\/users\/167"}],"replies":[{"embeddable":true,"href":"https:\/\/www.reseau-entreprendre.org\/wallonie\/wp-json\/wp\/v2\/comments?post=2912"}],"version-history":[{"count":0,"href":"https:\/\/www.reseau-entreprendre.org\/wallonie\/wp-json\/wp\/v2\/pages\/2912\/revisions"}],"wp:attachment":[{"href":"https:\/\/www.reseau-entreprendre.org\/wallonie\/wp-json\/wp\/v2\/media?parent=2912"}],"curies":[{"name":"wp","href":"https:\/\/api.w.org\/{rel}","templated":true}]}}